000
CXUS56 KPQR 211200
CF6UAO
PRELIMINARY LOCAL CLIMATOLOGICAL DATA (WS FORM: F-6)

                                          STATION:   AURORA STATE OR
                                          MONTH:     OCTOBER
                                          YEAR:      2018
                                          LATITUDE:   45 15 N
                                          LONGITUDE: 122 46 W

  TEMPERATURE IN F:       :PCPN:    SNOW:  WIND      :SUNSHINE: SKY     :PK WND
================================================================================
1   2   3   4   5  6A  6B    7    8   9   10  11  12  13   14  15   16   17  18
                                     12Z  AVG MX 2MIN
DY MAX MIN AVG DEP HDD CDD  WTR  SNW DPTH SPD SPD DIR MIN PSBL S-S WX    SPD DR
================================================================================

 1  75  58  67   8   0   2 0.00    M    M  3.5 20 190   M    M   8        25 190
 2  72  46  59   1   6   0 0.00    M    M  4.7 15 260   M    M   5        21 250
 3  68  43  56  -2   9   0 0.00    M    M  3.1 10  20   M    M   1        15  10
 4  66  44  55  -3  10   0 0.00    M    M  1.8  9 200   M    M   6 8      14 210
 5  58  42  50  -7  15   0 0.26    M    M  6.6 20 190   M    M   7 1      29 190
 6  60  49  55  -2  10   0 0.05    M    M  3.5 12  10   M    M   8 1      16 210
 7  56  47  52  -4  13   0 0.14  0.0    0  1.1  8 200   M    M  10 1      11 200
 8  64  53  59   3   6   0 0.07  0.0    0  6.5 12 200   M    M  10 1      15 200
 9  64  50  57   1   8   0 0.00  0.0    0  3.2 12  10   M    M   8        14 360
10  68  47  58   2   7   0 0.00  0.0    0  2.6  9 360   M    M   4 1      14  20
11  71  45  58   3   7   0 0.00    M    M  7.4 14  20   M    M   0        17  10
12  73  42  58   3   7   0 0.00    M    M  3.1 10 360   M    M   0        13  10
13  71  44  58   4   7   0 0.00    M    M  9.5 17  20   M    M   0        22  10
14  73  48  61   7   4   0 0.00    M    M  9.9 18  40   M    M   0        24  40
15  79  35  57   3   8   0 0.00    M    M  4.7 13 360   M    M   0        16  20
16  82  40  61   7   4   0 0.00    M    M  6.1 15  10   M    M   0        17  30
17  79  40  60   7   5   0 0.00    M    M  2.5  9  20   M    M   0        12 360
18  73  37  55   2  10   0 0.00    M    M  0.9  6  70   M    M   0 8       8  40
19  74  37  56   3   9   0 0.00    M    M  2.1  8  20   M    M   1        12  40
20  71  43  57   5   8   0 0.00    M    M  4.6 13  40   M    M   1 12     15  40
================================================================================
SM 1397  890       153   2  0.52     0.0  87.4          M       69
================================================================================
AV 69.9 44.5                               4.4 FASTST   M    M   3    MAX(MPH)
                                 MISC ---->  # 20 190               # 29  190
================================================================================
NOTES:
# LAST OF SEVERAL OCCURRENCES

COLUMN 17 PEAK WIND IN M.P.H.

PRELIMINARY LOCAL CLIMATOLOGICAL DATA (WS FORM: F-6) , PAGE 2

                                          STATION:  AURORA STATE OR
                                          MONTH:    OCTOBER
                                          YEAR:     2018
                                          LATITUDE:   45 15 N
                                          LONGITUDE: 122 46 W

[TEMPERATURE DATA]      [PRECIPITATION DATA]       SYMBOLS USED IN COLUMN 16

AVERAGE MONTHLY: 57.2   TOTAL FOR MONTH:   0.52    1 = FOG OR MIST
DPTR FM NORMAL:   1.8   DPTR FM NORMAL:   -1.40    2 = FOG REDUCING VISIBILITY
HIGHEST:    82 ON 16    GRTST 24HR  0.26 ON  5- 5      TO 1/4 MILE OR LESS
LOWEST:     35 ON 15                               3 = THUNDER
                        SNOW, ICE PELLETS, HAIL    4 = ICE PELLETS
                        TOTAL MONTH:   0.0 INCH    5 = HAIL
                        GRTST 24HR     0.0         6 = FREEZING RAIN OR DRIZZLE
                        GRTST DEPTH:   0           7 = DUSTSTORM OR SANDSTORM:
                                                       VSBY 1/2 MILE OR LESS
                                                   8 = SMOKE OR HAZE
[NO. OF DAYS WITH]      [WEATHER - DAYS WITH]      9 = BLOWING SNOW
                                                   X = TORNADO
MAX 32 OR BELOW:   0    0.01 INCH OR MORE:   4
MAX 90 OR ABOVE:   0    0.10 INCH OR MORE:   2
MIN 32 OR BELOW:   0    0.50 INCH OR MORE:   0
MIN  0 OR BELOW:   0    1.00 INCH OR MORE:   0

[HDD (BASE 65) ]
TOTAL THIS MO.   153    CLEAR  (SCALE 0-3)  11
DPTR FM NORMAL   -43    PTCLDY (SCALE 4-7)   6
TOTAL FM JUL 1   264    CLOUDY (SCALE 8-10)  3
DPTR FM NORMAL   -78

[CDD (BASE 65) ]
TOTAL THIS MO.     2
DPTR FM NORMAL     2    [PRESSURE DATA]
TOTAL FM JAN 1   556    HIGHEST SLP M ON M
DPTR FM NORMAL   222    LOWEST  SLP 29.78 ON  2

[REMARKS]
