000
CXUS55 KSEW 220930
CF6UIL
PRELIMINARY LOCAL CLIMATOLOGICAL DATA (WS FORM: F-6)

                                          STATION:   QUILLAYUTE WA AIRPORT
                                          MONTH:     SEPTEMBER
                                          YEAR:      2018
                                          LATITUDE:   47 57 N
                                          LONGITUDE: 124 33 W

  TEMPERATURE IN F:       :PCPN:    SNOW:  WIND      :SUNSHINE: SKY     :PK WND
================================================================================
1   2   3   4   5  6A  6B    7    8   9   10  11  12  13   14  15   16   17  18
                                     12Z  AVG MX 2MIN
DY MAX MIN AVG DEP HDD CDD  WTR  SNW DPTH SPD SPD DIR MIN PSBL S-S WX    SPD DR
================================================================================

 1  66  51  59   0   6   0 0.00  0.0    0  4.0 14 270   M    M   7 1      19 270
 2  69  50  60   1   5   0 0.00  0.0    0  4.2 13 300   M    M   8 1      18 310
 3  63  47  55  -3  10   0    T  0.0    0  4.4 13 260   M    M   5 1      19 250
 4  70  40  55  -3  10   0 0.00  0.0    0  4.7 16 350   M    M   2 12     21 330
 5  77  42  60   2   5   0 0.00  0.0    0  3.2 13 320   M    M   0        16 330
 6  72  43  58   0   7   0 0.00  0.0    0  3.4 13 270   M    M   2        16 270
 7  65  53  59   1   6   0 0.26  0.0    0  4.7 13 190   M    M  10 1      19 200
 8  60  56  58   0   7   0 0.15  0.0    0  4.0 13 210   M    M  10 1      19 200
 9  58  55  57  -1   8   0 1.26  0.0    0  6.5 17 210   M    M  10 1      30 190
10  65  55  60   2   5   0 0.18  0.0    0  4.8 14 220   M    M   9 1      21 200
11  65  52  59   1   6   0 0.57  0.0    0  3.5 12 240   M    M   9 1      16 190
12  64  50  57   0   8   0 0.03  0.0    0  3.0  9 220   M    M   8 1      11 220
13  64  45  55  -2  10   0 0.00  0.0    0  2.3 12 230   M    M   6 12     14 270
14  66  44  55  -2  10   0 0.09  0.0    0  4.6 13 210   M    M   7 1      17 190
15  63  51  57   0   8   0 0.42  0.0    0  4.9 15 140   M    M   9 1      19 130
16  63  46  55  -2  10   0 0.49  0.0    0  6.7 18 230   M    M   8 1      23 230
17  63  39  51  -5  14   0 0.00  0.0    0  3.8 13 340   M    M   3 12     17 300
18  62  35  49  -7  16   0 0.00  0.0    0  2.2 12 250   M    M   0 1      14 250
19  62  36  49  -7  16   0 0.02  0.0    0  2.2 10 240   M    M   6 12     15 240
20  60  44  52  -4  13   0 0.90  0.0    0  5.4 14 180   M    M   9 1      21 140
21  62  57  60   4   5   0 0.90  0.0    0  8.0 18 190   M    M   9 1      31 170
================================================================================
SM 1359  991       185   0  5.27     0.0  90.5          M      137
================================================================================
AV 64.7 47.2                               4.3 FASTST   M    M   7    MAX(MPH)
                                 MISC ---->  # 18 230               # 31  170
================================================================================
NOTES:
# LAST OF SEVERAL OCCURRENCES

COLUMN 17 PEAK WIND IN M.P.H.

PRELIMINARY LOCAL CLIMATOLOGICAL DATA (WS FORM: F-6) , PAGE 2

                                          STATION:  QUILLAYUTE WA AIRPORT
                                          MONTH:    SEPTEMBER
                                          YEAR:     2018
                                          LATITUDE:   47 57 N
                                          LONGITUDE: 124 33 W

[TEMPERATURE DATA]      [PRECIPITATION DATA]       SYMBOLS USED IN COLUMN 16

AVERAGE MONTHLY: 56.0   TOTAL FOR MONTH:   5.27    1 = FOG OR MIST
DPTR FM NORMAL:  -1.4   DPTR FM NORMAL:    2.90    2 = FOG REDUCING VISIBILITY
HIGHEST:    77 ON  5    GRTST 24HR  1.26 ON  9- 9      TO 1/4 MILE OR LESS
LOWEST:     35 ON 18                               3 = THUNDER
                        SNOW, ICE PELLETS, HAIL    4 = ICE PELLETS
                        TOTAL MONTH:   0.0 INCH    5 = HAIL
                        GRTST 24HR     0.0         6 = FREEZING RAIN OR DRIZZLE
                        GRTST DEPTH:   0           7 = DUSTSTORM OR SANDSTORM:
                                                       VSBY 1/2 MILE OR LESS
                                                   8 = SMOKE OR HAZE
[NO. OF DAYS WITH]      [WEATHER - DAYS WITH]      9 = BLOWING SNOW
                                                   X = TORNADO
MAX 32 OR BELOW:   0    0.01 INCH OR MORE:  12
MAX 90 OR ABOVE:   0    0.10 INCH OR MORE:   9
MIN 32 OR BELOW:   0    0.50 INCH OR MORE:   4
MIN  0 OR BELOW:   0    1.00 INCH OR MORE:   1

[HDD (BASE 65) ]
TOTAL THIS MO.   185    CLEAR  (SCALE 0-3)   4
DPTR FM NORMAL    23    PTCLDY (SCALE 4-7)   7
TOTAL FM JUL 1   488    CLOUDY (SCALE 8-10) 10
DPTR FM NORMAL   -43

[CDD (BASE 65) ]
TOTAL THIS MO.     0
DPTR FM NORMAL     0    [PRESSURE DATA]
TOTAL FM JAN 1     8    HIGHEST SLP M ON M
DPTR FM NORMAL    -9    LOWEST  SLP 29.71 ON 16

[REMARKS]
