238
CXUS53 KLSX 181600
CF6UIN
PRELIMINARY LOCAL CLIMATOLOGICAL DATA (WS FORM: F-6)

                                          STATION:   QUINCY IL
                                          MONTH:     JULY
                                          YEAR:      2018
                                          LATITUDE:   39 57 N
                                          LONGITUDE:  91 12 W

  TEMPERATURE IN F:       :PCPN:    SNOW:  WIND      :SUNSHINE: SKY     :PK WND
================================================================================
1   2   3   4   5  6A  6B    7    8   9   10  11  12  13   14  15   16   17  18
                                     12Z  AVG MX 2MIN
DY MAX MIN AVG DEP HDD CDD  WTR  SNW DPTH SPD SPD DIR MIN PSBL S-S WX    SPD DR
================================================================================

 1  89  73  81   5   0  16 0.00  0.0    0  9.4 21 250   M    M   2        27 280
 2  88  67  78   2   0  13 0.00  0.0    0  6.3 13  60   M    M   2        17  60
 3  93  71  82   6   0  17 0.00  0.0    0  7.6 13 140   M    M   1        18 170
 4  95  75  85   9   0  20 0.00  0.0    0  7.2 15 180   M    M   1 1      20 180
 5  94  73  84   8   0  19 0.27  0.0    0  5.9 24 310   M    M   2 138    33 320
 6  85  66  76   0   0  11 0.00  0.0    0  9.9 16  50   M    M   1 1      21  60
 7  82  56  69  -7   0   4 0.00  0.0    0  7.0 13  70   M    M   0        16  60
 8  87  57  72  -4   0   7 0.00  0.0    0  5.0 10 130   M    M   0        15 160
 9  92  70  81   5   0  16 0.00  0.0    0  5.3 10 200   M    M   2        16 240
10  95  72  84   8   0  19 0.00  0.0    0  6.6 14 360   M    M   0 1      20 360
11  92  70  81   5   0  16 0.00  0.0    0  7.5 14 110   M    M   0        19  80
12  93  68  81   5   0  16 0.00  0.0    0  7.8 14 200   M    M   0        25 200
13  98  69  84   8   0  19 0.00  0.0    0  7.7 16 190   M    M   0 3      21 200
14  96  72  84   8   0  19 0.27  0.0    0  5.4 30 250   M    M   3 13     44 250
15  90  69  80   4   0  15 0.00  0.0    0  3.4  8 210   M    M   5 1      11 100
16  92  69  81   5   0  16 0.01  0.0    0  6.7 21 360   M    M   1 13     28  10
17  88  64  76   0   0  11 0.00  0.0    0  5.5 13  90   M    M   0        17  70
================================================================================
SM 1549 1161         0 254  0.55     0.0 114.2          M       20
================================================================================
AV 91.1 68.3                               6.7 FASTST   M    M   1    MAX(MPH)
                                 MISC ---->  # 30 250               # 44  250
================================================================================
NOTES:
# LAST OF SEVERAL OCCURRENCES

COLUMN 17 PEAK WIND IN M.P.H.

PRELIMINARY LOCAL CLIMATOLOGICAL DATA (WS FORM: F-6) , PAGE 2

                                          STATION:  QUINCY IL
                                          MONTH:    JULY
                                          YEAR:     2018
                                          LATITUDE:   39 57 N
                                          LONGITUDE:  91 12 W

[TEMPERATURE DATA]      [PRECIPITATION DATA]       SYMBOLS USED IN COLUMN 16

AVERAGE MONTHLY: 79.7   TOTAL FOR MONTH:   0.55    1 = FOG OR MIST
DPTR FM NORMAL:   3.7   DPTR FM NORMAL:   -1.74    2 = FOG REDUCING VISIBILITY
HIGHEST:    98 ON 13    GRTST 24HR  0.27 ON 14-14      TO 1/4 MILE OR LESS
LOWEST:     56 ON  7                               3 = THUNDER
                        SNOW, ICE PELLETS, HAIL    4 = ICE PELLETS
                        TOTAL MONTH:   0.0 INCH    5 = HAIL
                        GRTST 24HR     0.0         6 = FREEZING RAIN OR DRIZZLE
                        GRTST DEPTH:   0           7 = DUSTSTORM OR SANDSTORM:
                                                       VSBY 1/2 MILE OR LESS
                                                   8 = SMOKE OR HAZE
[NO. OF DAYS WITH]      [WEATHER - DAYS WITH]      9 = BLOWING SNOW
                                                   X = TORNADO
MAX 32 OR BELOW:   0    0.01 INCH OR MORE:   3
MAX 90 OR ABOVE:  11    0.10 INCH OR MORE:   2
MIN 32 OR BELOW:   0    0.50 INCH OR MORE:   0
MIN  0 OR BELOW:   0    1.00 INCH OR MORE:   0

[HDD (BASE 65) ]
TOTAL THIS MO.     0    CLEAR  (SCALE 0-3)  16
DPTR FM NORMAL     0    PTCLDY (SCALE 4-7)   1
TOTAL FM JUL 1     0    CLOUDY (SCALE 8-10)  0
DPTR FM NORMAL     0

[CDD (BASE 65) ]
TOTAL THIS MO.   254
DPTR FM NORMAL    67    [PRESSURE DATA]
TOTAL FM JAN 1   887    HIGHEST SLP M ON M
DPTR FM NORMAL   387    LOWEST  SLP 29.80 ON  1

[REMARKS]
