000
CXUS56 KEKA 201230
CF6UKI
PRELIMINARY LOCAL CLIMATOLOGICAL DATA (WS FORM: F-6)

                                          STATION:   UKIAH CA
                                          MONTH:     NOVEMBER
                                          YEAR:      2018
                                          LATITUDE:   39  7 N
                                          LONGITUDE: 123 12 W

  TEMPERATURE IN F:       :PCPN:    SNOW:  WIND      :SUNSHINE: SKY     :PK WND
================================================================================
1   2   3   4   5  6A  6B    7    8   9   10  11  12  13   14  15   16   17  18
                                     12Z  AVG MX 2MIN
DY MAX MIN AVG DEP HDD CDD  WTR  SNW DPTH SPD SPD DIR MIN PSBL S-S WX    SPD DR
================================================================================

 1  86  47  67  12   0   2 0.00  0.0    0  0.9  6 250   M    M   0         8 280
 2  82  45  64   9   1   0 0.00  0.0    0  2.4 14 310   M    M   0        20 310
 3  83  43  63   8   2   0 0.00  0.0    0  0.9  7 340   M    M   0         9 320
 4  80  40  60   6   5   0 0.00  0.0    0  3.3 16 290   M    M   0        21 290
 5  74  42  58   4   7   0 0.00  0.0    0  2.8 14 290   M    M   0 8      20 330
 6  78  36  57   3   8   0 0.00  0.0    0  0.6  7 270   M    M   0         8 280
 7  78  37  58   4   7   0 0.00  0.0    0  1.7 14 300   M    M   0        18 290
 8  60  31  46  -7  19   0 0.00  0.0    0  1.0  9 340   M    M   5 8      11 330
 9  54  29  42 -11  23   0 0.00  0.0    0  0.0  5 180   M    M  10 8       5 170
10  55  27  41 -11  24   0 0.00  0.0    0  0.3  5 290   M    M  10 8       5 120
11  67  23  45  -7  20   0 0.00  0.0    0  0.1  6 160   M    M   3 18      7 150
12  71  26  49  -3  16   0 0.00  0.0    0  0.4  6 220   M    M   3 18      6 210
13  65  33  49  -3  16   0 0.00  0.0    0  0.1  7  90   M    M   3 8       8  90
14  70  28  49  -2  16   0 0.00  0.0    0  0.6  6 340   M    M   0 8       8 330
15  72  30  51   0  14   0 0.00  0.0    0  0.2  5 270   M    M   0 8       5 280
16  70  31  51   0  14   0 0.00  0.0    0  0.1  5 130   M    M   0 8       6 150
17  68  29  49  -1  16   0 0.00  0.0    0  1.1  8 170   M    M   0 18     12 180
18  67  28  48  -2  17   0 0.00  0.0    0  0.4  6 340   M    M   0 18      7 190
19  71  30  51   1  14   0 0.00  0.0    0  0.5  7 190   M    M   0 18     10 180
================================================================================
SM 1351  635       239   2  0.00     0.0  17.4          M       34
================================================================================
AV 71.1 33.4                               0.9 FASTST   M    M   2    MAX(MPH)
                                 MISC ---->  # 16 290               # 21  290
================================================================================
NOTES:
# LAST OF SEVERAL OCCURRENCES

COLUMN 17 PEAK WIND IN M.P.H.

PRELIMINARY LOCAL CLIMATOLOGICAL DATA (WS FORM: F-6) , PAGE 2

                                          STATION:  UKIAH CA
                                          MONTH:    NOVEMBER
                                          YEAR:     2018
                                          LATITUDE:   39  7 N
                                          LONGITUDE: 123 12 W

[TEMPERATURE DATA]      [PRECIPITATION DATA]       SYMBOLS USED IN COLUMN 16

AVERAGE MONTHLY: 52.3   TOTAL FOR MONTH:   0.00    1 = FOG OR MIST
DPTR FM NORMAL:  -0.3   DPTR FM NORMAL:   -2.44    2 = FOG REDUCING VISIBILITY
HIGHEST:    86 ON  1    GRTST 24HR  0.00 ON 19-19      TO 1/4 MILE OR LESS
LOWEST:     23 ON 11                               3 = THUNDER
                        SNOW, ICE PELLETS, HAIL    4 = ICE PELLETS
                        TOTAL MONTH:   0.0 INCH    5 = HAIL
                        GRTST 24HR     0.0         6 = FREEZING RAIN OR DRIZZLE
                        GRTST DEPTH:   0           7 = DUSTSTORM OR SANDSTORM:
                                                       VSBY 1/2 MILE OR LESS
                                                   8 = SMOKE OR HAZE
[NO. OF DAYS WITH]      [WEATHER - DAYS WITH]      9 = BLOWING SNOW
                                                   X = TORNADO
MAX 32 OR BELOW:   0    0.01 INCH OR MORE:   0
MAX 90 OR ABOVE:   0    0.10 INCH OR MORE:   0
MIN 32 OR BELOW:  11    0.50 INCH OR MORE:   0
MIN  0 OR BELOW:   0    1.00 INCH OR MORE:   0

[HDD (BASE 65) ]
TOTAL THIS MO.   239    CLEAR  (SCALE 0-3)  15
DPTR FM NORMAL     2    PTCLDY (SCALE 4-7)   2
TOTAL FM JUL 1   335    CLOUDY (SCALE 8-10)  2
DPTR FM NORMAL  -102

[CDD (BASE 65) ]
TOTAL THIS MO.     2
DPTR FM NORMAL     2    [PRESSURE DATA]
TOTAL FM JAN 1  1044    HIGHEST SLP M ON M
DPTR FM NORMAL   209    LOWEST  SLP 29.98 ON M

[REMARKS]
