000
CXUS54 KEWX 190910
CF6UVA
PRELIMINARY LOCAL CLIMATOLOGICAL DATA (WS FORM: F-6)

                                          STATION:   UVALDE
                                          MONTH:     OCTOBER
                                          YEAR:      2018
                                          LATITUDE:   29 12 N
                                          LONGITUDE:  99 44 W

  TEMPERATURE IN F:       :PCPN:    SNOW:  WIND      :SUNSHINE: SKY     :PK WND
================================================================================
1   2   3   4   5  6A  6B    7    8   9   10  11  12  13   14  15   16   17  18
                                     12Z  AVG MX 2MIN
DY MAX MIN AVG DEP HDD CDD  WTR  SNW DPTH SPD SPD DIR MIN PSBL S-S WX    SPD DR
================================================================================

 1  84  69  77   M   0  12 0.00    M    M  5.4 10  70   M    M   6 1       M  M
 2  85  71  78   M   0  13 0.03    M    M  6.1 13 140   M    M   6        23 140
 3  87  72  80   M   0  15 0.00    M    M  6.1  9 130   M    M   5         M  M
 4  88  71  80   M   0  15 0.00    M    M  7.1 13 150   M    M   3 1       M  M
 5  88  72  80   M   0  15 0.00    M    M  8.0 14 140   M    M   3         M  M
 6  89  73  81   M   0  16 0.00    M    M  8.0 15 110   M    M   6        20 110
 7  86  74  80   M   0  15 0.02    M    M 11.0 16 120   M    M   7 3      23 140
 8  82  69  76   M   0  11 0.35    M    M 12.3 18 100   M    M   8 3      24 100
 9  83  64  74   M   0   9 1.00    M    M  5.8 14 140   M    M   6 3      18 140
10  84  63  74   M   0   9 0.00    M    M  3.5  7 100   M    M   2         M  M
11  76  63  70   M   0   5 0.05    M    M  8.6 14  80   M    M   8        21  80
12  83  66  75   M   0  10 0.01    M    M  7.1 13 150   M    M   9         M  M
13  86  71  79   M   0  14 0.00    M    M  7.5 14 190   M    M   6        18 190
14  87  70  79   M   0  14 0.00    M    M  8.1 13 120   M    M   7 1      18 120
15  76  43  60   M   5   0 1.00    M    M 11.5 20  10   M    M  10 13     30  10
16  51  44  48   M  17   0 0.71    M    M  8.2 12 340   M    M  10 3      17 340
17  55  49  52   M  13   0 0.02    M    M  6.4  9 330   M    M  10         M  M
18  58  51  55   M  10   0 0.38    M    M  3.8  9 350   M    M  10 1       M  M
================================================================================
SM 1428 1155        45 173  3.57    M    134.5          M      122
================================================================================
AV 79.3 64.2                               7.5 FASTST   M    M   7    MAX(MPH)
                                 MISC ---->  # 20  10               # 30   10
================================================================================
NOTES:
# LAST OF SEVERAL OCCURRENCES

COLUMN 17 PEAK WIND IN M.P.H.

PRELIMINARY LOCAL CLIMATOLOGICAL DATA (WS FORM: F-6) , PAGE 2

                                          STATION:  UVALDE
                                          MONTH:    OCTOBER
                                          YEAR:     2018
                                          LATITUDE:   29 12 N
                                          LONGITUDE:  99 44 W

[TEMPERATURE DATA]      [PRECIPITATION DATA]       SYMBOLS USED IN COLUMN 16

AVERAGE MONTHLY: 71.8   TOTAL FOR MONTH:   3.57    1 = FOG OR MIST
DPTR FM NORMAL:     M   DPTR FM NORMAL:       M    2 = FOG REDUCING VISIBILITY
HIGHEST:    89 ON  6    GRTST 24HR  1.00 ON 15-15      TO 1/4 MILE OR LESS
LOWEST:     43 ON 15                               3 = THUNDER
                        SNOW, ICE PELLETS, HAIL    4 = ICE PELLETS
                        TOTAL MONTH:    M          5 = HAIL
                        GRTST 24HR    M  ON   M    6 = FREEZING RAIN OR DRIZZLE
                        GRTST DEPTH:  M  ON   M    7 = DUSTSTORM OR SANDSTORM:
                                                       VSBY 1/2 MILE OR LESS
                                                   8 = SMOKE OR HAZE
[NO. OF DAYS WITH]      [WEATHER - DAYS WITH]      9 = BLOWING SNOW
                                                   X = TORNADO
MAX 32 OR BELOW:   0    0.01 INCH OR MORE:  10
MAX 90 OR ABOVE:   0    0.10 INCH OR MORE:   5
MIN 32 OR BELOW:   0    0.50 INCH OR MORE:   3
MIN  0 OR BELOW:   0    1.00 INCH OR MORE:   2

[HDD (BASE 65) ]
TOTAL THIS MO.    45    CLEAR  (SCALE 0-3)   2
DPTR FM NORMAL     M    PTCLDY (SCALE 4-7)  10
TOTAL FM JUL 1    45    CLOUDY (SCALE 8-10)  6
DPTR FM NORMAL     M

[CDD (BASE 65) ]
TOTAL THIS MO.   173
DPTR FM NORMAL     M    [PRESSURE DATA]
TOTAL FM JAN 1  3173    HIGHEST SLP M ON M
DPTR FM NORMAL     M    LOWEST  SLP M ON M

[REMARKS]
