000
CXUS56 KSTO 181425
CF6VCB
PRELIMINARY LOCAL CLIMATOLOGICAL DATA (WS FORM: F-6)

                                          STATION:   VACAVILLE AIRPORT CA
                                          MONTH:     JULY
                                          YEAR:      2018
                                          LATITUDE:   38 22 N
                                          LONGITUDE: 121 58 W

  TEMPERATURE IN F:       :PCPN:    SNOW:  WIND      :SUNSHINE: SKY     :PK WND
================================================================================
1   2   3   4   5  6A  6B    7    8   9   10  11  12  13   14  15   16   17  18
                                     12Z  AVG MX 2MIN
DY MAX MIN AVG DEP HDD CDD  WTR  SNW DPTH SPD SPD DIR MIN PSBL S-S WX    SPD DR
================================================================================

 1  96  65  81   6   0  16 0.00  0.0    0  9.7 18 220   M    M   2        23 220
 2  91  59  75  -1   0  10 0.00  0.0    0  8.0 16 220   M    M   5 8      24 200
 3  84  57  71  -5   0   6 0.00  0.0    0  8.9 17 210   M    M   7 8      23 220
 4  76  58  67  -9   0   2 0.00  0.0    0 14.2 23 220   M    M   3        31 210
 5  92  50  71  -5   0   6 0.00  0.0    0  4.9 16 210   M    M   0        23 200
 6  96  63  80   4   0  15 0.00  0.0    0  2.3 10  80   M    M   0        16  60
 7 101  57  79   3   0  14 0.00  0.0    0  5.3 16 220   M    M   0        22 220
 8  98  60  79   3   0  14 0.00  0.0    0  7.2 17 220   M    M   0        23 210
 9 102  58  80   4   0  15 0.00  0.0    0  6.4 17 270   M    M   0        23 280
10  98  60  79   3   0  14 0.00  0.0    0  6.0 16 220   M    M   0        20 220
11  98  58  78   2   0  13 0.00  0.0    0  7.0 16 220   M    M   0        21 200
12  97  64  81   5   0  16 0.00  0.0    0  9.7 22 230   M    M   0        35  30
13 102  72  87  11   0  22 0.00  0.0    0  3.8 13 230   M    M   0        15 220
14 102  67  85   9   0  20 0.00  0.0    0  8.7 18 230   M    M   0        24 240
15 100  63  82   6   0  17 0.00  0.0    0  7.7 16 220   M    M   0 8      20 200
16 103  60  82   6   0  17 0.00  0.0    0  6.0 17 220   M    M   0        21 220
17 103  57  80   4   0  15 0.00  0.0    0  6.4 14 210   M    M   0        18 180
================================================================================
SM 1639 1028         0 232  0.00     0.0 122.2          M       17
================================================================================
AV 96.4 60.5                               7.2 FASTST   M    M   1    MAX(MPH)
                                 MISC ---->  # 23 220               # 35   30
================================================================================
NOTES:
# LAST OF SEVERAL OCCURRENCES

COLUMN 17 PEAK WIND IN M.P.H.

PRELIMINARY LOCAL CLIMATOLOGICAL DATA (WS FORM: F-6) , PAGE 2

                                          STATION:  VACAVILLE AIRPORT CA
                                          MONTH:    JULY
                                          YEAR:     2018
                                          LATITUDE:   38 22 N
                                          LONGITUDE: 121 58 W

[TEMPERATURE DATA]      [PRECIPITATION DATA]       SYMBOLS USED IN COLUMN 16

AVERAGE MONTHLY: 78.4   TOTAL FOR MONTH:   0.00    1 = FOG OR MIST
DPTR FM NORMAL:   2.5   DPTR FM NORMAL:    0.00    2 = FOG REDUCING VISIBILITY
HIGHEST:   103 ON 17,16 GRTST 24HR  0.00 ON 17-17      TO 1/4 MILE OR LESS
LOWEST:     50 ON  5                               3 = THUNDER
                        SNOW, ICE PELLETS, HAIL    4 = ICE PELLETS
                        TOTAL MONTH:   0.0 INCH    5 = HAIL
                        GRTST 24HR     0.0         6 = FREEZING RAIN OR DRIZZLE
                        GRTST DEPTH:   0           7 = DUSTSTORM OR SANDSTORM:
                                                       VSBY 1/2 MILE OR LESS
                                                   8 = SMOKE OR HAZE
[NO. OF DAYS WITH]      [WEATHER - DAYS WITH]      9 = BLOWING SNOW
                                                   X = TORNADO
MAX 32 OR BELOW:   0    0.01 INCH OR MORE:   0
MAX 90 OR ABOVE:  15    0.10 INCH OR MORE:   0
MIN 32 OR BELOW:   0    0.50 INCH OR MORE:   0
MIN  0 OR BELOW:   0    1.00 INCH OR MORE:   0

[HDD (BASE 65) ]
TOTAL THIS MO.     0    CLEAR  (SCALE 0-3)  15
DPTR FM NORMAL     0    PTCLDY (SCALE 4-7)   2
TOTAL FM JUL 1     0    CLOUDY (SCALE 8-10)  0
DPTR FM NORMAL     0

[CDD (BASE 65) ]
TOTAL THIS MO.   232
DPTR FM NORMAL    46    [PRESSURE DATA]
TOTAL FM JAN 1   565    HIGHEST SLP M ON M
DPTR FM NORMAL    27    LOWEST  SLP 29.74 ON 11

[REMARKS]
