000
CXUS55 KVEF 190940
CF6VGT
PRELIMINARY LOCAL CLIMATOLOGICAL DATA (WS FORM: F-6)

                                          STATION:   NORTH_LAS_VEGAS NV
                                          MONTH:     JULY
                                          YEAR:      2018
                                          LATITUDE:   36 12 N
                                          LONGITUDE: 115 12 W

  TEMPERATURE IN F:       :PCPN:    SNOW:  WIND      :SUNSHINE: SKY     :PK WND
================================================================================
1   2   3   4   5  6A  6B    7    8   9   10  11  12  13   14  15   16   17  18
                                     12Z  AVG MX 2MIN
DY MAX MIN AVG DEP HDD CDD  WTR  SNW DPTH SPD SPD DIR MIN PSBL S-S WX    SPD DR
================================================================================

 1 105  78  92   2   0  27 0.00  0.0    0  8.1 17 230   M    M   0        22 220
 2 108  80  94   4   0  29 0.00  0.0    0  8.8 26 160   M    M   0        33 160
 3 106  77  92   2   0  27 0.00  0.0    0  9.4 22 220   M    M   0        27 220
 4 104  78  91   1   0  26 0.00  0.0    0  9.5 22 170   M    M   0        27 190
 5 106  78  92   2   0  27 0.00  0.0    0  7.0 17 150   M    M   0        22 180
 6 111  82  97   7   0  32 0.00  0.0    0  7.5 17 200   M    M   0        24 200
 7 107  90  99   8   0  34 0.00  0.0    0  8.0 20 150   M    M   0        26 160
 8 109  85  97   6   0  32 0.00  0.0    0  5.6 32 190   M    M   0 3      39 210
 9 107  74  91   0   0  26    T  0.0    0  8.1 40 110   M    M   1 138    54 110
10  98  74  86  -5   0  21    M  0.0    0  6.4 18 140   M    M   0 3      23 140
11  99  83  91   0   0  26    M  0.0    0  9.4 24 210   M    M   1 3      30 190
12  95  82  89  -2   0  24 0.00  0.0    0  9.0 22 140   M    M   1        27 140
13  98  81  90  -2   0  25 0.00  0.0    0  4.9 18 230   M    M   0 3      24 240
14 104  79  92   0   0  27 0.01  0.0    0  7.0 26 100   M    M   1 3      31  60
15 103  79  91  -1   0  26 0.00  0.0    0  5.6 12 160   M    M   0        17 160
16 108  86  97   5   0  32 0.00  0.0    0  6.7 14 150   M    M   0        17 150
17 109  87  98   6   0  33 0.00  0.0    0  9.3 33  70   M    M   0        40  70
18 106  88  97   5   0  32 0.00  0.0    0  9.2 21 150   M    M   0        25 150
================================================================================
SM 1883 1461         0 506  0.01     0.0 139.5          M        4
================================================================================
AV104.6 81.2                               7.8 FASTST   M    M   0    MAX(MPH)
                                 MISC ---->  # 40 110               # 54  110
================================================================================
NOTES:
# LAST OF SEVERAL OCCURRENCES

COLUMN 17 PEAK WIND IN M.P.H.

PRELIMINARY LOCAL CLIMATOLOGICAL DATA (WS FORM: F-6) , PAGE 2

                                          STATION:  NORTH_LAS_VEGAS NV
                                          MONTH:    JULY
                                          YEAR:     2018
                                          LATITUDE:   36 12 N
                                          LONGITUDE: 115 12 W

[TEMPERATURE DATA]      [PRECIPITATION DATA]       SYMBOLS USED IN COLUMN 16

AVERAGE MONTHLY: 92.9   TOTAL FOR MONTH:   0.01    1 = FOG OR MIST
DPTR FM NORMAL:   1.9   DPTR FM NORMAL:   -0.17    2 = FOG REDUCING VISIBILITY
HIGHEST:   111 ON  6    GRTST 24HR  0.01 ON 14-14      TO 1/4 MILE OR LESS
LOWEST:     74 ON 10, 9                            3 = THUNDER
                        SNOW, ICE PELLETS, HAIL    4 = ICE PELLETS
                        TOTAL MONTH:   0.0 INCH    5 = HAIL
                        GRTST 24HR     0.0         6 = FREEZING RAIN OR DRIZZLE
                        GRTST DEPTH:   0           7 = DUSTSTORM OR SANDSTORM:
                                                       VSBY 1/2 MILE OR LESS
                                                   8 = SMOKE OR HAZE
[NO. OF DAYS WITH]      [WEATHER - DAYS WITH]      9 = BLOWING SNOW
                                                   X = TORNADO
MAX 32 OR BELOW:   0    0.01 INCH OR MORE:   1
MAX 90 OR ABOVE:  18    0.10 INCH OR MORE:   0
MIN 32 OR BELOW:   0    0.50 INCH OR MORE:   0
MIN  0 OR BELOW:   0    1.00 INCH OR MORE:   0

[HDD (BASE 65) ]
TOTAL THIS MO.     0    CLEAR  (SCALE 0-3)  18
DPTR FM NORMAL     0    PTCLDY (SCALE 4-7)   0
TOTAL FM JUL 1     0    CLOUDY (SCALE 8-10)  0
DPTR FM NORMAL     0

[CDD (BASE 65) ]
TOTAL THIS MO.   506
DPTR FM NORMAL    38    [PRESSURE DATA]
TOTAL FM JAN 1  1876    HIGHEST SLP M ON M
DPTR FM NORMAL   327    LOWEST  SLP 29.61 ON  3

[REMARKS]
