000
CXUS53 KSGF 190800
CF6VIH
PRELIMINARY LOCAL CLIMATOLOGICAL DATA (WS FORM: F-6)

                                          STATION:   VICHY-ROLLA MO
                                          MONTH:     OCTOBER
                                          YEAR:      2018
                                          LATITUDE:   38  7 N
                                          LONGITUDE:  91 46 W

  TEMPERATURE IN F:       :PCPN:    SNOW:  WIND      :SUNSHINE: SKY     :PK WND
================================================================================
1   2   3   4   5  6A  6B    7    8   9   10  11  12  13   14  15   16   17  18
                                     12Z  AVG MX 2MIN
DY MAX MIN AVG DEP HDD CDD  WTR  SNW DPTH SPD SPD DIR MIN PSBL S-S WX    SPD DR
================================================================================

 1  83  62  73  12   0   8 0.00    M    M  8.9 18 190   M    M   2        26 190
 2  86  66  76  15   0  11 0.00    M    M  8.5 13 210   M    M   1        21 220
 3  86  70  78  17   0  13 0.00    M    M 13.7 24 200   M    M   2        35 200
 4  76  56  66   6   0   1 0.96    M    M  8.4 17 280   M    M   9 13     27 230
 5  86  60  73  13   0   8 0.00    M    M 10.3 17 200   M    M   3 1      24 240
 6  85  66  76  16   0  11 0.91    M    M  9.4 23 310   M    M   4 13     38 330
 7  80  65  73  14   0   8 0.16    M    M  8.1 18 170   M    M   5 123    26 160
 8  82  67  75  16   0  10 0.00    M    M 10.4 21 180   M    M   2        29 170
 9  79  66  73  14   0   8 0.81    M    M 10.8 21 170   M    M   6 13     30 170
10  70  50  60   2   5   0 0.08    M    M 13.3 22 260   M    M   9 1      30 270
11  57  41  49  -9  16   0 0.00    M    M  8.9 20 320   M    M   4        28 320
12  45  38  42 -16  23   0 0.25    M    M  2.8  6 350   M    M   8 1       8  30
13  48  42  45 -13  20   0 0.07    M    M  6.2 13 180   M    M  10 1      15 180
14  54  46  50  -7  15   0 0.20    M    M  6.6 15 330   M    M  10 1      21 340
15  48  36  42 -15  23   0 0.01    M    M  8.4 23 340   M    M   5 1      33 330
16  57  33  45 -12  20   0 0.00    M    M  5.5 13 280   M    M   0        18 250
17  64  38  51  -5  14   0 0.00    M    M  5.7 14 330   M    M   0        19 330
18  61  38  50  -6  15   0 0.00    M    M  4.6 12 130   M    M   0        16 110
================================================================================
SM 1247  940       151  78  3.45    M    150.5          M       80
================================================================================
AV 69.3 52.2                               8.4 FASTST   M    M   4    MAX(MPH)
                                 MISC ---->  # 24 200               # 38  330
================================================================================
NOTES:
# LAST OF SEVERAL OCCURRENCES

COLUMN 17 PEAK WIND IN M.P.H.

PRELIMINARY LOCAL CLIMATOLOGICAL DATA (WS FORM: F-6) , PAGE 2

                                          STATION:  VICHY-ROLLA MO
                                          MONTH:    OCTOBER
                                          YEAR:     2018
                                          LATITUDE:   38  7 N
                                          LONGITUDE:  91 46 W

[TEMPERATURE DATA]      [PRECIPITATION DATA]       SYMBOLS USED IN COLUMN 16

AVERAGE MONTHLY: 60.8   TOTAL FOR MONTH:   3.45    1 = FOG OR MIST
DPTR FM NORMAL:   2.1   DPTR FM NORMAL:    1.47    2 = FOG REDUCING VISIBILITY
HIGHEST:    86 ON  5, 3 GRTST 24HR  0.96 ON  4- 4      TO 1/4 MILE OR LESS
LOWEST:     33 ON 16                               3 = THUNDER
                        SNOW, ICE PELLETS, HAIL    4 = ICE PELLETS
                        TOTAL MONTH:    M          5 = HAIL
                        GRTST 24HR    M  ON   M    6 = FREEZING RAIN OR DRIZZLE
                        GRTST DEPTH:  M  ON   M    7 = DUSTSTORM OR SANDSTORM:
                                                       VSBY 1/2 MILE OR LESS
                                                   8 = SMOKE OR HAZE
[NO. OF DAYS WITH]      [WEATHER - DAYS WITH]      9 = BLOWING SNOW
                                                   X = TORNADO
MAX 32 OR BELOW:   0    0.01 INCH OR MORE:   9
MAX 90 OR ABOVE:   0    0.10 INCH OR MORE:   6
MIN 32 OR BELOW:   0    0.50 INCH OR MORE:   3
MIN  0 OR BELOW:   0    1.00 INCH OR MORE:   0

[HDD (BASE 65) ]
TOTAL THIS MO.   151    CLEAR  (SCALE 0-3)   8
DPTR FM NORMAL    17    PTCLDY (SCALE 4-7)   6
TOTAL FM JUL 1   168    CLOUDY (SCALE 8-10)  4
DPTR FM NORMAL   -30

[CDD (BASE 65) ]
TOTAL THIS MO.    78
DPTR FM NORMAL    57    [PRESSURE DATA]
TOTAL FM JAN 1  1622    HIGHEST SLP M ON M
DPTR FM NORMAL   383    LOWEST  SLP 29.69 ON  9

[REMARKS]
