000
CXUS52 KTAE 180800
CF6VLD
PRELIMINARY LOCAL CLIMATOLOGICAL DATA (WS FORM: F-6)

                                          STATION:   VALDOSTA
                                          MONTH:     JULY
                                          YEAR:      2018
                                          LATITUDE:   30 46 N
                                          LONGITUDE:  83 17 W

  TEMPERATURE IN F:       :PCPN:    SNOW:  WIND      :SUNSHINE: SKY     :PK WND
================================================================================
1   2   3   4   5  6A  6B    7    8   9   10  11  12  13   14  15   16   17  18
                                     12Z  AVG MX 2MIN
DY MAX MIN AVG DEP HDD CDD  WTR  SNW DPTH SPD SPD DIR MIN PSBL S-S WX    SPD DR
================================================================================

 1  85  73  79  -2   0  14 0.25  0.0    0  4.3 13 160   M    M   7 1      15 150
 2  93  71  82   1   0  17    T  0.0    0  2.9 13 150   M    M   1 13     17 150
 3  93  71  82   1   0  17 0.02  0.0    0  3.4 17 170   M    M   2 13     23 160
 4  88  70  79  -2   0  14 0.06  0.0    0  4.7 18 160   M    M   1 13     24 150
 5  88  69  79  -2   0  14    T  0.0    0  5.0 15  30   M    M   2        20  30
 6  91  69  80  -1   0  15 0.02  0.0    0  2.1 20 180   M    M   3 13     27 200
 7  89  67  78  -3   0  13 0.04  0.0    0  2.2 21 220   M    M   3 13     21 220
 8  89  70  80  -1   0  15 0.12  0.0    0  3.7 13  70   M    M   7 13     17  40
 9  88  70  79  -2   0  14 0.02  0.0    0  1.3 13 360   M    M   4 13     16 160
10  93  70  82   1   0  17 0.00  0.0    0  3.2 12  10   M    M   1 1      15  10
11  95  67  81   0   0  16 0.00  0.0    0  1.3  9 160   M    M   1 1      11 160
12  94  69  82   1   0  17 0.00  0.0    0  2.1 12 190   M    M   1 1      17 200
13  95  71  83   2   0  18 0.00  0.0    0  1.3 10 200   M    M   2 1      16 190
14  92  73  83   2   0  18 0.13  0.0    0  2.8 15 140   M    M   3 3      19 130
15  91  71  81  -1   0  16 0.03  0.0    0  2.3 17 180   M    M   5 13     21 190
16  92  71  82   0   0  17 0.04  0.0    0  2.6 12 190   M    M   0 13     17 300
17  93  74  84   2   0  19 0.33  0.0    0  4.8 18 180   M    M   1 13     22 180
================================================================================
SM 1549 1196         0 271  1.06     0.0  50.0          M       44
================================================================================
AV 91.1 70.4                               2.9 FASTST   M    M   3    MAX(MPH)
                                 MISC ---->  # 21 220               # 27  200
================================================================================
NOTES:
# LAST OF SEVERAL OCCURRENCES

COLUMN 17 PEAK WIND IN M.P.H.

PRELIMINARY LOCAL CLIMATOLOGICAL DATA (WS FORM: F-6) , PAGE 2

                                          STATION:  VALDOSTA
                                          MONTH:    JULY
                                          YEAR:     2018
                                          LATITUDE:   30 46 N
                                          LONGITUDE:  83 17 W

[TEMPERATURE DATA]      [PRECIPITATION DATA]       SYMBOLS USED IN COLUMN 16

AVERAGE MONTHLY: 80.7   TOTAL FOR MONTH:   1.06    1 = FOG OR MIST
DPTR FM NORMAL:  -0.4   DPTR FM NORMAL:   -2.49    2 = FOG REDUCING VISIBILITY
HIGHEST:    95 ON 13,11 GRTST 24HR  0.33 ON 17-17      TO 1/4 MILE OR LESS
LOWEST:     67 ON 11, 7                            3 = THUNDER
                        SNOW, ICE PELLETS, HAIL    4 = ICE PELLETS
                        TOTAL MONTH:   0.0 INCH    5 = HAIL
                        GRTST 24HR     0.0         6 = FREEZING RAIN OR DRIZZLE
                        GRTST DEPTH:   0           7 = DUSTSTORM OR SANDSTORM:
                                                       VSBY 1/2 MILE OR LESS
                                                   8 = SMOKE OR HAZE
[NO. OF DAYS WITH]      [WEATHER - DAYS WITH]      9 = BLOWING SNOW
                                                   X = TORNADO
MAX 32 OR BELOW:   0    0.01 INCH OR MORE:  11
MAX 90 OR ABOVE:  11    0.10 INCH OR MORE:   4
MIN 32 OR BELOW:   0    0.50 INCH OR MORE:   0
MIN  0 OR BELOW:   0    1.00 INCH OR MORE:   0

[HDD (BASE 65) ]
TOTAL THIS MO.     0    CLEAR  (SCALE 0-3)  12
DPTR FM NORMAL     0    PTCLDY (SCALE 4-7)   5
TOTAL FM JUL 1     0    CLOUDY (SCALE 8-10)  0
DPTR FM NORMAL     0

[CDD (BASE 65) ]
TOTAL THIS MO.   271
DPTR FM NORMAL    -1    [PRESSURE DATA]
TOTAL FM JAN 1  1207    HIGHEST SLP M ON M
DPTR FM NORMAL    91    LOWEST  SLP 29.96 ON 11

[REMARKS]
