000
CXUS55 KLOX 161655
CF6VNY
PRELIMINARY LOCAL CLIMATOLOGICAL DATA (WS FORM: F-6)

                                          STATION:   VAN NUYS AIRPORT CA
                                          MONTH:     NOVEMBER
                                          YEAR:      2018
                                          LATITUDE:   34 13 N
                                          LONGITUDE: 118 29 W

  TEMPERATURE IN F:       :PCPN:    SNOW:  WIND      :SUNSHINE: SKY     :PK WND
================================================================================
1   2   3   4   5  6A  6B    7    8   9   10  11  12  13   14  15   16   17  18
                                     12Z  AVG MX 2MIN
DY MAX MIN AVG DEP HDD CDD  WTR  SNW DPTH SPD SPD DIR MIN PSBL S-S WX    SPD DR
================================================================================

 1  89  57  73   9   0   8 0.00  0.0    0  5.7 20  40   M    M   0        25  30
 2  94  61  78  14   0  13 0.00  0.0    0  2.7 14 300   M    M   0        20 300
 3  95  58  77  13   0  12 0.00  0.0    0  2.1 12 150   M    M   0        14 130
 4  90  60  75  11   0  10 0.00  0.0    0  2.9 12 140   M    M   0 8      16 130
 5  80  55  68   5   0   3 0.00  0.0    0  3.5 13 170   M    M   1 8      15 180
 6  80  60  70   7   0   5 0.00  0.0    0  3.5 13 160   M    M   3 8      17 150
 7  75  57  66   3   0   1 0.00  0.0    0  2.9 12 170   M    M   4 18     14 170
 8  84  56  70   7   0   5 0.00  0.0    0 10.7 29  20   M    M   2 18     38  20
 9  80  51  66   4   0   1 0.00  0.0    0 17.2 29 360   M    M   0        37  20
10  81  46  64   2   1   0 0.00  0.0    0  1.9 10 180   M    M   1 8      13 170
11  80  43  62   0   3   0 0.00  0.0    0 10.4 24  10   M    M   0 8      32  10
12  79  60  70   8   0   5 0.00  0.0    0 16.6 29  10   M    M   0        37  10
13  79  61  70   9   0   5 0.00  0.0    0 15.7 26 360   M    M   1        36 360
14  82  57  70   9   0   5 0.00  0.0    0  8.4 22 360   M    M   0 8      30  20
15  84  51  68   7   0   3 0.00  0.0    0  2.3 12 350   M    M   0        16  30
================================================================================
SM 1252  833         4  76  0.00     0.0 106.5          M       12
================================================================================
AV 83.5 55.5                               7.1 FASTST   M    M   1    MAX(MPH)
                                 MISC ---->  # 29  20               # 38   20
================================================================================
NOTES:
# LAST OF SEVERAL OCCURRENCES

COLUMN 17 PEAK WIND IN M.P.H.

PRELIMINARY LOCAL CLIMATOLOGICAL DATA (WS FORM: F-6) , PAGE 2

                                          STATION:  VAN NUYS AIRPORT CA
                                          MONTH:    NOVEMBER
                                          YEAR:     2018
                                          LATITUDE:   34 13 N
                                          LONGITUDE: 118 29 W

[TEMPERATURE DATA]      [PRECIPITATION DATA]       SYMBOLS USED IN COLUMN 16

AVERAGE MONTHLY: 69.5   TOTAL FOR MONTH:   0.00    1 = FOG OR MIST
DPTR FM NORMAL:   6.9   DPTR FM NORMAL:   -0.51    2 = FOG REDUCING VISIBILITY
HIGHEST:    95 ON  3    GRTST 24HR  0.00 ON 15-15      TO 1/4 MILE OR LESS
LOWEST:     43 ON 11                               3 = THUNDER
                        SNOW, ICE PELLETS, HAIL    4 = ICE PELLETS
                        TOTAL MONTH:   0.0 INCH    5 = HAIL
                        GRTST 24HR     0.0         6 = FREEZING RAIN OR DRIZZLE
                        GRTST DEPTH:   0           7 = DUSTSTORM OR SANDSTORM:
                                                       VSBY 1/2 MILE OR LESS
                                                   8 = SMOKE OR HAZE
[NO. OF DAYS WITH]      [WEATHER - DAYS WITH]      9 = BLOWING SNOW
                                                   X = TORNADO
MAX 32 OR BELOW:   0    0.01 INCH OR MORE:   0
MAX 90 OR ABOVE:   3    0.10 INCH OR MORE:   0
MIN 32 OR BELOW:   0    0.50 INCH OR MORE:   0
MIN  0 OR BELOW:   0    1.00 INCH OR MORE:   0

[HDD (BASE 65) ]
TOTAL THIS MO.     4    CLEAR  (SCALE 0-3)  13
DPTR FM NORMAL   -52    PTCLDY (SCALE 4-7)   2
TOTAL FM JUL 1     4    CLOUDY (SCALE 8-10)  0
DPTR FM NORMAL  -100

[CDD (BASE 65) ]
TOTAL THIS MO.    76
DPTR FM NORMAL    56    [PRESSURE DATA]
TOTAL FM JAN 1  2177    HIGHEST SLP M ON M
DPTR FM NORMAL   640    LOWEST  SLP 29.78 ON  5

[REMARKS]
