000
CXUS55 KLBF 161200
CF6VTN
PRELIMINARY LOCAL CLIMATOLOGICAL DATA (WS FORM: F-6)

                                          STATION:   VALENTINE
                                          MONTH:     JULY
                                          YEAR:      2018
                                          LATITUDE:   42 52 N
                                          LONGITUDE: 100 33 W

  TEMPERATURE IN F:       :PCPN:    SNOW:  WIND      :SUNSHINE: SKY     :PK WND
================================================================================
1   2   3   4   5  6A  6B    7    8   9   10  11  12  13   14  15   16   17  18
                                     12Z  AVG MX 2MIN
DY MAX MIN AVG DEP HDD CDD  WTR  SNW DPTH SPD SPD DIR MIN PSBL S-S WX    SPD DR
================================================================================

 1  85  54  70  -2   0   5 0.00  0.0    0  8.8 17 260   M    M   2        25 230
 2  92  67  80   7   0  15 0.00  0.0    0 17.7 26 190   M    M   1        36 200
 3  95  75  85  12   0  20 0.00  0.0    0 13.7 26 190   M    M   0        40 160
 4  81  67  74   1   0   9 0.07  0.0    0  7.2 20 190   M    M   M 3      27 190
 5  84  66  75   2   0  10 0.00  0.0    0  8.9 16 110   M    M   6 1      22 140
 6  89  64  77   3   0  12 0.00  0.0    0 13.9 24 190   M    M   1 1      34 180
 7  95  71  83   9   0  18 0.00  0.0    0 16.4 28 180   M    M   0        40 200
 8  98  72  85  11   0  20 0.00  0.0    0 15.8 29 200   M    M   0        38 200
 9  97  64  81   7   0  16 0.00  0.0    0  8.7 17 180   M    M   0        26 130
10  97  70  84  10   0  19 0.00  0.0    0 15.3 26 160   M    M   0        35 160
11 102  71  87  13   0  22 0.00  0.0    0 15.2 26 200   M    M   0        38 220
12  94  68  81   6   0  16 1.88  0.0    0 11.2 26 130   M    M   3 13     34 120
13  87  67  77   2   0  12 0.30  0.0    0  4.3 12  80   M    M   6 1      16 100
14  90  64  77   2   0  12 0.00  0.0    0  7.4 17 170   M    M   0        24 150
15  76  62  69  -6   0   4 0.01  0.0    0  8.4 21 330   M    M   4        31 320
================================================================================
SM 1362 1002         0 210  2.26     0.0 172.9          M       23
================================================================================
AV 90.8 66.8                              11.5 FASTST   M    M   2    MAX(MPH)
                                 MISC ---->  # 29 200               # 40  160
================================================================================
NOTES:
# LAST OF SEVERAL OCCURRENCES

COLUMN 17 PEAK WIND IN M.P.H.

PRELIMINARY LOCAL CLIMATOLOGICAL DATA (WS FORM: F-6) , PAGE 2

                                          STATION:  VALENTINE
                                          MONTH:    JULY
                                          YEAR:     2018
                                          LATITUDE:   42 52 N
                                          LONGITUDE: 100 33 W

[TEMPERATURE DATA]      [PRECIPITATION DATA]       SYMBOLS USED IN COLUMN 16

AVERAGE MONTHLY: 78.8   TOTAL FOR MONTH:   2.26    1 = FOG OR MIST
DPTR FM NORMAL:   4.9   DPTR FM NORMAL:    0.66    2 = FOG REDUCING VISIBILITY
HIGHEST:   102 ON 11    GRTST 24HR  1.88 ON 12-12      TO 1/4 MILE OR LESS
LOWEST:     54 ON  1                               3 = THUNDER
                        SNOW, ICE PELLETS, HAIL    4 = ICE PELLETS
                        TOTAL MONTH:   0.0 INCH    5 = HAIL
                        GRTST 24HR     0.0         6 = FREEZING RAIN OR DRIZZLE
                        GRTST DEPTH:   0           7 = DUSTSTORM OR SANDSTORM:
                                                       VSBY 1/2 MILE OR LESS
                                                   8 = SMOKE OR HAZE
[NO. OF DAYS WITH]      [WEATHER - DAYS WITH]      9 = BLOWING SNOW
                                                   X = TORNADO
MAX 32 OR BELOW:   0    0.01 INCH OR MORE:   4
MAX 90 OR ABOVE:   9    0.10 INCH OR MORE:   2
MIN 32 OR BELOW:   0    0.50 INCH OR MORE:   1
MIN  0 OR BELOW:   0    1.00 INCH OR MORE:   1

[HDD (BASE 65) ]
TOTAL THIS MO.     0    CLEAR  (SCALE 0-3)  11
DPTR FM NORMAL    -2    PTCLDY (SCALE 4-7)   3
TOTAL FM JUL 1     0    CLOUDY (SCALE 8-10)  0
DPTR FM NORMAL    -2

[CDD (BASE 65) ]
TOTAL THIS MO.   210
DPTR FM NORMAL    72    [PRESSURE DATA]
TOTAL FM JAN 1   546    HIGHEST SLP M ON M
DPTR FM NORMAL   237    LOWEST  SLP 29.76 ON  2

[REMARKS]
