000
CXUS51 KAKQ 190633
CF6WAL
PRELIMINARY LOCAL CLIMATOLOGICAL DATA (WS FORM: F-6)

                                          STATION:   WALLOPS ISLAND VA
                                          MONTH:     OCTOBER
                                          YEAR:      2018
                                          LATITUDE:   37 55 N
                                          LONGITUDE:  75 28 W

  TEMPERATURE IN F:       :PCPN:    SNOW:  WIND      :SUNSHINE: SKY     :PK WND
================================================================================
1   2   3   4   5  6A  6B    7    8   9   10  11  12  13   14  15   16   17  18
                                     12Z  AVG MX 2MIN
DY MAX MIN AVG DEP HDD CDD  WTR  SNW DPTH SPD SPD DIR MIN PSBL S-S WX    SPD DR
================================================================================

 1  79  59  69   5   0   4 0.00  0.0    0  6.1 14 180   M    M   M        17 170
 2  83  68  76  12   0  11    T  0.0    M  9.8 18 190   M    M   2        25 200
 3  88  72  80  16   0  15 0.00  0.0    0  7.3 16  50   M    M   2        20  50
 4  89  70  80  17   0  15 0.00  0.0    0  5.3 14 170   M    M   3 12     18 190
 5  77  70  74  11   0   9    T  0.0    0  9.6 22  50   M    M   9 18     29 140
 6  79  68  74  12   0   9 0.03  0.0    0  6.5 13 140   M    M   6 1      19  80
 7  86  66  76  14   0  11 0.00  0.0    0  4.7 13 190   M    M   1 1      23 190
 8  83  70  77  15   0  12 0.00  0.0    0  5.4 14 140   M    M   4 18     22  90
 9  85  74  80  19   0  15 0.00  0.0    0  7.2 13 130   M    M   5        17 140
10  84  74  79  18   0  14 0.00  0.0    0  9.2 15 180   M    M   2        22 220
11  83  73  78  17   0  13 0.55  0.0    0 16.4 31 110   M    M   8 13     47 100
12  73  54  64   4   1   0 0.45  0.0    0 12.1 35 310   M    M   3        48 340
13  66  47  57  -3   8   0    T  0.0    0  7.4 17 310   M    M   3        24 330
14  68  46  57  -3   8   0    T  0.0    0  4.7  9 160   M    M   4        33  80
15  83  65  74  15   0   9 0.01  0.0    0 11.9 21 230   M    M   7        30 220
16  78  58  68   9   0   3 0.01  0.0    0  6.0 21 340   M    M   8        30 210
17  69  54  62   3   3   0 0.25  0.0    0  5.8 16 290   M    M   5 1      23 320
18  60  41  51  -7  14   0 0.00  0.0    0  7.0 18 360   M    M   0        24 360
================================================================================
SM 1413 1129        34 140  1.30     0.0 142.4          M       72
================================================================================
AV 78.5 62.7                               7.9 FASTST   M    M   4    MAX(MPH)
                                 MISC ---->  # 35 310               # 48  340
================================================================================
NOTES:
# LAST OF SEVERAL OCCURRENCES

COLUMN 17 PEAK WIND IN M.P.H.

PRELIMINARY LOCAL CLIMATOLOGICAL DATA (WS FORM: F-6) , PAGE 2

                                          STATION:  WALLOPS ISLAND VA
                                          MONTH:    OCTOBER
                                          YEAR:     2018
                                          LATITUDE:   37 55 N
                                          LONGITUDE:  75 28 W

[TEMPERATURE DATA]      [PRECIPITATION DATA]       SYMBOLS USED IN COLUMN 16

AVERAGE MONTHLY: 70.6   TOTAL FOR MONTH:   1.30    1 = FOG OR MIST
DPTR FM NORMAL:   9.4   DPTR FM NORMAL:   -0.53    2 = FOG REDUCING VISIBILITY
HIGHEST:    89 ON  4    GRTST 24HR  0.55 ON 11-11      TO 1/4 MILE OR LESS
LOWEST:     41 ON 18                               3 = THUNDER
                        SNOW, ICE PELLETS, HAIL    4 = ICE PELLETS
                        TOTAL MONTH:   0.0 INCH    5 = HAIL
                        GRTST 24HR     0.0         6 = FREEZING RAIN OR DRIZZLE
                        GRTST DEPTH:   0           7 = DUSTSTORM OR SANDSTORM:
                                                       VSBY 1/2 MILE OR LESS
                                                   8 = SMOKE OR HAZE
[NO. OF DAYS WITH]      [WEATHER - DAYS WITH]      9 = BLOWING SNOW
                                                   X = TORNADO
MAX 32 OR BELOW:   0    0.01 INCH OR MORE:   6
MAX 90 OR ABOVE:   0    0.10 INCH OR MORE:   3
MIN 32 OR BELOW:   0    0.50 INCH OR MORE:   1
MIN  0 OR BELOW:   0    1.00 INCH OR MORE:   0

[HDD (BASE 65) ]
TOTAL THIS MO.    34    CLEAR  (SCALE 0-3)   6
DPTR FM NORMAL   -59    PTCLDY (SCALE 4-7)   9
TOTAL FM JUL 1    34    CLOUDY (SCALE 8-10)  2
DPTR FM NORMAL   -90

[CDD (BASE 65) ]
TOTAL THIS MO.   140
DPTR FM NORMAL   114    [PRESSURE DATA]
TOTAL FM JAN 1  1906    HIGHEST SLP M ON M
DPTR FM NORMAL   716    LOWEST  SLP 29.15 ON 11

[REMARKS]
