000
CXUS55 KRIW 190945
CF6WRL
PRELIMINARY LOCAL CLIMATOLOGICAL DATA (WS FORM: F-6)

                                          STATION:   WORLAND WY
                                          MONTH:     OCTOBER
                                          YEAR:      2018
                                          LATITUDE:   43 58 N
                                          LONGITUDE: 107 57 W

  TEMPERATURE IN F:       :PCPN:    SNOW:  WIND      :SUNSHINE: SKY     :PK WND
================================================================================
1   2   3   4   5  6A  6B    7    8   9   10  11  12  13   14  15   16   17  18
                                     12Z  AVG MX 2MIN
DY MAX MIN AVG DEP HDD CDD  WTR  SNW DPTH SPD SPD DIR MIN PSBL S-S WX    SPD DR
================================================================================

 1  69  28  49  -2  16   0 0.00    M    M  3.2 13 170   M    M   0        16 160
 2  84  35  60   9   5   0 0.00    M    M  7.1 22 200   M    M   2        36 220
 3  70  34  52   2  13   0    T    M    0 10.8 33 330   M    M   1        41 340
 4  64  38  51   1  14   0 0.01    M    M  4.6 22 340   M    M   2        28 340
 5  53  34  44  -6  21   0 0.03    M    M  6.6 18 310   M    M   7        24 350
 6  58  27  43  -6  22   0 0.00    M    M  3.6 14  10   M    M   3        19  30
 7  48  39  44  -5  21   0 0.02    M    M  5.4 14 340   M    M  10        18 340
 8  45  38  42  -6  23   0    T    M    M  5.2 13 140   M    M  10        16 150
 9  52  34  43  -5  22   0 0.00    M    M  7.7 20 140   M    M   9        25 140
10  42  33  38 -10  27   0 0.02    M    M  6.9 16 160   M    M  10 1      20 160
11  50  27  39  -8  26   0    T    M    M  5.5 21 350   M    M   5        29 350
12  61  22  42  -5  23   0 0.00    M    M  5.3 13 170   M    M   0        16  60
13  42  24  33 -14  32   0 0.05    M    M 11.5 28 330   M    M   8 12     34 330
14  35  18  27 -19  38   0 0.00    M    M  7.3 14 340   M    M   4        16 340
15  47  13  30 -16  35   0 0.00    M    M  3.8 13 130   M    M   1        16 120
16  58  18  38  -8  27   0 0.00    M    M  2.2 12 170   M    M   0        13 360
17  65  21  43  -2  22   0 0.00    M    M  3.4 13 160   M    M   0        14 170
18  69  25  47   2  18   0 0.00    M    M  3.7 12 180   M    M   0 8      12 180
================================================================================
SM 1012  508       405   0  0.13    M    103.8          M       72
================================================================================
AV 56.2 28.2                               5.8 FASTST   M    M   4    MAX(MPH)
                                 MISC ---->  # 33 330               # 41  340
================================================================================
NOTES:
# LAST OF SEVERAL OCCURRENCES

COLUMN 17 PEAK WIND IN M.P.H.

PRELIMINARY LOCAL CLIMATOLOGICAL DATA (WS FORM: F-6) , PAGE 2

                                          STATION:  WORLAND WY
                                          MONTH:    OCTOBER
                                          YEAR:     2018
                                          LATITUDE:   43 58 N
                                          LONGITUDE: 107 57 W

[TEMPERATURE DATA]      [PRECIPITATION DATA]       SYMBOLS USED IN COLUMN 16

AVERAGE MONTHLY: 42.2   TOTAL FOR MONTH:   0.13    1 = FOG OR MIST
DPTR FM NORMAL:  -5.7   DPTR FM NORMAL:   -0.36    2 = FOG REDUCING VISIBILITY
HIGHEST:    84 ON  2    GRTST 24HR  0.05 ON 13-13      TO 1/4 MILE OR LESS
LOWEST:     13 ON 15                               3 = THUNDER
                        SNOW, ICE PELLETS, HAIL    4 = ICE PELLETS
                        TOTAL MONTH:    M          5 = HAIL
                        GRTST 24HR    M  ON   M    6 = FREEZING RAIN OR DRIZZLE
                        GRTST DEPTH:   0           7 = DUSTSTORM OR SANDSTORM:
                                                       VSBY 1/2 MILE OR LESS
                                                   8 = SMOKE OR HAZE
[NO. OF DAYS WITH]      [WEATHER - DAYS WITH]      9 = BLOWING SNOW
                                                   X = TORNADO
MAX 32 OR BELOW:   0    0.01 INCH OR MORE:   5
MAX 90 OR ABOVE:   0    0.10 INCH OR MORE:   0
MIN 32 OR BELOW:  10    0.50 INCH OR MORE:   0
MIN  0 OR BELOW:   0    1.00 INCH OR MORE:   0

[HDD (BASE 65) ]
TOTAL THIS MO.   405    CLEAR  (SCALE 0-3)  10
DPTR FM NORMAL   100    PTCLDY (SCALE 4-7)   4
TOTAL FM JUL 1   630    CLOUDY (SCALE 8-10)  4
DPTR FM NORMAL    68

[CDD (BASE 65) ]
TOTAL THIS MO.     0
DPTR FM NORMAL     0    [PRESSURE DATA]
TOTAL FM JAN 1   512    HIGHEST SLP M ON M
DPTR FM NORMAL   -23    LOWEST  SLP 29.46 ON  3

[REMARKS]
