000
CXUS55 KRIW 190945
CF6WRL
PRELIMINARY LOCAL CLIMATOLOGICAL DATA (WS FORM: F-6)

                                          STATION:   WORLAND WY
                                          MONTH:     JULY
                                          YEAR:      2018
                                          LATITUDE:   43 58 N
                                          LONGITUDE: 107 57 W

  TEMPERATURE IN F:       :PCPN:    SNOW:  WIND      :SUNSHINE: SKY     :PK WND
================================================================================
1   2   3   4   5  6A  6B    7    8   9   10  11  12  13   14  15   16   17  18
                                     12Z  AVG MX 2MIN
DY MAX MIN AVG DEP HDD CDD  WTR  SNW DPTH SPD SPD DIR MIN PSBL S-S WX    SPD DR
================================================================================

 1  84  52  68  -1   0   3 0.00    M    M  7.3 14 120   M    M   0        19 350
 2  92  47  70   0   0   5    T    M    M  7.2 29 250   M    M   0        42 230
 3  81  55  68  -2   0   3    T    M    M  7.2 23 220   M    M   0        37 230
 4  88  44  66  -4   0   1 0.00    M    M  6.0 16 360   M    M   0        25 360
 5  92  49  71   1   0   6 0.00    M    M  7.2 23 120   M    M   0 3      32 110
 6 102  55  79   8   0  14 0.00    M    M  5.7 25 210   M    M   0        34 210
 7 104  56  80   9   0  15 0.00    M    M  6.3 20  10   M    M   0        26  10
 8  99  54  77   6   0  12    T    M    M  6.7 29 160   M    M   0 38     39 160
 9  98  63  81  10   0  16    T    M    M  7.3 18 150   M    M   0        24 150
10 101  63  82  10   0  17 0.02    M    M  5.1 33 310   M    M   0 3      47 320
11  89  67  78   6   0  13    T    M    M  8.0 30 170   M    M   1        39 160
12  93  55  74   2   0   9 0.00    M    M  5.1 21 120   M    M   0        25 120
13  95  58  77   5   0  12 0.00    M    M  5.3 15 130   M    M   0        20 140
14  97  56  77   5   0  12 0.00    M    M  7.3 17 330   M    M   0        22 320
15  91  53  72   0   0   7 0.01    M    M  6.5 14 350   M    M   0        17 350
16  91  59  75   3   0  10    T    M    M  6.8 25 250   M    M   1        31 240
17  93  59  76   3   0  11 0.04    M    M  9.3 45 280   M    M   0 38     53 280
18  94  54  74   1   0   9 0.00    M    M  5.5 21 330   M    M   0 3      31 310
================================================================================
SM 1684  999         0 175  0.07    M    119.8          M        2
================================================================================
AV 93.6 55.5                               6.7 FASTST   M    M   0    MAX(MPH)
                                 MISC ---->  # 45 280               # 53  280
================================================================================
NOTES:
# LAST OF SEVERAL OCCURRENCES

COLUMN 17 PEAK WIND IN M.P.H.

PRELIMINARY LOCAL CLIMATOLOGICAL DATA (WS FORM: F-6) , PAGE 2

                                          STATION:  WORLAND WY
                                          MONTH:    JULY
                                          YEAR:     2018
                                          LATITUDE:   43 58 N
                                          LONGITUDE: 107 57 W

[TEMPERATURE DATA]      [PRECIPITATION DATA]       SYMBOLS USED IN COLUMN 16

AVERAGE MONTHLY: 74.5   TOTAL FOR MONTH:   0.07    1 = FOG OR MIST
DPTR FM NORMAL:   3.2   DPTR FM NORMAL:   -0.34    2 = FOG REDUCING VISIBILITY
HIGHEST:   104 ON  7    GRTST 24HR  0.04 ON 17-17      TO 1/4 MILE OR LESS
LOWEST:     44 ON  4                               3 = THUNDER
                        SNOW, ICE PELLETS, HAIL    4 = ICE PELLETS
                        TOTAL MONTH:    M          5 = HAIL
                        GRTST 24HR    M  ON   M    6 = FREEZING RAIN OR DRIZZLE
                        GRTST DEPTH:  M  ON   M    7 = DUSTSTORM OR SANDSTORM:
                                                       VSBY 1/2 MILE OR LESS
                                                   8 = SMOKE OR HAZE
[NO. OF DAYS WITH]      [WEATHER - DAYS WITH]      9 = BLOWING SNOW
                                                   X = TORNADO
MAX 32 OR BELOW:   0    0.01 INCH OR MORE:   3
MAX 90 OR ABOVE:  14    0.10 INCH OR MORE:   0
MIN 32 OR BELOW:   0    0.50 INCH OR MORE:   0
MIN  0 OR BELOW:   0    1.00 INCH OR MORE:   0

[HDD (BASE 65) ]
TOTAL THIS MO.     0    CLEAR  (SCALE 0-3)  18
DPTR FM NORMAL   -10    PTCLDY (SCALE 4-7)   0
TOTAL FM JUL 1     0    CLOUDY (SCALE 8-10)  0
DPTR FM NORMAL   -10

[CDD (BASE 65) ]
TOTAL THIS MO.   175
DPTR FM NORMAL    51    [PRESSURE DATA]
TOTAL FM JAN 1   256    HIGHEST SLP M ON M
DPTR FM NORMAL    36    LOWEST  SLP 29.83 ON  2

[REMARKS]
