005
CXUS56 KMTR 201000
CF6WVI
PRELIMINARY LOCAL CLIMATOLOGICAL DATA (WS FORM: F-6)

                                          STATION:   WATSONVILLE AIRPORT
                                          MONTH:     JULY
                                          YEAR:      2018
                                          LATITUDE:   36 55 N
                                          LONGITUDE: 121 47 W

  TEMPERATURE IN F:       :PCPN:    SNOW:  WIND      :SUNSHINE: SKY     :PK WND
================================================================================
1   2   3   4   5  6A  6B    7    8   9   10  11  12  13   14  15   16   17  18
                                     12Z  AVG MX 2MIN
DY MAX MIN AVG DEP HDD CDD  WTR  SNW DPTH SPD SPD DIR MIN PSBL S-S WX    SPD DR
================================================================================

 1  67  53  60  -3   5   0    T  0.0    0  6.2 16 240   M    M   7 1      22 230
 2  68  54  61  -2   4   0 0.00  0.0    0  6.0 15 210   M    M   8 1      19 200
 3  64  54  59  -4   6   0 0.03  0.0    0  5.9 15 230   M    M  10 18     21 220
 4  69  51  60  -3   5   0 0.00  0.0    0  6.2 17 230   M    M   6 1      20 230
 5  73  52  63   0   2   0 0.00  0.0    0  4.8 14 190   M    M   3 1      17 190
 6  94  58  76  13   0  11 0.00  0.0    0  4.6 15 240   M    M   0        19 240
 7  82  55  69   6   0   4 0.00  0.0    0  4.1 13 170   M    M   0        16 160
 8  81  52  67   4   0   2 0.00  0.0    0  3.7 12 150   M    M   0        15 160
 9  84  52  68   5   0   3 0.00  0.0    0  3.8 12 170   M    M   0        15 190
10  82  52  67   4   0   2 0.00  0.0    0  4.7 12 120   M    M   0        15 130
11  71  52  62  -1   3   0 0.00  0.0    0  4.9 15 200   M    M   5 1      17 190
12  71  55  63   0   2   0 0.00  0.0    0  5.5 16 230   M    M   5 1      19 230
13  73  57  65   2   0   0 0.00  0.0    0  4.5 13 240   M    M   6 1      19 220
14  71  56  64   1   1   0 0.00  0.0    0  4.9 12 160   M    M   7 1      16 120
15  69  56  63   0   2   0 0.00  0.0    0  5.7 14 200   M    M   6 1      19 200
16  68  56  62  -1   3   0 0.00  0.0    0  4.9 13 200   M    M   7 1      17 230
17  70  55  63   0   2   0 0.00  0.0    0  4.5 13 190   M    M   7 18     16 190
18   M   M   M   M   M   M 0.00  0.0    0  3.5 12 200   M    M   6 18      M  M
19  74  56  65   2   0   0 0.00  0.0    0  4.4 12 180   M    M   5 18     15 190
================================================================================
SM 1331  976        35  22  0.03     0.0  92.8          M       88
================================================================================
AV 73.9 54.2                               4.9 FASTST   M    M   5    MAX(MPH)
                                 MISC ---->  # 17 230               # 22  230
================================================================================
NOTES:
# LAST OF SEVERAL OCCURRENCES

COLUMN 17 PEAK WIND IN M.P.H.

PRELIMINARY LOCAL CLIMATOLOGICAL DATA (WS FORM: F-6) , PAGE 2

                                          STATION:  WATSONVILLE AIRPORT
                                          MONTH:    JULY
                                          YEAR:     2018
                                          LATITUDE:   36 55 N
                                          LONGITUDE: 121 47 W

[TEMPERATURE DATA]      [PRECIPITATION DATA]       SYMBOLS USED IN COLUMN 16

AVERAGE MONTHLY: 64.1   TOTAL FOR MONTH:   0.03    1 = FOG OR MIST
DPTR FM NORMAL:   1.1   DPTR FM NORMAL:    0.02    2 = FOG REDUCING VISIBILITY
HIGHEST:    94 ON  6    GRTST 24HR  0.03 ON  3- 3      TO 1/4 MILE OR LESS
LOWEST:     51 ON  4                               3 = THUNDER
                        SNOW, ICE PELLETS, HAIL    4 = ICE PELLETS
                        TOTAL MONTH:   0.0 INCH    5 = HAIL
                        GRTST 24HR     0.0         6 = FREEZING RAIN OR DRIZZLE
                        GRTST DEPTH:   0           7 = DUSTSTORM OR SANDSTORM:
                                                       VSBY 1/2 MILE OR LESS
                                                   8 = SMOKE OR HAZE
[NO. OF DAYS WITH]      [WEATHER - DAYS WITH]      9 = BLOWING SNOW
                                                   X = TORNADO
MAX 32 OR BELOW:   0    0.01 INCH OR MORE:   1
MAX 90 OR ABOVE:   1    0.10 INCH OR MORE:   0
MIN 32 OR BELOW:   0    0.50 INCH OR MORE:   0
MIN  0 OR BELOW:   0    1.00 INCH OR MORE:   0

[HDD (BASE 65) ]
TOTAL THIS MO.    35    CLEAR  (SCALE 0-3)   5
DPTR FM NORMAL    -3    PTCLDY (SCALE 4-7)  13
TOTAL FM JUL 1    35    CLOUDY (SCALE 8-10)  1
DPTR FM NORMAL    -3

[CDD (BASE 65) ]
TOTAL THIS MO.    22
DPTR FM NORMAL    15    [PRESSURE DATA]
TOTAL FM JAN 1    26    HIGHEST SLP M ON M
DPTR FM NORMAL    -7    LOWEST  SLP 29.80 ON 11

[REMARKS]
