794
CXUS54 KTSA 180840
CF6XNA
PRELIMINARY LOCAL CLIMATOLOGICAL DATA (WS FORM: F-6)

                                          STATION:   HIGHFILL ARKANSAS
                                          MONTH:     JULY
                                          YEAR:      2018
                                          LATITUDE:   36 16 N
                                          LONGITUDE:  94 19 W

  TEMPERATURE IN F:       :PCPN:    SNOW:  WIND      :SUNSHINE: SKY     :PK WND
================================================================================
1   2   3   4   5  6A  6B    7    8   9   10  11  12  13   14  15   16   17  18
                                     12Z  AVG MX 2MIN
DY MAX MIN AVG DEP HDD CDD  WTR  SNW DPTH SPD SPD DIR MIN PSBL S-S WX    SPD DR
================================================================================

 1  84  72  78   2   0  13 0.69  0.0    0  6.4 12 300   M    M   6 13     18 300
 2  95  69  82   6   0  17 0.00  0.0    0  2.8 10 190   M    M   1 1      14 180
 3  96  74  85   9   0  20 0.00  0.0    0  5.3 14  90   M    M   0 3      18 100
 4  93  72  83   7   0  18 0.00  0.0    0  8.5 21 150   M    M   1 8      26 140
 5  99  70  85   8   0  20    T  0.0    0  5.0 14  30   M    M   2 38     19  70
 6  95  71  83   6   0  18 0.93  0.0    0  4.5 25  70   M    M   2 3      30  70
 7  91  71  81   4   0  16 0.00  0.0    0  6.0 14 100   M    M   0        17  70
 8  89  67  78   1   0  13 0.00  0.0    0  5.3 13  60   M    M   1        17  60
 9  94  71  83   6   0  18 0.22  0.0    0  3.0 16 220   M    M   4 38     19 210
10  96  69  83   6   0  18 0.00  0.0    0  3.0 16 120   M    M   1 3      21 120
11  99  72  86   9   0  21 0.00  0.0    0  3.5 14 220   M    M   0        16 220
12  98  73  86   9   0  21 0.19  0.0    0  5.1 31  80   M    M   1 3      43  80
13  94  71  83   6   0  18 0.00  0.0    0  5.2 16 180   M    M   1        20 180
14  95  73  84   7   0  19    T  0.0    0  6.3 23 300   M    M   2        32 310
15  95  75  85   8   0  20    T  0.0    0  5.4 16  60   M    M   2 3      21  70
16  94  73  84   6   0  19 0.48  0.0    0  4.2 17 310   M    M   2 13     25 300
17  92  70  81   3   0  16 0.39  0.0    0  3.7 30 280   M    M   2 13     44 300
================================================================================
SM 1599 1213         0 305  2.90     0.0  83.2          M       28
================================================================================
AV 94.1 71.4                               4.9 FASTST   M    M   2    MAX(MPH)
                                 MISC ---->  # 31  80               # 44  300
================================================================================
NOTES:
# LAST OF SEVERAL OCCURRENCES

COLUMN 17 PEAK WIND IN M.P.H.

PRELIMINARY LOCAL CLIMATOLOGICAL DATA (WS FORM: F-6) , PAGE 2

                                          STATION:  HIGHFILL ARKANSAS
                                          MONTH:    JULY
                                          YEAR:     2018
                                          LATITUDE:   36 16 N
                                          LONGITUDE:  94 19 W

[TEMPERATURE DATA]      [PRECIPITATION DATA]       SYMBOLS USED IN COLUMN 16

AVERAGE MONTHLY: 82.7   TOTAL FOR MONTH:   2.90    1 = FOG OR MIST
DPTR FM NORMAL:   5.8   DPTR FM NORMAL:    0.99    2 = FOG REDUCING VISIBILITY
HIGHEST:    99 ON 11, 5 GRTST 24HR  0.93 ON  6- 6      TO 1/4 MILE OR LESS
LOWEST:     67 ON  8                               3 = THUNDER
                        SNOW, ICE PELLETS, HAIL    4 = ICE PELLETS
                        TOTAL MONTH:   0.0 INCH    5 = HAIL
                        GRTST 24HR     0.0         6 = FREEZING RAIN OR DRIZZLE
                        GRTST DEPTH:   0           7 = DUSTSTORM OR SANDSTORM:
                                                       VSBY 1/2 MILE OR LESS
                                                   8 = SMOKE OR HAZE
[NO. OF DAYS WITH]      [WEATHER - DAYS WITH]      9 = BLOWING SNOW
                                                   X = TORNADO
MAX 32 OR BELOW:   0    0.01 INCH OR MORE:   6
MAX 90 OR ABOVE:  15    0.10 INCH OR MORE:   6
MIN 32 OR BELOW:   0    0.50 INCH OR MORE:   2
MIN  0 OR BELOW:   0    1.00 INCH OR MORE:   0

[HDD (BASE 65) ]
TOTAL THIS MO.     0    CLEAR  (SCALE 0-3)  15
DPTR FM NORMAL     0    PTCLDY (SCALE 4-7)   2
TOTAL FM JUL 1     0    CLOUDY (SCALE 8-10)  0
DPTR FM NORMAL     0

[CDD (BASE 65) ]
TOTAL THIS MO.   305
DPTR FM NORMAL   103    [PRESSURE DATA]
TOTAL FM JAN 1   978    HIGHEST SLP M ON M
DPTR FM NORMAL   448    LOWEST  SLP 29.90 ON 15

[REMARKS]
