000
CXUS54 KTSA 160840
CF6XNA
PRELIMINARY LOCAL CLIMATOLOGICAL DATA (WS FORM: F-6)

                                          STATION:   HIGHFILL ARKANSAS
                                          MONTH:     OCTOBER
                                          YEAR:      2018
                                          LATITUDE:   36 16 N
                                          LONGITUDE:  94 19 W

  TEMPERATURE IN F:       :PCPN:    SNOW:  WIND      :SUNSHINE: SKY     :PK WND
================================================================================
1   2   3   4   5  6A  6B    7    8   9   10  11  12  13   14  15   16   17  18
                                     12Z  AVG MX 2MIN
DY MAX MIN AVG DEP HDD CDD  WTR  SNW DPTH SPD SPD DIR MIN PSBL S-S WX    SPD DR
================================================================================

 1  81  61  71   9   0   6 0.00  0.0    0  5.5 14 200   M    M   4 1      18 230
 2  85  63  74  13   0   9 0.00  0.0    0  6.8 16 170   M    M   2 1      22 180
 3  86  68  77  16   0  12 0.00  0.0    0 12.2 24 190   M    M   2 1      32 180
 4  88  71  80  19   0  15 0.01  0.0    0  8.1 17 210   M    M   4 1      24 170
 5  87  66  77  17   0  12 0.00  0.0    0  9.5 21 200   M    M   2        28 220
 6  84  66  75  15   0  10 0.16  0.0    0  8.9 16 170   M    M   6 13     21 170
 7  81  67  74  14   0   9 0.41  0.0    0  6.6 21 180   M    M   2 13     26 170
 8  85  69  77  18   0  12    T  0.0    0 12.5 25 160   M    M   2        33 170
 9  78  63  71  12   0   6 0.39  0.0    0 10.0 25 160   M    M   4 1      30 160
10  64  47  56  -3   9   0 0.01  0.0    0  8.8 18 260   M    M   6 1      22 270
11  62  41  52  -7  13   0 0.00  0.0    0  6.3 14 350   M    M   2        17 360
12  56  48  52  -6  13   0 0.13  0.0    0  7.8 16 350   M    M   9 1      20 340
13  55  48  52  -6  13   0 0.31  0.0    0  6.4 17 140   M    M  10 1      20 130
14  66  43  55  -3  10   0 0.08  0.0    0  7.3 23 350   M    M  10 18     28 350
15  45  36  41 -17  24   0    T    M    0 11.0 23 360   M    M   7 1      29 360
================================================================================
SM 1103  857        82  91  1.50     0.0 127.7          M       72
================================================================================
AV 73.5 57.1                               8.5 FASTST   M    M   5    MAX(MPH)
                                 MISC ---->  # 25 160               # 33  170
================================================================================
NOTES:
# LAST OF SEVERAL OCCURRENCES

COLUMN 17 PEAK WIND IN M.P.H.

PRELIMINARY LOCAL CLIMATOLOGICAL DATA (WS FORM: F-6) , PAGE 2

                                          STATION:  HIGHFILL ARKANSAS
                                          MONTH:    OCTOBER
                                          YEAR:     2018
                                          LATITUDE:   36 16 N
                                          LONGITUDE:  94 19 W

[TEMPERATURE DATA]      [PRECIPITATION DATA]       SYMBOLS USED IN COLUMN 16

AVERAGE MONTHLY: 65.3   TOTAL FOR MONTH:   1.50    1 = FOG OR MIST
DPTR FM NORMAL:   5.8   DPTR FM NORMAL:    0.02    2 = FOG REDUCING VISIBILITY
HIGHEST:    88 ON  4    GRTST 24HR  0.41 ON  7- 7      TO 1/4 MILE OR LESS
LOWEST:     36 ON 15                               3 = THUNDER
                        SNOW, ICE PELLETS, HAIL    4 = ICE PELLETS
                        TOTAL MONTH:   0.0 INCH    5 = HAIL
                        GRTST 24HR     0.0         6 = FREEZING RAIN OR DRIZZLE
                        GRTST DEPTH:   0           7 = DUSTSTORM OR SANDSTORM:
                                                       VSBY 1/2 MILE OR LESS
                                                   8 = SMOKE OR HAZE
[NO. OF DAYS WITH]      [WEATHER - DAYS WITH]      9 = BLOWING SNOW
                                                   X = TORNADO
MAX 32 OR BELOW:   0    0.01 INCH OR MORE:   8
MAX 90 OR ABOVE:   0    0.10 INCH OR MORE:   5
MIN 32 OR BELOW:   0    0.50 INCH OR MORE:   0
MIN  0 OR BELOW:   0    1.00 INCH OR MORE:   0

[HDD (BASE 65) ]
TOTAL THIS MO.    82    CLEAR  (SCALE 0-3)   6
DPTR FM NORMAL   -15    PTCLDY (SCALE 4-7)   6
TOTAL FM JUL 1    95    CLOUDY (SCALE 8-10)  3
DPTR FM NORMAL   -52

[CDD (BASE 65) ]
TOTAL THIS MO.    91
DPTR FM NORMAL    77    [PRESSURE DATA]
TOTAL FM JAN 1  1846    HIGHEST SLP M ON M
DPTR FM NORMAL   611    LOWEST  SLP 29.68 ON  9

[REMARKS]
