000
CXUS54 KTSA 160940
CF6XNA
PRELIMINARY LOCAL CLIMATOLOGICAL DATA (WS FORM: F-6)

                                          STATION:   HIGHFILL ARKANSAS
                                          MONTH:     DECEMBER
                                          YEAR:      2017
                                          LATITUDE:   36 16 N
                                          LONGITUDE:  94 19 W

  TEMPERATURE IN F:       :PCPN:    SNOW:  WIND      :SUNSHINE: SKY     :PK WND
================================================================================
1   2   3   4   5  6A  6B    7    8   9   10  11  12  13   14  15   16   17  18
                                     12Z  AVG MX 2MIN
DY MAX MIN AVG DEP HDD CDD  WTR  SNW DPTH SPD SPD DIR MIN PSBL S-S WX    SPD DR
================================================================================

 1  57  35  46   6  19   0 0.00  0.0    0  5.1 10 180   M    M   1         M  M
 2  70  46  58  19   7   0 0.00  0.0    0  3.3  8 240   M    M   3         M  M
 3  71  47  59  20   6   0 0.00  0.0    0  8.8 21 180   M    M   2        30 180
 4  69  42  56  17   9   0 0.22  0.0    0 16.4 28 180   M    M   6 13     36 340
 5  43  28  36  -2  29   0 0.00  0.0    0  8.8 17 350   M    M   2        22 350
 6  52  26  39   1  26   0 0.00  0.0    0  6.9 15 310   M    M   0        21 310
 7  35  20  28 -10  37   0 0.00  0.0    0  9.2 21 350   M    M   1        25 350
 8  39  12  26 -12  39   0 0.00  0.0    0  6.2 14 220   M    M   1        17 230
 9  46  25  36  -1  29   0 0.00  0.0    0  8.7 23 350   M    M   0        29 330
10  58  23  41   4  24   0 0.00  0.0    0  8.5 16 290   M    M   0        20 220
11  67  30  49  12  16   0 0.00  0.0    0 10.7 17 330   M    M   0        32 310
12  43  26  35  -2  30   0 0.00  0.0    0  9.1 20 340   M    M   1        26 340
13  59  27  43   6  22   0 0.00  0.0    0  8.8 22 250   M    M   0        29 230
14  44  25  35  -1  30   0 0.00  0.0    0  7.3 16  20   M    M   2         M  M
15  47  24  36   0  29   0 0.00  0.0    0  7.0 15 270   M    M   2         M  M
================================================================================
SM  800  436       352   0  0.22     0.0 124.8          M       21
================================================================================
AV 53.3 29.1                               8.3 FASTST   M    M   1    MAX(MPH)
                                 MISC ---->  # 28 180               # 36  340
================================================================================
NOTES:
# LAST OF SEVERAL OCCURRENCES

COLUMN 17 PEAK WIND IN M.P.H.

PRELIMINARY LOCAL CLIMATOLOGICAL DATA (WS FORM: F-6) , PAGE 2

                                          STATION:  HIGHFILL ARKANSAS
                                          MONTH:    DECEMBER
                                          YEAR:     2017
                                          LATITUDE:   36 16 N
                                          LONGITUDE:  94 19 W

[TEMPERATURE DATA]      [PRECIPITATION DATA]       SYMBOLS USED IN COLUMN 16

AVERAGE MONTHLY: 41.2   TOTAL FOR MONTH:   0.22    1 = FOG OR MIST
DPTR FM NORMAL:   3.5   DPTR FM NORMAL:   -1.32    2 = FOG REDUCING VISIBILITY
HIGHEST:    71 ON  3    GRTST 24HR  0.22 ON  4- 4      TO 1/4 MILE OR LESS
LOWEST:     12 ON  8                               3 = THUNDER
                        SNOW, ICE PELLETS, HAIL    4 = ICE PELLETS
                        TOTAL MONTH:   0.0 INCH    5 = HAIL
                        GRTST 24HR     0.0         6 = FREEZING RAIN OR DRIZZLE
                        GRTST DEPTH:   0           7 = DUSTSTORM OR SANDSTORM:
                                                       VSBY 1/2 MILE OR LESS
                                                   8 = SMOKE OR HAZE
[NO. OF DAYS WITH]      [WEATHER - DAYS WITH]      9 = BLOWING SNOW
                                                   X = TORNADO
MAX 32 OR BELOW:   0    0.01 INCH OR MORE:   1
MAX 90 OR ABOVE:   0    0.10 INCH OR MORE:   1
MIN 32 OR BELOW:  11    0.50 INCH OR MORE:   0
MIN  0 OR BELOW:   0    1.00 INCH OR MORE:   0

[HDD (BASE 65) ]
TOTAL THIS MO.   352    CLEAR  (SCALE 0-3)  14
DPTR FM NORMAL   -56    PTCLDY (SCALE 4-7)   1
TOTAL FM JUL 1   954    CLOUDY (SCALE 8-10)  0
DPTR FM NORMAL  -324

[CDD (BASE 65) ]
TOTAL THIS MO.     0
DPTR FM NORMAL     0    [PRESSURE DATA]
TOTAL FM JAN 1  1532    HIGHEST SLP M ON M
DPTR FM NORMAL   291    LOWEST  SLP 29.70 ON  4

[REMARKS]
