411
CXUS56 KPDT 161032
CF6YKM
PRELIMINARY LOCAL CLIMATOLOGICAL DATA (WS FORM: F-6)

                                          STATION:   YAKIMA WA
                                          MONTH:     OCTOBER
                                          YEAR:      2018
                                          LATITUDE:   46 34 N
                                          LONGITUDE: 120 32 W

  TEMPERATURE IN F:       :PCPN:    SNOW:  WIND      :SUNSHINE: SKY     :PK WND
================================================================================
1   2   3   4   5  6A  6B    7    8   9   10  11  12  13   14  15   16   17  18
                                     12Z  AVG MX 2MIN
DY MAX MIN AVG DEP HDD CDD  WTR  SNW DPTH SPD SPD DIR MIN PSBL S-S WX    SPD DR
================================================================================

 1  75  47  61   6   4   0    T    M    0  4.3 17 210   M    M   6        22 180
 2  74  44  59   4   6   0 0.00  0.0    0  9.4 33 290   M    M   2        44 290
 3  58  30  44 -10  21   0 0.00  0.0    0  4.0 10 300   M    M   0        12 250
 4  64  39  52  -2  13   0 0.00  0.0    0  2.9  9 140   M    M   2        12 150
 5  51  32  42 -12  23   0 0.24  0.0    0  4.4 10 260   M    M   6 1      11 260
 6  64  41  53   0  12   0 0.02  0.0    0  3.9 10 300   M    M   5 1      15 310
 7  61  38  50  -3  15   0 0.00  0.0    0  3.3 10 250   M    M   4        11 240
 8  55  49  52   0  13   0 0.06  0.0    0  1.2  6 250   M    M  10 18     23 210
 9  59  44  52   0  13   0 0.23  0.0    0  4.6 17  20   M    M   9 1      21  30
10  63  37  50  -1  15   0 0.00  0.0    0  4.6 10  10   M    M   6 18     13  10
11  64  35  50  -1  15   0 0.00  0.0    0  4.7 12 260   M    M   0 1      17 250
12  72  32  52   2  13   0 0.00  0.0    0  4.9 25 330   M    M   0        35 330
13  67  34  51   1  14   0 0.00  0.0    0  6.7 15  80   M    M   0        19  70
14  62  32  47  -3  18   0 0.00  0.0    0  5.1 13 290   M    M   0        15 290
15  65  27  46  -3  19   0 0.00  0.0    0  4.6  8 290   M    M   0        10 180
================================================================================
SM  954  561       214   0  0.55     0.0  68.6          M       50
================================================================================
AV 63.6 37.4                               4.6 FASTST   M    M   3    MAX(MPH)
                                 MISC ---->  # 33 290               # 44  290
================================================================================
NOTES:
# LAST OF SEVERAL OCCURRENCES

COLUMN 17 PEAK WIND IN M.P.H.

PRELIMINARY LOCAL CLIMATOLOGICAL DATA (WS FORM: F-6) , PAGE 2

                                          STATION:  YAKIMA WA
                                          MONTH:    OCTOBER
                                          YEAR:     2018
                                          LATITUDE:   46 34 N
                                          LONGITUDE: 120 32 W

[TEMPERATURE DATA]      [PRECIPITATION DATA]       SYMBOLS USED IN COLUMN 16

AVERAGE MONTHLY: 50.5   TOTAL FOR MONTH:   0.55    1 = FOG OR MIST
DPTR FM NORMAL:  -1.7   DPTR FM NORMAL:    0.35    2 = FOG REDUCING VISIBILITY
HIGHEST:    75 ON  1    GRTST 24HR  0.24 ON  5- 5      TO 1/4 MILE OR LESS
LOWEST:     27 ON 15                               3 = THUNDER
                        SNOW, ICE PELLETS, HAIL    4 = ICE PELLETS
                        TOTAL MONTH:   0.0 INCH    5 = HAIL
                        GRTST 24HR     0.0         6 = FREEZING RAIN OR DRIZZLE
                        GRTST DEPTH:   0           7 = DUSTSTORM OR SANDSTORM:
                                                       VSBY 1/2 MILE OR LESS
                                                   8 = SMOKE OR HAZE
[NO. OF DAYS WITH]      [WEATHER - DAYS WITH]      9 = BLOWING SNOW
                                                   X = TORNADO
MAX 32 OR BELOW:   0    0.01 INCH OR MORE:   4
MAX 90 OR ABOVE:   0    0.10 INCH OR MORE:   2
MIN 32 OR BELOW:   5    0.50 INCH OR MORE:   0
MIN  0 OR BELOW:   0    1.00 INCH OR MORE:   0

[HDD (BASE 65) ]
TOTAL THIS MO.   214    CLEAR  (SCALE 0-3)   8
DPTR FM NORMAL    22    PTCLDY (SCALE 4-7)   5
TOTAL FM JUL 1   393    CLOUDY (SCALE 8-10)  2
DPTR FM NORMAL    -7

[CDD (BASE 65) ]
TOTAL THIS MO.     0
DPTR FM NORMAL     0    [PRESSURE DATA]
TOTAL FM JAN 1   677    HIGHEST SLP M ON M
DPTR FM NORMAL   205    LOWEST  SLP 29.58 ON  2

[REMARKS]
