000
CXUS51 KPBZ 160804
CF6ZZV
PRELIMINARY LOCAL CLIMATOLOGICAL DATA (WS FORM: F-6)

                                          STATION:   ZANESVILLE OH
                                          MONTH:     OCTOBER
                                          YEAR:      2018
                                          LATITUDE:   39 56 N
                                          LONGITUDE:  81 54 W

  TEMPERATURE IN F:       :PCPN:    SNOW:  WIND      :SUNSHINE: SKY     :PK WND
================================================================================
1   2   3   4   5  6A  6B    7    8   9   10  11  12  13   14  15   16   17  18
                                     12Z  AVG MX 2MIN
DY MAX MIN AVG DEP HDD CDD  WTR  SNW DPTH SPD SPD DIR MIN PSBL S-S WX    SPD DR
================================================================================

 1  82  54  68  10   0   3 0.00  0.0    0  3.5 14 200   M    M   1 1      18 200
 2  82  66  74  16   0   9 0.49  0.0    0  7.3 23 280   M    M   6 13     31 270
 3  82  67  75  18   0  10 0.00  0.0    0  5.7 16 200   M    M   6 1      18 180
 4  82  54  68  11   0   3 0.13  0.0    0  8.3 17 360   M    M   5 138    25 350
 5  71  50  61   4   4   0 0.00  0.0    0  2.7 14 160   M    M   6 1      20 170
 6  85  63  74  18   0   9 0.69  0.0    0  4.6 24 280   M    M   4 123    34 280
 7  86  62  74  18   0   9 0.00    M    M  2.0 12 190   M    M   2 12     14 190
 8  86  65  76  20   0  11 0.00    M    M  6.0 14 200   M    M   1 1      19 200
 9  84  67  76  21   0  11 0.00    M    M  7.6 18 160   M    M   1        27 160
10  81  65  73  18   0   8 0.13    M    M  8.4 18 170   M    M   4 1      26 200
11  71  46  59   5   6   0 0.15    M    0  8.2 17 300   M    M   4 1      21 310
12  55  43  49  -5  16   0 0.19    M    0  4.9 10 270   M    M   8 1      15 270
13  47  39  43 -11  22   0 0.07    M    0  5.9 13 290   M    M   8 1      18 290
14  59  40  50  -4  15   0 0.02    M    0  4.4 12 200   M    M   8 1      13 150
15  63  43  53   0  12   0 0.09    M    0  9.2 20 270   M    M   7 1      25 270
================================================================================
SM 1116  824        75  73  1.96     0.0  88.7          M       71
================================================================================
AV 74.4 54.9                               5.9 FASTST   M    M   5    MAX(MPH)
                                 MISC ---->  # 24 280               # 34  280
================================================================================
NOTES:
# LAST OF SEVERAL OCCURRENCES

COLUMN 17 PEAK WIND IN M.P.H.

PRELIMINARY LOCAL CLIMATOLOGICAL DATA (WS FORM: F-6) , PAGE 2

                                          STATION:  ZANESVILLE OH
                                          MONTH:    OCTOBER
                                          YEAR:     2018
                                          LATITUDE:   39 56 N
                                          LONGITUDE:  81 54 W

[TEMPERATURE DATA]      [PRECIPITATION DATA]       SYMBOLS USED IN COLUMN 16

AVERAGE MONTHLY: 64.7   TOTAL FOR MONTH:   1.96    1 = FOG OR MIST
DPTR FM NORMAL:   9.1   DPTR FM NORMAL:    0.65    2 = FOG REDUCING VISIBILITY
HIGHEST:    86 ON  8, 7 GRTST 24HR  0.69 ON  6- 6      TO 1/4 MILE OR LESS
LOWEST:     39 ON 13                               3 = THUNDER
                        SNOW, ICE PELLETS, HAIL    4 = ICE PELLETS
                        TOTAL MONTH:   0.0 INCH    5 = HAIL
                        GRTST 24HR     0.0         6 = FREEZING RAIN OR DRIZZLE
                        GRTST DEPTH:   0           7 = DUSTSTORM OR SANDSTORM:
                                                       VSBY 1/2 MILE OR LESS
                                                   8 = SMOKE OR HAZE
[NO. OF DAYS WITH]      [WEATHER - DAYS WITH]      9 = BLOWING SNOW
                                                   X = TORNADO
MAX 32 OR BELOW:   0    0.01 INCH OR MORE:   9
MAX 90 OR ABOVE:   0    0.10 INCH OR MORE:   6
MIN 32 OR BELOW:   0    0.50 INCH OR MORE:   1
MIN  0 OR BELOW:   0    1.00 INCH OR MORE:   0

[HDD (BASE 65) ]
TOTAL THIS MO.    75    CLEAR  (SCALE 0-3)   4
DPTR FM NORMAL   -74    PTCLDY (SCALE 4-7)  11
TOTAL FM JUL 1   102    CLOUDY (SCALE 8-10)  0
DPTR FM NORMAL  -156

[CDD (BASE 65) ]
TOTAL THIS MO.    73
DPTR FM NORMAL    66    [PRESSURE DATA]
TOTAL FM JAN 1  1277    HIGHEST SLP M ON M
DPTR FM NORMAL   511    LOWEST  SLP 29.70 ON 11

[REMARKS]
