000
CXUS51 KPHI 061849 RRB
CLAABE

CLIMATE REPORT
NATIONAL WEATHER SERVICE MOUNT HOLLY NJ
144 PM EST WED JAN 6 2016

...................................

...THE ALLENTOWN PA CLIMATE SUMMARY FOR THE YEAR OF 2015...

CLIMATE NORMAL PERIOD 1981 TO 2010
CLIMATE RECORD PERIOD 1922 TO 2016

WEATHER         OBSERVED          NORMAL  DEPART  LAST YEAR`S
                 VALUE   DATE(S)  VALUE   FROM    VALUE  DATE(S)
                                          NORMAL
................................................................
TEMPERATURE (F)
RECORD
 HIGH             105   07/03/1966
 LOW              -15   01/21/1994
HIGHEST            95   09/09        MM      MM       MM  MM
                        09/08
LOWEST             -8   02/24        MM      MM       MM  MM
AVG. MAXIMUM     63.3              61.5     1.8       MM
AVG. MINIMUM     41.8              40.9     0.9       MM
MEAN             52.6              51.2     1.4       MM
DAYS MAX >= 90     20              11.9     8.1       MM
DAYS MAX <= 32     31              23.3     7.7       MM
DAYS MIN <= 32    111             123.2   -12.2       MM
DAYS MIN <= 0       6               1.4     4.6       MM

PRECIPITATION (INCHES)
RECORD
 MAXIMUM        40.50   2015
 MINIMUM        36.30   2015
TOTALS          40.50             45.35   -4.85       MM
DAILY AVG.       0.11              0.12   -0.01       MM
DAYS >= .01       122             126.8    -4.8       MM
DAYS >= .10        78              78.0     0.0       MM
DAYS >= .50        31              29.5     1.5       MM
DAYS >= 1.00        6              11.6    -5.6       MM
GREATEST
 24 HR. TOTAL    2.29   MM                            MM
 STORM TOTAL       MM                                 MM
 (MM/DD(HH))            MM                                MM

SNOWFALL (INCHES)
RECORDS
 TOTAL           43.8   2015
 24 HR TOTAL      7.8   MM
 SNOW DEPTH        12   03/06/2015
TOTALS           43.8R             32.9    10.9       MM
 LIQUID EQUIV    4.38              3.30    1.08       MM
SINCE 7/1           T               5.9    -5.9       MM
 LIQUID 7/1        MM              0.60      MM       MM
SNOWDEPTH AVG.      1                MM      MM       MM
DAYS >= TRACE      41              17.3    23.7       MM
DAYS >= 1.0        14               8.5     5.5       MM
GREATEST
 SNOW DEPTH        12R  03/06                         MM  MM
 24 HR TOTAL      7.8R  MM                            MM
 STORM TOTAL       MM                                 MM
 (MM/DD(HH))            MM                                MM

DEGREE_DAYS
HEATING TOTAL    5422              5801    -379       MM
 SINCE 7/1         MM              2195      MM       MM
COOLING TOTAL    1061               757     304       MM
 SINCE 1/1       1061               757     304       MM

FREEZE DATES
RECORD
 EARLIEST     MM
 LATEST       MM
EARLIEST                        MM
LATEST                          MM
.................................................................

WIND (MPH)
AVERAGE WIND SPEED              6.2
RESULTANT WIND SPEED/DIRECTION   2/287
HIGHEST WIND SPEED/DIRECTION    40/350    DATE  06/30
HIGHEST GUST SPEED/DIRECTION    61/340    DATE  06/30

SKY COVER
POSSIBLE SUNSHINE (PERCENT)    0
AVERAGE SKY COVER           0.40
NUMBER OF DAYS FAIR          176
NUMBER OF DAYS PC            109
NUMBER OF DAYS CLOUDY         80

AVERAGE RH (PERCENT)     65

WEATHER CONDITIONS. NUMBER OF DAYS WITH
THUNDERSTORM              0     MIXED PRECIP               0
HEAVY RAIN               40     RAIN                      57
LIGHT RAIN              138     FREEZING RAIN              5
LT FREEZING RAIN          7     HAIL                       0
HEAVY SNOW                3     SNOW                      10
LIGHT SNOW               40     SLEET                      3
FOG                     174     FOG W/VIS <= 1/4 MILE     30
HAZE                     85

-  INDICATES NEGATIVE NUMBERS.
R  INDICATES RECORD WAS SET OR TIED.
MM INDICATES DATA IS MISSING.
T  INDICATES TRACE AMOUNT.

$$
