321
CXUS51 KPHI 241435
CLAACY


CLIMATE REPORT
NATIONAL WEATHER SERVICE MOUNT HOLLY NJ
932 AM EST WED JAN 24 2018

...................................

...THE ATLANTIC CITY NJ CLIMATE SUMMARY FOR THE YEAR OF 2017...

CLIMATE NORMAL PERIOD 1981 TO 2010
CLIMATE RECORD PERIOD 1874 TO 2018

WEATHER         OBSERVED          NORMAL  DEPART  LAST YEAR`S
                 VALUE   DATE(S)  VALUE   FROM    VALUE  DATE(S)
                                          NORMAL
................................................................
TEMPERATURE (F)
RECORD
 HIGH             106   06/28/1969
 LOW              -11   02/12/1979
HIGHEST            97   07/13        MM      MM       98  08/14
LOWEST              0   01/09        MM      MM        7  02/14
AVG. MAXIMUM     66.2              63.9     2.3     66.0
AVG. MINIMUM     47.1              44.9     2.2     46.2
MEAN             56.7              54.4     2.3     56.1
DAYS MAX >= 90     17              17.2    -0.2       32
DAYS MAX <= 32     11              11.9    -0.9       11
DAYS MIN <= 32     88              94.7    -6.7       92
DAYS MIN <= 0       1               0.5     0.5        0

PRECIPITATION (INCHES)
RECORD
 MAXIMUM           MM   MM
 MINIMUM           MM   MM
TOTALS          50.48             41.75    8.73    45.02
DAILY AVG.       0.14              0.11    0.03     0.12
DAYS >= .01       118             115.0     3.0      120
DAYS >= .10        74              71.8     2.2       81
DAYS >= .50        24              28.4    -4.4       33
DAYS >= 1.00       15              10.9     4.1        8
GREATEST
 24 HR. TOTAL    5.41   MM                       07/08 TO 07/09
                                                          01/23 TO 01/23
                                                          01/23 TO 01/23
 STORM TOTAL       MM                                 MM
 (MM/DD(HH))            MM                    07/09(00) TO 07/09(00)
                                                 01/23(00) TO 01/23(00)3
                                                 01/23(00) TO 01/23(00)3

SNOWFALL (INCHES)
RECORDS
 TOTAL             MM   MM
 24 HR TOTAL       MM
 SNOW DEPTH        MM   MM
TOTALS           17.7              16.5     1.2     27.5
 LIQUID EQUIV    1.77              1.60    0.17     2.75
SINCE 7/1        10.0               3.9     6.1        T
 LIQUID 7/1      1.00              0.40    0.60       MM
SNOWDEPTH AVG.      0                MM      MM        0
DAYS >= TRACE      18               8.7     9.3       23
DAYS >= 1.0         5               4.3     0.7        8
GREATEST
 SNOW DEPTH         4   01/08                          8  01/23
 24 HR TOTAL      6.0   MM                       01/23 TO 01/23
                                                          01/23 TO 01/23
                                                          01/23 TO 01/23
 STORM TOTAL      4.8                                 MM
 (MM/DD(HH))            MM                    01/23(00) TO 01/23(00)
                                                 01/23(00) TO 01/23(00)3
                                                 01/23(00) TO 01/23(00)3

DEGREE_DAYS
HEATING TOTAL    4197              4903    -706     4479
 SINCE 7/1         MM              1769      MM       MM
COOLING TOTAL    1264              1057     207     1340
 SINCE 1/1       1264              1055     209     1340

FREEZE DATES
RECORD
 EARLIEST     MM
 LATEST       MM
EARLIEST                        MM
LATEST                          MM
....................................................

WIND (MPH)
AVERAGE WIND SPEED              8.6
RESULTANT WIND SPEED/DIRECTION   2/272
HIGHEST WIND SPEED/DIRECTION    43/050    DATE  01/23
HIGHEST GUST SPEED/DIRECTION    61/050    DATE  01/23

SKY COVER
POSSIBLE SUNSHINE (PERCENT)    0
AVERAGE SKY COVER           0.40
NUMBER OF DAYS FAIR          193
NUMBER OF DAYS PC            110
NUMBER OF DAYS CLOUDY         60

AVERAGE RH (PERCENT)     69

WEATHER CONDITIONS. NUMBER OF DAYS WITH
THUNDERSTORM              0     MIXED PRECIP               1
HEAVY RAIN               40     RAIN                      64
LIGHT RAIN              128     FREEZING RAIN              0
LT FREEZING RAIN          0     HAIL                       0
HEAVY SNOW                2     SNOW                       3
LIGHT SNOW               18     SLEET                      1
FOG                     172     FOG W/VIS <= 1/4 MILE     36
HAZE                     28

-  INDICATES NEGATIVE NUMBERS.
R  INDICATES RECORD WAS SET OR TIED.
MM INDICATES DATA IS MISSING.
T  INDICATES TRACE AMOUNT.

$$
