000
CXUS51 KPHI 061848
CLAACY

CLIMATE REPORT
NATIONAL WEATHER SERVICE MOUNT HOLLY NJ
144 PM EST WED JAN 6 2016

...................................

...THE ATLANTIC CITY NJ CLIMATE SUMMARY FOR THE YEAR OF 2015...

CLIMATE NORMAL PERIOD 1981 TO 2010
CLIMATE RECORD PERIOD 1874 TO 2016

WEATHER         OBSERVED          NORMAL  DEPART  LAST YEAR`S
                 VALUE   DATE(S)  VALUE   FROM    VALUE  DATE(S)
                                          NORMAL
................................................................
TEMPERATURE (F)
RECORD
 HIGH             106   06/28/1969
 LOW              -11   02/12/1979
HIGHEST            95   09/03        MM      MM       MM  MM
LOWEST             -6   02/21        MM      MM       MM  MM
AVG. MAXIMUM     65.4              64.0     1.4       MM
AVG. MINIMUM     45.4              45.0     0.4       MM
MEAN             55.4              54.4     1.0       MM
DAYS MAX >= 90     20              17.2     2.8       MM
DAYS MAX <= 32     17              11.8     5.2       MM
DAYS MIN <= 32    100              94.8     5.2       MM
DAYS MIN <= 0       2               0.5     1.5       MM

PRECIPITATION (INCHES)
RECORD
 MAXIMUM           MM   MM
 MINIMUM           MM   MM
TOTALS          48.25             41.75    6.50       MM
DAILY AVG.       0.13              0.11    0.02       MM
DAYS >= .01       118             115.0     3.0       MM
DAYS >= .10        79              71.8     7.2       MM
DAYS >= .50        32              28.4     3.6       MM
DAYS >= 1.00       12              10.9     1.1       MM
GREATEST
 24 HR. TOTAL    3.02   MM                            MM
 STORM TOTAL       MM                                 MM
 (MM/DD(HH))            MM                                MM

SNOWFALL (INCHES)
RECORDS
 TOTAL             MM   MM
 24 HR TOTAL       MM
 SNOW DEPTH        MM   MM
TOTALS           22.0              16.5     5.5       MM
 LIQUID EQUIV    2.20              1.60    0.60       MM
SINCE 7/1         0.0               3.9    -3.9       MM
 LIQUID 7/1      0.00              0.40   -0.40       MM
SNOWDEPTH AVG.      0                MM      MM       MM
DAYS >= TRACE      23               8.7    14.3       MM
DAYS >= 1.0         8               4.3     3.7       MM
GREATEST
 SNOW DEPTH         7   03/06                         MM  MM
 24 HR TOTAL      7.0   MM                            MM
 STORM TOTAL       MM                                 MM
 (MM/DD(HH))            MM                                MM

DEGREE_DAYS
HEATING TOTAL    4640                MM      MM       MM
 SINCE 7/1         MM              1769      MM       MM
COOLING TOTAL    1299                MM      MM       MM
 SINCE 1/1       1299              1055     244       MM

FREEZE DATES
RECORD
 EARLIEST     MM
 LATEST       MM
EARLIEST                        MM
LATEST                          MM
.................................................................

WIND (MPH)
AVERAGE WIND SPEED              8.5
RESULTANT WIND SPEED/DIRECTION   2/276
HIGHEST WIND SPEED/DIRECTION    46/320    DATE  06/23
HIGHEST GUST SPEED/DIRECTION    56/300    DATE  06/23

SKY COVER
POSSIBLE SUNSHINE (PERCENT)    0
AVERAGE SKY COVER           0.40
NUMBER OF DAYS FAIR          202
NUMBER OF DAYS PC            104
NUMBER OF DAYS CLOUDY         59

AVERAGE RH (PERCENT)     69

WEATHER CONDITIONS. NUMBER OF DAYS WITH
THUNDERSTORM              0     MIXED PRECIP               0
HEAVY RAIN               42     RAIN                      69
LIGHT RAIN              126     FREEZING RAIN              1
LT FREEZING RAIN          3     HAIL                       0
HEAVY SNOW                4     SNOW                       9
LIGHT SNOW               22     SLEET                      0
FOG                     181     FOG W/VIS <= 1/4 MILE     38
HAZE                     38

-  INDICATES NEGATIVE NUMBERS.
R  INDICATES RECORD WAS SET OR TIED.
MM INDICATES DATA IS MISSING.
T  INDICATES TRACE AMOUNT.

$$
