000
CXUS42 KFFC 021754
CLAAHN

CLIMATE REPORT
NATIONAL WEATHER SERVICE PEACHTREE CITY GA
959 AM EST FRI JAN 2 2015

...................................

...THE ATHENS CLIMATE SUMMARY FOR THE YEAR OF 2014...

CLIMATE NORMAL PERIOD 1981 TO 2010
CLIMATE RECORD PERIOD 1898 TO 2015

WEATHER         OBSERVED          NORMAL  DEPART
                 VALUE   DATE(S)  VALUE   FROM
                                          NORMAL
................................................
TEMPERATURE (F)
RECORD
 HIGH             109   06/29/2012
 LOW               -4   01/21/1985
HIGHEST            98   08/23        MM      MM
                        08/21
                        07/14
LOWEST              7   01/07        MM      MM
AVG. MAXIMUM     73.4              73.7    -0.3
AVG. MINIMUM     50.2              51.5    -1.3
MEAN             61.8              62.6    -0.8
DAYS MAX >= 90     73              57.0    16.0
DAYS MAX <= 32      2               0.7     1.3
DAYS MIN <= 32     56              44.6    11.4
DAYS MIN <= 0       0               0.0     0.0

PRECIPITATION (INCHES)
RECORD
 MAXIMUM        47.93   2003
 MINIMUM        25.12   2001
TOTALS          45.45             46.33   -0.88
DAILY AVG.       0.12              0.13   -0.01
DAYS >= .01       100             109.5    -9.5
DAYS >= .10        68              71.9    -3.9
DAYS >= .50        26              31.3    -5.3
DAYS >= 1.00       15              13.9     1.1
GREATEST
 24 HR. TOTAL    3.11   MM
 STORM TOTAL       MM
 (MM/DD(HH))            MM

SNOWFALL (INCHES)
RECORDS
 TOTAL              T   2012
                        2001
 24 HR TOTAL      1.0   MM
TOTALS            2.8R              2.9    -0.1
 LIQUID EQUIV    0.28              0.30   -0.02
SINCE 7/1         0.0               0.1    -0.1
 LIQUID 7/1      0.00
DAYS >= TRACE       3               1.7     1.3
DAYS >= 1.0         2               0.7     1.3
GREATEST
 SNOW DEPTH         0   MM
 24 HR TOTAL      1.0R  MM
 STORM TOTAL       MM
 (MM/DD(HH))            MM

DEGREE_DAYS
HEATING TOTAL    3042              2771     271
 SINCE 7/1       1116              1090      26

FREEZE DATES
RECORD
 EARLIEST     MM
 LATEST       MM
EARLIEST                        MM
LATEST                          MM
.................................................

WIND (MPH)
AVERAGE WIND SPEED              4.6
HIGHEST WIND SPEED/DIRECTION    31/300    DATE  03/12
HIGHEST GUST SPEED/DIRECTION    44/180    DATE  04/30

SKY COVER
POSSIBLE SUNSHINE (PERCENT)   MM
AVERAGE SKY COVER           0.30
NUMBER OF DAYS FAIR          234
NUMBER OF DAYS PC             83
NUMBER OF DAYS CLOUDY         48

AVERAGE RH (PERCENT)     66

WEATHER CONDITIONS. NUMBER OF DAYS WITH
THUNDERSTORM              0     MIXED PRECIP               0
HEAVY RAIN               48     RAIN                      58
LIGHT RAIN              124     FREEZING RAIN              1
LT FREEZING RAIN          1     HAIL                       0
HEAVY SNOW                0     SNOW                       0
LIGHT SNOW                4     SLEET                      0
FOG                     153     FOG W/VIS <= 1/4 MILE     23
HAZE                     90

-  INDICATES NEGATIVE NUMBERS.
R  INDICATES RECORD WAS SET OR TIED.
MM INDICATES DATA IS MISSING.
T  INDICATES TRACE AMOUNT.

$$
