266
CXAK57 PAJK 030017
CLAAJK

CLIMATE REPORT
NATIONAL WEATHER SERVICE JUNEAU, AK
240 PM AKST THU FEB 2 2017

...................................

...THE JUNEAU CLIMATE SUMMARY FOR THE YEAR OF 2016...

CLIMATE NORMAL PERIOD 1981 TO 2010
CLIMATE RECORD PERIOD 1936 TO 2017

WEATHER         OBSERVED          NORMAL  DEPART  LAST YEAR`S
                 VALUE   DATE(S)  VALUE   FROM    VALUE  DATE(S)
                                          NORMAL
................................................................
TEMPERATURE (F)
RECORD
 HIGH              90   07/07/1975
 LOW              -22   01/12/1972
                        02/02/1968
HIGHEST            82   07/18        78       4       84  07/06
LOWEST              2   12/13         2       0        6  02/07
AVG. MAXIMUM     51.2              48.1     3.1
AVG. MINIMUM     38.5              36.2     2.3
MEAN             44.8              42.1     2.7     44.4
DAYS MAX >= 90      0               0.0     0.0        0
DAYS MAX <= 32     24              37.4   -13.4       28
DAYS MIN <= 32     99             119.3   -20.3      108
DAYS MIN <= 0       0               1.9    -1.9        0

PRECIPITATION (INCHES)
RECORD
 MAXIMUM        85.15   1991
 MINIMUM        28.32   2001
TOTALS          64.03             62.27    1.76    84.96
DAILY AVG.       0.17              0.17    0.00
DAYS >= .01       220             229.8    -9.8      231
DAYS >= .10       141             146.4    -5.4      166
DAYS >= .50        42              38.4     3.6       62
DAYS >= 1.00       11               8.9     2.1       20
GREATEST
 24 HR. TOTAL    2.75   MM
 STORM TOTAL       MM
 (MM/DD(HH))            MM

SNOWFALL (INCHES)
RECORDS
 TOTAL          212.1   1994
 24 HR TOTAL     19.1   11/29/2006 TO 11/29/2006
 SNOW DEPTH        40   03/10/1972
TOTALS           27.2              86.7   -59.5     68.2
 LIQUID EQUIV    2.72              8.70   -5.98
SINCE 7/1        25.2              29.5    -4.3     32.9
 LIQUID 7/1      2.52              3.00   -0.48
SNOWDEPTH AVG.      0                MM      MM
DAYS >= TRACE      45              43.1     1.9       64
DAYS >= 1.0        10              22.8   -12.8       16
GREATEST
 SNOW DEPTH         9   12/08
 24 HR TOTAL      5.2   MM
 STORM TOTAL       MM
 (MM/DD(HH))            MM

DEGREE_DAYS
HEATING TOTAL    7300              8351   -1051     7395
 SINCE 7/1         MM              3715      MM
COOLING TOTAL       7                 3       4        8
 SINCE 1/1          7                 2       5

FREEZE DATES
EARLIEST                        10/02
LATEST                          05/06
.................................................................

WIND (MPH)
AVERAGE WIND SPEED              7.1
HIGHEST WIND SPEED/DIRECTION    45/110    DATE  11/05
HIGHEST GUST SPEED/DIRECTION    60/120    DATE  11/05


WEATHER CONDITIONS. NUMBER OF DAYS WITH
THUNDERSTORM              0     MIXED PRECIP               1
HEAVY RAIN               11     RAIN                      82
LIGHT RAIN              257     FREEZING RAIN              0
LT FREEZING RAIN          4     HAIL                       1
HEAVY SNOW                0     SNOW                      21
LIGHT SNOW               39     SLEET                      2
FOG                     193     FOG W/VIS <= 1/4 MILE     27
HAZE                      0

-  INDICATES NEGATIVE NUMBERS.
R  INDICATES RECORD WAS SET OR TIED.
MM INDICATES DATA IS MISSING.
T  INDICATES TRACE AMOUNT.

&&

...WARMEST OR NEAR WARMEST YEAR ON RECORD FOR SOUTHEAST ALASKA...

AS WAS THE CASE FOR OTHER PARTS OF THE STATE OF ALASKA, THE YEAR
2016 WAS SIGNIFICANTLY WARMER THAN NORMAL AND WAS THE WARMEST ON
RECORD FOR SOME LOCATIONS. THE ANNUAL AVERAGE TEMPERATURE IN JUNEAU
WAS 51.1 DEGREES, A MERE 0.3 DEGREES BELOW THE RECORD YEAR OF 1941.
AT 50.8 DEGREES, YAKUTAT RECORDED ITS WARMEST YEAR EVER. SITKA SAW
ITS SECOND WARMEST YEAR WITH AN AVERAGE TEMPERATURE OF 53.3 DEGREES.
LIKEWISE FOR ANNETTE ISLAND AT 55.1 DEGREES ANNUAL AVERAGE
TEMPERATURE. A REVIEW OF DAILY TEMPERATURES FOR ALL FOUR CLIMATE
SITES REVEALS SEVERAL RECORD HIGHS SET THROUGHOUT THE YEAR WITH NO
RECORD LOW TEMPERATURES NOTED. IN FACT, DAILY LOWS SELDOM DROPPED
BELOW CLIMATOLOGICAL LOWS. EXCEPTIONS INCLUDED A BRIEF TIME IN EARLY
JANUARY, A LARGE PORTION OF OCTOBER FOR NORTHERN LOCATIONS, AND THE
FIRST HALF OF DECEMBER. UNUSUALLY WARM WEATHER PUNCTUATED THE RECORD
MUCH OF MARCH, DURING THE FIRST HALF OF MAY, AND AGAIN AT THE END OF
AUGUST GOING INTO SEPTEMBER.

ACCUMULATED PRECIPITATION TRENDED FROM SLIGHTLY ABOVE NORMAL FOR
JUNEAU TO BELOW NORMAL BY MORE THAN 35 INCHES FOR YAKUTAT. GENERAL
PRECIPITATION TRENDS FOR THE YEAR WERE FOR NEAR NORMAL TO ABOVE
NORMAL PRECIPITATION UP TO OCTOBER. AT THAT POINT, PRECIPITATION
DRIED UP SIGNIFICANTLY ACROSS SOUTHEAST ALASKA AND SOME OF THE
FINEST AUTUMN WEATHER THAT MANY CAN REMEMBER ENSUED.

SNOWFALL FOR THE YEAR WAS WELL BELOW NORMAL ACROSS THE PANHANDLE.
FOR THE THREE STATIONS THAT STILL REPORT SNOWFALL, LITTLE TO NO SNOW
FELL IN THE FIRST PART OF 2016. MEASURABLE SNOW FEW FOR THE FIRST
TIME THIS SNOW SEASON EARLY IN JUNEAU, WITH 5.1 INCHES RECORDED AT
THE AIRPORT ON THE 16TH OF THE MONTH, MAKING THIS PAST OCTOBER THE
THIRD SNOWIEST ON RECORD FOR THE CAPITAL CITY. APART FROM THIS EARLY
SNOW, THE YEAR 2016 RECORDED THE LOWEST OR NEARLY LOWEST ANNUAL
SNOWFALL FOR ALL THREE SNOW CLIMATE SITES.

$$
