000
CXUS56 KPDT 011609
CLAALW

CLIMATE REPORT
NATIONAL WEATHER SERVICE PENDLETON OREGON
805 AM PST SUN JAN 01 2017

....................................

...THE WALLA WALLA CLIMATE SUMMARY FOR THE YEAR OF 2016...

CLIMATE NORMAL PERIOD 1981 TO 2010
CLIMATE RECORD PERIOD 1949 TO 2016

WEATHER         OBSERVED          NORMAL  DEPART
                 VALUE   DATE(S)  VALUE   FROM
                                          NORMAL
................................................
TEMPERATURE (F)
RECORD
 HIGH             114  08/04/1961
 LOW              -24  12/30/1968
HIGHEST           102  07/29
LOWEST              1  12/17

AVG. MAXIMUM     65.1
AVG. MINUMUM     45.1
MEAN             55.1
DAYS MAX >= 90     38
DAYS MAX <= 32     18
DAYS MIN <= 32     60
DAYS MIN <= 0       0

PRECIPITATION (INCHES)
TOTALS           19.96
DAILY AVG.        0.06
DAYS >=  0.01      119
DAYS >=  0.10       68
DAYS >=  0.50        3
DAYS >=  1.00        0
GREATEST
 24 HR. TOTAL     0.56   10/20

SNOWFALL (INCHES)
TOTALS            16.9
SINCE 7/1         16.9
SNOWDEPTH AVG.       0
DAYS >=  TRACE      12
DAYS >=  1.0         5
GREATEST
 SNOW DEPTH         10     12/17
 24 HR TOTAL       4.5

DEGREE_DAYS
HEATING_TOTAL      4334
 SINCE 7/1         1970
COOLING TOTAL       809
................................................

WIND (MPH)
AVERAGE WIND SPEED                     8.0
RESULTANT WIND SPEED/DIRECTION         6/175
HIGHEST WIND SPEED/DIRECTION          41/250      DATE          10/14
HIGHEST GUST SPEED/DIRECTION          54/240      DATE          10/14


WEATHER CONDITIONS. NUMBER OF DAYS WITH
THUNDERSTORM              12    MIXED PRECIP                           0
HEAVY RAIN                19    RAIN                                  50
LIGHT RAIN               158    FREEZING RAIN                          1
LT FREEZING RAIN           3    HAIL                                   0
HEAVY SNOW                 2    SNOW                                   8
LIGHT SNOW                17    SLEET                                  1
FOG                       83    FOG W/VIS <=1/4 MILE                  28
HAZE                      33

-  INDICATES NEGATIVE NUMBERS.
R  INDICATES RECORD WAS SET OR TIED.
MM INDICATES DATA IS MISSING.
T  INDICATES TRACE AMOUNT.

$$
