000
CXUS53 KDLH 200624
CLAASX
PRELIMINARY LOCAL CLIMATOLOGICAL DATA (WS FORM: F-6)

                                          STATION:   ASHLAND
                                          MONTH:     OCTOBER
                                          YEAR:      2017
                                          LATITUDE:   46 32 N
                                          LONGITUDE:  90 55 W

  TEMPERATURE IN F:       :PCPN:    SNOW:  WIND      :SUNSHINE: SKY     :PK WND
================================================================================
1   2   3   4   5  6A  6B    7    8   9   10  11  12  13   14  15   16   17  18
                                     12Z  AVG MX 2MIN
DY MAX MIN AVG DEP HDD CDD  WTR  SNW DPTH SPD SPD DIR MIN PSBL S-S WX    SPD DR
================================================================================

 1  72  52  62  12   3   0 0.02    M    M  7.5 17 180   M    M   7        26 170
 2  70  52  61  11   4   0 1.80    M    M  7.5 17 200   M    M   9 13     27 180
 3  69  48  59   9   6   0 0.22    M    M  7.7 25 350   M    M   7 138    37 350
 4  60  39  50   1  15   0 0.00    M    M  9.7 18 220   M    M   3        25 270
 5  58  40  49   0  16   0 0.00    M    M  6.8 10 260   M    M   8        14 240
 6  62  35  49   1  16   0 0.11    M    M  4.1 12  40   M    M   5 12     13  40
 7  58  50  54   6  11   0 0.06    M    M  6.0 12 230   M    M   8 1      16 240
 8  71  42  57   9   8   0 0.00    M    M  6.1 12 220   M    M   2        16 220
 9  56  33  45  -2  20   0 0.00    M    M  6.8 16 290   M    M   3        23 290
10  55  29  42  -5  23   0 0.00    M    M  3.9  9  30   M    M   0        12  50
11  57  25  41  -5  24   0 0.00    M    M  4.5 14 360   M    M   1 1      17  10
12  58  52  55   9  10   0 0.00    M    M  7.8 15 170   M    M   9        20 180
13  61  30  46   0  19   0    T    M    M  8.0 15 260   M    M   3        23 280
14  57  26  42  -3  23   0 0.40    M    M  9.2 23  30   M    M   3 1      29  30
15  54  32  43  -2  22   0 0.22    M    M  8.9 23 350   M    M   6 1      31  50
16  60  32  46   1  19   0 0.00    M    M 10.8 20 220   M    M   0        25 250
17  72  45  59  15   6   0 0.00    M    M  8.1 14 230   M    M   0        18 210
18  72  48  60  16   5   0 0.00  0.0    0 11.1 25 210   M    M   0        33 210
19  71  41  56  13   9   0 0.00    M    M  8.9 17 210   M    M   0        22 210
================================================================================
SM 1193  751       259   0  2.83     0.0 143.4          M       74
================================================================================
AV 62.8 39.5                               7.5 FASTST   M    M   4    MAX(MPH)
                                 MISC ---->  # 25 350               # 37  350
================================================================================
NOTES:
# LAST OF SEVERAL OCCURRENCES

COLUMN 17 PEAK WIND IN M.P.H.

PRELIMINARY LOCAL CLIMATOLOGICAL DATA (WS FORM: F-6) , PAGE 2

                                          STATION:  ASHLAND
                                          MONTH:    OCTOBER
                                          YEAR:     2017
                                          LATITUDE:   46 32 N
                                          LONGITUDE:  90 55 W

[TEMPERATURE DATA]      [PRECIPITATION DATA]       SYMBOLS USED IN COLUMN 16

AVERAGE MONTHLY: 51.2   TOTAL FOR MONTH:   2.83    1 = FOG OR MIST
DPTR FM NORMAL:   4.4   DPTR FM NORMAL:    0.43    2 = FOG REDUCING VISIBILITY
HIGHEST:    72 ON 18,17 GRTST 24HR  1.80 ON  2- 2      TO 1/4 MILE OR LESS
LOWEST:     25 ON 11                               3 = THUNDER
                        SNOW, ICE PELLETS, HAIL    4 = ICE PELLETS
                        TOTAL MONTH:   0.0 INCH    5 = HAIL
                        GRTST 24HR     0.0         6 = FREEZING RAIN OR DRIZZLE
                        GRTST DEPTH:   0           7 = DUSTSTORM OR SANDSTORM:
                                                       VSBY 1/2 MILE OR LESS
                                                   8 = SMOKE OR HAZE
[NO. OF DAYS WITH]      [WEATHER - DAYS WITH]      9 = BLOWING SNOW
                                                   X = TORNADO
MAX 32 OR BELOW:   0    0.01 INCH OR MORE:   7
MAX 90 OR ABOVE:   0    0.10 INCH OR MORE:   5
MIN 32 OR BELOW:   6    0.50 INCH OR MORE:   1
MIN  0 OR BELOW:   0    1.00 INCH OR MORE:   1

[HDD (BASE 65) ]
TOTAL THIS MO.   259    CLEAR  (SCALE 0-3)   9
DPTR FM NORMAL   -89    PTCLDY (SCALE 4-7)   8
TOTAL FM JUL 1   625    CLOUDY (SCALE 8-10)  2
DPTR FM NORMAL  -136

[CDD (BASE 65) ]
TOTAL THIS MO.     0
DPTR FM NORMAL     0    [PRESSURE DATA]
TOTAL FM JAN 1   162    HIGHEST SLP M ON M
DPTR FM NORMAL   -67    LOWEST  SLP 29.34 ON  7

[REMARKS]
