000
CXUS42 KFFC 030048 CCA
CLAATL

CLIMATE REPORT
NATIONAL WEATHER SERVICE PEACHTREE CITY GA
959 AM EST FRI JAN 2 2015

...................................

...THE ATLANTA CLIMATE SUMMARY FOR THE YEAR OF 2014...

CLIMATE NORMAL PERIOD 1981 TO 2010
CLIMATE RECORD PERIOD 1878 TO 2015

WEATHER         OBSERVED          NORMAL  DEPART
                 VALUE   DATE(S)  VALUE   FROM
                                          NORMAL
................................................
TEMPERATURE (F)
RECORD
 HIGH             106   06/30/2012
 LOW               -9   02/13/1899
HIGHEST            95   08/07        MM      MM
LOWEST              6   01/07        MM      MM
AVG. MAXIMUM     72.0              71.9     0.1
AVG. MINIMUM     52.5              53.2    -0.7
MEAN             62.2              62.6    -0.4
DAYS MAX >= 90     31              35.7    -4.7
DAYS MAX <= 32      3               1.5     1.5
DAYS MIN <= 32     41              36.3     4.7
DAYS MIN <= 0       0               0.1    -0.1

PRECIPITATION (INCHES)
RECORD
 MAXIMUM        50.23   2003
 MINIMUM        16.73   2001
TOTALS          47.62             49.71   -2.09
DAILY AVG.       0.13              0.14   -0.01
DAYS >= .01       118             113.3     4.7
DAYS >= .10        75              75.4    -0.4
DAYS >= .50        27              33.0    -6.0
DAYS >= 1.00       12              14.6    -2.6
GREATEST
 24 HR. TOTAL    2.87   MM
 STORM TOTAL       MM
 (MM/DD(HH))            MM

SNOWFALL (INCHES)
RECORDS
 TOTAL            4.6   2014
                        2002
 24 HR TOTAL      2.6   MM
TOTALS            4.6R              2.9     1.7
 LIQUID EQUIV    0.46              0.30    0.16
SINCE 7/1         0.0               0.4    -0.4
 LIQUID 7/1      0.00
DAYS >= TRACE       9               2.1     6.9
DAYS >= 1.0         2               1.0     1.0
GREATEST
 SNOW DEPTH         2R  01/30
                        01/29
 24 HR TOTAL      2.6R  MM
 STORM TOTAL       MM
 (MM/DD(HH))            MM

DEGREE_DAYS
HEATING TOTAL    2882              2767     115
 SINCE 7/1         MM              1081      MM

FREEZE DATES
RECORD
 EARLIEST     10/18/1948
 LATEST       12/18/1998
EARLIEST                        11/13
LATEST                          03/23
.................................................

WIND (MPH)
AVERAGE WIND SPEED              7.6
HIGHEST WIND SPEED/DIRECTION    45/330    DATE  06/05
HIGHEST GUST SPEED/DIRECTION    53/330    DATE  06/05

SKY COVER
POSSIBLE SUNSHINE (PERCENT)   MM
AVERAGE SKY COVER           0.60
NUMBER OF DAYS FAIR           77
NUMBER OF DAYS PC            176
NUMBER OF DAYS CLOUDY        112

AVERAGE RH (PERCENT)     65

WEATHER CONDITIONS. NUMBER OF DAYS WITH
THUNDERSTORM              0     MIXED PRECIP               0
HEAVY RAIN               49     RAIN                      53
LIGHT RAIN              156     FREEZING RAIN              1
LT FREEZING RAIN          1     HAIL                       0
HEAVY SNOW                0     SNOW                       1
LIGHT SNOW                7     SLEET                      3
FOG                     131     FOG W/VIS <= 1/4 MILE     18
HAZE                     42

-  INDICATES NEGATIVE NUMBERS.
R  INDICATES RECORD WAS SET OR TIED.
MM INDICATES DATA IS MISSING.
T  INDICATES TRACE AMOUNT.

$$
