000
CXUS51 KCTP 032148
CLABFD

CLIMATE REPORT
NATIONAL WEATHER SERVICE STATE COLLEGE PA
448 PM EST TUE JAN 3 2017

...................................

...THE BRADFORD CLIMATE SUMMARY FOR THE YEAR OF 2016...

CLIMATE NORMAL PERIOD 1981 TO 2010
CLIMATE RECORD PERIOD 1957 TO 2017

WEATHER         OBSERVED          NORMAL  DEPART
                 VALUE   DATE(S)  VALUE   FROM
                                          NORMAL
................................................
TEMPERATURE (F)
RECORD
 HIGH              97   07/22/2011
                        07/16/1988
 LOW              -30   02/11/1979
HIGHEST            87   07/23        MM      MM
LOWEST            -11   02/14        MM      MM
AVG. MAXIMUM     57.4              54.5     2.9
AVG. MINIMUM     36.4              33.9     2.5
MEAN             46.9              44.2     2.7
DAYS MAX >= 90      0                MM      MM
DAYS MAX <= 32     49                MM      MM
DAYS MIN <= 32    153                MM      MM
DAYS MIN <= 0       4                MM      MM

PRECIPITATION (INCHES)
RECORD
 MAXIMUM        60.65   1992
 MINIMUM        25.97   2001
TOTALS          44.50             44.46    0.04
DAILY AVG.       0.12              0.12    0.00
DAYS >= .01       168                MM      MM
DAYS >= .10        99                MM      MM
DAYS >= .50        25                MM      MM
DAYS >= 1.00        9                MM      MM
GREATEST
 24 HR. TOTAL    2.62   MM
 STORM TOTAL       MM
 (MM/DD(HH))            MM

DEGREE_DAYS
HEATING TOTAL    6874              7773    -899
 SINCE 7/1       2556              3056    -500
COOLING TOTAL     370               193     177
 SINCE 1/1        370               193     177

FREEZE DATES
RECORD
 EARLIEST     08/05/1972
 LATEST       06/30/1961
EARLIEST                        MM
LATEST                          MM
.................................................

WIND (MPH)
AVERAGE WIND SPEED              6.8
HIGHEST WIND SPEED/DIRECTION    35/320    DATE  04/03
HIGHEST GUST SPEED/DIRECTION    52/300    DATE  04/03

SKY COVER
POSSIBLE SUNSHINE (PERCENT)   MM
AVERAGE SKY COVER           0.50
NUMBER OF DAYS FAIR          129
NUMBER OF DAYS PC            109
NUMBER OF DAYS CLOUDY        128

AVERAGE RH (PERCENT)     72

WEATHER CONDITIONS. NUMBER OF DAYS WITH
THUNDERSTORM             34     MIXED PRECIP               0
HEAVY RAIN               50     RAIN                      78
LIGHT RAIN              154     FREEZING RAIN              3
LT FREEZING RAIN          8     HAIL                       0
HEAVY SNOW               14     SNOW                      31
LIGHT SNOW               83     SLEET                      0
FOG                     256     FOG W/VIS <= 1/4 MILE     59
HAZE                     55

-  INDICATES NEGATIVE NUMBERS.
R  INDICATES RECORD WAS SET OR TIED.
MM INDICATES DATA IS MISSING.
T  INDICATES TRACE AMOUNT.

$$
