000
CXUS51 KRLX 192036
CLABKW

CLIMATE REPORT
NATIONAL WEATHER SERVICE CHARLESTON WV
320 PM EST THU JAN 19 2017

...................................

...THE BECKLEY CLIMATE SUMMARY FOR THE YEAR OF 2016...

CLIMATE NORMAL PERIOD 1981 TO 2010
CLIMATE RECORD PERIOD 1963 TO 2017

WEATHER         OBSERVED          NORMAL  DEPART
                 VALUE   DATE(S)  VALUE   FROM
                                          NORMAL
................................................
TEMPERATURE (F)
HIGHEST            91   07/24
LOWEST             -2   02/14
AVG. MAXIMUM     63.7              61.3     2.4
AVG. MINIMUM     44.6
MEAN             54.1              51.9     2.2
DAYS MAX >= 90      1
DAYS MAX <= 32     28
DAYS MIN <= 32     97
DAYS MIN <= 0       1

PRECIPITATION (INCHES)
TOTALS          47.64             41.19
DAILY AVG.       0.13
DAYS >= .01       147
DAYS >= .10       101
DAYS >= .50        35
DAYS >= 1.00       10
GREATEST
 24 HR. TOTAL    1.86   MM

SNOWFALL (INCHES)
TOTALS           50.5
SINCE 7/1         5.0              15.9

DEGREE_DAYS
HEATING TOTAL    4701              5340
 SINCE 7/1         MM              2093
COOLING TOTAL     844               558
 SINCE 1/1        844               557
.................................................

WIND (MPH)
AVERAGE WIND SPEED              7.2
HIGHEST WIND SPEED/DIRECTION    43/280    DATE  04/02
HIGHEST GUST SPEED/DIRECTION    57/310    DATE  07/08

AVERAGE RH (PERCENT)     68

WEATHER CONDITIONS. NUMBER OF DAYS WITH
THUNDERSTORM              0     MIXED PRECIP               0
HEAVY RAIN               59     RAIN                      75
LIGHT RAIN              148     FREEZING RAIN              1
LT FREEZING RAIN          4     HAIL                       0
HEAVY SNOW               10     SNOW                      17
LIGHT SNOW               50     SLEET                      0
FOG                     179     FOG W/VIS <= 1/4 MILE     47
HAZE                     27

-  INDICATES NEGATIVE NUMBERS.
R  INDICATES RECORD WAS SET OR TIED.
MM INDICATES DATA IS MISSING.
T  INDICATES TRACE AMOUNT.
...................................

$$
