000
CXUS42 KFFC 021755 RRB
CLACSG

CLIMATE REPORT
NATIONAL WEATHER SERVICE PEACHTREE CITY GA
959 AM EST FRI JAN 2 2015

...................................

...THE COLUMBUS CLIMATE SUMMARY FOR THE YEAR OF 2014...

CLIMATE NORMAL PERIOD 1981 TO 2010
CLIMATE RECORD PERIOD 1948 TO 2015

WEATHER         OBSERVED          NORMAL  DEPART
                 VALUE   DATE(S)  VALUE   FROM
                                          NORMAL
................................................
TEMPERATURE (F)
RECORD
 HIGH             106   06/30/2012
 LOW               -2   01/21/1985
HIGHEST            98   08/23        MM      MM
                        08/22
LOWEST             11   01/07        MM      MM
AVG. MAXIMUM     75.3              76.3    -1.0
AVG. MINIMUM     53.4              55.1    -1.7
MEAN             64.3              65.7    -1.4
DAYS MAX >= 90     80              73.2     6.8
DAYS MAX <= 32      2               0.2     1.8
DAYS MIN <= 32     39              28.2    10.8
DAYS MIN <= 0       0               0.0     0.0

PRECIPITATION (INCHES)
RECORD
 MAXIMUM        53.58   2003
 MINIMUM        19.32   2001
TOTALS          52.13             46.75    5.38
DAILY AVG.       0.14              0.13    0.01
DAYS >= .01       102             105.7    -3.7
DAYS >= .10        61              70.7    -9.7
DAYS >= .50        29              31.3    -2.3
DAYS >= 1.00       19              12.8     6.2
GREATEST
 24 HR. TOTAL    3.91   MM
 STORM TOTAL       MM
 (MM/DD(HH))            MM

SNOWFALL (INCHES)
RECORDS
 TOTAL              T   2012
                        2001
 24 HR TOTAL      9.0   12/22/2004 TO 12/22/2004
TOTALS            1.2R              0.4     0.8
 LIQUID EQUIV    0.12              0.00    0.12
SINCE 7/1         0.0               0.1    -0.1
 LIQUID 7/1      0.00
DAYS >= TRACE       2               0.4     1.6
DAYS >= 1.0         1               0.3     0.7
GREATEST
 SNOW DEPTH         0   MM
 24 HR TOTAL      1.2   MM
 STORM TOTAL       MM
 (MM/DD(HH))            MM

DEGREE_DAYS
HEATING TOTAL    2436              2122     314
 SINCE 7/1        863               829      34

FREEZE DATES
RECORD
 EARLIEST     MM
 LATEST       MM
EARLIEST                        MM
LATEST                          MM
.................................................

WIND (MPH)
AVERAGE WIND SPEED              5.1
HIGHEST WIND SPEED/DIRECTION    37/360    DATE  06/06
HIGHEST GUST SPEED/DIRECTION    54/230    DATE  08/19

SKY COVER
POSSIBLE SUNSHINE (PERCENT)    0
AVERAGE SKY COVER           0.30
NUMBER OF DAYS FAIR          234
NUMBER OF DAYS PC             86
NUMBER OF DAYS CLOUDY         45

AVERAGE RH (PERCENT)     66

WEATHER CONDITIONS. NUMBER OF DAYS WITH
THUNDERSTORM              0     MIXED PRECIP               0
HEAVY RAIN               44     RAIN                      59
LIGHT RAIN              122     FREEZING RAIN              1
LT FREEZING RAIN          1     HAIL                       0
HEAVY SNOW                0     SNOW                       1
LIGHT SNOW                0     SLEET                      1
FOG                     143     FOG W/VIS <= 1/4 MILE     15
HAZE                     63

-  INDICATES NEGATIVE NUMBERS.
R  INDICATES RECORD WAS SET OR TIED.
MM INDICATES DATA IS MISSING.
T  INDICATES TRACE AMOUNT.

$$
