252
CXUS52 KCAE 011711
CLACUB


CLIMATE REPORT
NATIONAL WEATHER SERVICE COLUMBIA SC
1206 PM EST SUN JAN 1 2017

...................................

...THE HAMILTON - OWENS AIRPORT SC CLIMATE SUMMARY FOR THE YEAR OF 2016...

CLIMATE NORMAL PERIOD 1981 TO 2010
CLIMATE RECORD PERIOD 9999 TO 9999

WEATHER         OBSERVED          NORMAL  DEPART
                 VALUE   DATE(S)  VALUE   FROM
                                          NORMAL
................................................
TEMPERATURE (F)
HIGHEST           102   07/08        MM      MM
                        07/03
                        07/05
LOWEST             22   01/19        MM      MM
AVG. MAXIMUM     77.7              75.7     2.0
AVG. MINIMUM     56.5              54.0     2.5
MEAN             67.1              64.9     2.2
DAYS MAX >= 90    107              71.4    35.6
DAYS MAX <= 32      0               0.2    -0.2
DAYS MIN <= 32     28              32.7    -4.7
DAYS MIN <= 0       0               0.0     0.0

PRECIPITATION (INCHES)
TOTALS          43.26             45.40   -2.14
DAILY AVG.       0.12              0.12    0.00
DAYS >= .01        99                MM      MM
DAYS >= .10        68                MM      MM
DAYS >= .50        25                MM      MM
DAYS >= 1.00        9                MM      MM
GREATEST
 24 HR. TOTAL    4.75   10/07 TO 10/08
 STORM TOTAL       MM
 (MM/DD(HH))            MM

SNOWFALL (INCHES)
TOTALS             MM                MM      MM
 LIQUID EQUIV      MM                MM      MM
SINCE 7/1          MM                MM      MM
 LIQUID 7/1        MM                MM      MM
SNOWDEPTH AVG.     MM                MM      MM
DAYS >= TRACE      MM                MM      MM
DAYS >= 1.0        MM                MM      MM
GREATEST
 SNOW DEPTH        MM
 24 HR TOTAL       MM
 STORM TOTAL       MM
 (MM/DD(HH))            MM

DEGREE_DAYS
HEATING TOTAL    1986              2316    -330
 SINCE 7/1        710               900    -190
COOLING TOTAL    2851              2262     589
 SINCE 1/1       2851              2260     591

FREEZE DATES
EARLIEST                        MM
LATEST                          MM
.................................................

WIND (MPH)
AVERAGE WIND SPEED              3.8
HIGHEST WIND SPEED/DIRECTION    33/260    DATE  02/24
HIGHEST GUST SPEED/DIRECTION    46/330    DATE  08/01



-  INDICATES NEGATIVE NUMBERS.
R  INDICATES RECORD WAS SET OR TIED.
MM INDICATES DATA IS MISSING.
T  INDICATES TRACE AMOUNT.

$$
