000
CXUS52 KCAE 012103
CLADNL


CLIMATE REPORT
NATIONAL WEATHER SERVICE COLUMBIA SC
332 PM EST MON JAN 1 2018

...................................

...THE AUGUSTA DANIEL FIELD GA CLIMATE SUMMARY FOR THE YEAR OF 2017...

CLIMATE NORMAL PERIOD 1981 TO 2010
CLIMATE RECORD PERIOD 9999 TO 9999

WEATHER         OBSERVED          NORMAL  DEPART  LAST YEAR`S
                 VALUE   DATE(S)  VALUE   FROM    VALUE  DATE(S)
                                          NORMAL
................................................................
TEMPERATURE (F)
HIGHEST            98   07/20        MM      MM      102  07/03
                        07/06
LOWEST             24   01/08        MM      MM       24  01/19
AVG. MAXIMUM     79.0              75.1     3.9     78.4
AVG. MINIMUM     59.3              55.4     3.9     58.8
MEAN             69.1              65.2     3.9     68.6
DAYS MAX >= 90    105              61.7    43.3      110
DAYS MAX <= 32      0               0.1    -0.1        0
DAYS MIN <= 32      9              21.5   -12.5       16
DAYS MIN <= 0       0               0.0     0.0        0

PRECIPITATION (INCHES)
TOTALS          40.86             46.55   -5.69    36.49
DAILY AVG.       0.11              0.13   -0.02     0.10
DAYS >= .01       109                MM      MM       93
DAYS >= .10        60                MM      MM       58
DAYS >= .50        23                MM      MM       26
DAYS >= 1.00       11                MM      MM        5
GREATEST
 24 HR. TOTAL    4.14   01/01 TO 01/03


DEGREE_DAYS
HEATING TOTAL    1363              2172    -809     1673
 SINCE 7/1        682               839    -157      564
COOLING TOTAL    2979              2261     718     3078
 SINCE 1/1       2979              2261     718     3078


..................................................

WIND (MPH)
AVERAGE WIND SPEED              5.8
RESULTANT WIND SPEED/DIRECTION   1/110
HIGHEST WIND SPEED/DIRECTION    37/050    DATE  09/11
HIGHEST GUST SPEED/DIRECTION    57/040    DATE  09/11

SKY COVER
POSSIBLE SUNSHINE (PERCENT)   MM
AVERAGE SKY COVER           0.30
NUMBER OF DAYS FAIR          227
NUMBER OF DAYS PC            102
NUMBER OF DAYS CLOUDY         36

AVERAGE RH (PERCENT)     61

WEATHER CONDITIONS. NUMBER OF DAYS WITH
THUNDERSTORM              0     MIXED PRECIP               0
HEAVY RAIN               47     RAIN                      52
LIGHT RAIN              141     FREEZING RAIN              0
LT FREEZING RAIN          0     HAIL                       0
HEAVY SNOW                0     SNOW                       0
LIGHT SNOW                1     SLEET                      0
FOG                     111     FOG W/VIS <= 1/4 MILE     23
HAZE                     55

-  INDICATES NEGATIVE NUMBERS.
R  INDICATES RECORD WAS SET OR TIED.
MM INDICATES DATA IS MISSING.
T  INDICATES TRACE AMOUNT.

$$
