398
CXUS52 KCAE 011712
CLADNL


CLIMATE REPORT
NATIONAL WEATHER SERVICE COLUMBIA SC
1206 PM EST SUN JAN 1 2017

...................................

...THE AUGUSTA DANIEL FIELD GA CLIMATE SUMMARY FOR THE YEAR OF 2016...

CLIMATE NORMAL PERIOD 1981 TO 2010
CLIMATE RECORD PERIOD 9999 TO 9999

WEATHER         OBSERVED          NORMAL  DEPART  LAST YEAR`S
                 VALUE   DATE(S)  VALUE   FROM    VALUE  DATE(S)
                                          NORMAL
................................................................
TEMPERATURE (F)
HIGHEST           102   07/03        MM      MM      103  07/21
LOWEST             24   01/19        MM      MM       17  01/08
AVG. MAXIMUM     78.4              75.1     3.3     77.4
AVG. MINIMUM     58.8              55.4     3.4     58.7
MEAN             68.6              65.2     3.4     68.0
DAYS MAX >= 90    110              61.7    48.3       90
DAYS MAX <= 32      0               0.1    -0.1        0
DAYS MIN <= 32     16              21.5    -5.5       17
DAYS MIN <= 0       0               0.0     0.0        0

PRECIPITATION (INCHES)
TOTALS          36.49             46.55  -10.06    40.25
DAILY AVG.       0.10              0.13   -0.03     0.11
DAYS >= .01        93                MM      MM      113
DAYS >= .10        58                MM      MM       74
DAYS >= .50        26                MM      MM       31
DAYS >= 1.00        5                MM      MM        8
GREATEST
 24 HR. TOTAL    3.70   09/01 TO 09/02           12/31 TO 12/31
                                                          12/31 TO 12/31
                                                          12/31 TO 12/31
 STORM TOTAL       MM                                 MM
 (MM/DD(HH))            MM                    12/31(00) TO 12/31(00)
                                                 12/31(00) TO 12/31(00)1
                                                 12/31(00) TO 12/31(00)1

SNOWFALL (INCHES)
TOTALS             MM                MM      MM      0.0
 LIQUID EQUIV      MM                MM      MM     0.00
SINCE 7/1          MM                MM      MM       MM
 LIQUID 7/1        MM                MM      MM       MM
SNOWDEPTH AVG.     MM                MM      MM        0
DAYS >= TRACE      MM                MM      MM        0
DAYS >= 1.0        MM                MM      MM        0
GREATEST
 SNOW DEPTH        MM                                  0  MM
 24 HR TOTAL       MM                            12/31 TO 12/31
                                                          12/31 TO 12/31
                                                          12/31 TO 12/31
 STORM TOTAL       MM                                 MM
 (MM/DD(HH))            MM                    12/31(00) TO 12/31(00)
                                                 12/31(00) TO 12/31(00)1
                                                 12/31(00) TO 12/31(00)1

DEGREE_DAYS
HEATING TOTAL    1673              2172    -499     1625
 SINCE 7/1        564               839    -275      354
COOLING TOTAL    3078              2261     817     2825
 SINCE 1/1       3078              2261     817     2825

FREEZE DATES
RECORD
 EARLIEST     MM
 LATEST       MM
EARLIEST                        MM
LATEST                          MM
..................................................

WIND (MPH)
AVERAGE WIND SPEED              5.9
RESULTANT WIND SPEED/DIRECTION   0/080
HIGHEST WIND SPEED/DIRECTION    36/210    DATE  02/24
HIGHEST GUST SPEED/DIRECTION    53/200    DATE  02/24

SKY COVER
POSSIBLE SUNSHINE (PERCENT)   MM
AVERAGE SKY COVER           0.30
NUMBER OF DAYS FAIR          246
NUMBER OF DAYS PC             83
NUMBER OF DAYS CLOUDY         37

AVERAGE RH (PERCENT)     60

WEATHER CONDITIONS. NUMBER OF DAYS WITH
THUNDERSTORM             42     MIXED PRECIP               0
HEAVY RAIN               50     RAIN                      47
LIGHT RAIN              122     FREEZING RAIN              0
LT FREEZING RAIN          0     HAIL                       0
HEAVY SNOW                0     SNOW                       0
LIGHT SNOW                1     SLEET                      0
FOG                      99     FOG W/VIS <= 1/4 MILE     18
HAZE                     67

-  INDICATES NEGATIVE NUMBERS.
R  INDICATES RECORD WAS SET OR TIED.
MM INDICATES DATA IS MISSING.
T  INDICATES TRACE AMOUNT.

$$
