833
CXUS51 KRLX 192037
CLAEKN

CLIMATE REPORT
NATIONAL WEATHER SERVICE CHARLESTON WV
320 PM EST THU JAN 19 2017

...................................

...THE ELKINS CLIMATE SUMMARY FOR THE YEAR OF 2016...

CLIMATE NORMAL PERIOD 1981 TO 2010
CLIMATE RECORD PERIOD 1899 TO 2017

WEATHER         OBSERVED          NORMAL  DEPART
                 VALUE   DATE(S)  VALUE   FROM
                                          NORMAL
................................................
TEMPERATURE (F)
HIGHEST            92   07/25
LOWEST             -9   02/14
AVG. MAXIMUM     64.5              61.7     2.8
AVG. MINIMUM     40.5
MEAN             52.5              50.3     2.2
DAYS MAX >= 90      9
DAYS MAX <= 32     25
DAYS MIN <= 32    129
DAYS MIN <= 0       7

PRECIPITATION (INCHES)
TOTALS          45.09             45.93
DAILY AVG.       0.12
DAYS >= .01       162
DAYS >= .10        99
DAYS >= .50        30
DAYS >= 1.00        7
GREATEST
 24 HR. TOTAL    4.05   MM

SNOWFALL (INCHES)
TOTALS           68.8
SINCE 7/1        10.2              22.4

DEGREE_DAYS
HEATING TOTAL    5263              5851
 SINCE 7/1         MM              2291
COOLING TOTAL     809               476
 SINCE 1/1        809               475
.................................................

WIND (MPH)
AVERAGE WIND SPEED              4.4
HIGHEST WIND SPEED/DIRECTION    33/280    DATE  04/02
HIGHEST GUST SPEED/DIRECTION    54/300    DATE  04/02

AVERAGE RH (PERCENT)     67

WEATHER CONDITIONS. NUMBER OF DAYS WITH
THUNDERSTORM              0     MIXED PRECIP               0
HEAVY RAIN               56     RAIN                      74
LIGHT RAIN              164     FREEZING RAIN              2
LT FREEZING RAIN          1     HAIL                       0
HEAVY SNOW               10     SNOW                      17
LIGHT SNOW               63     SLEET                      0
FOG                     256     FOG W/VIS <= 1/4 MILE     99
HAZE                     61

-  INDICATES NEGATIVE NUMBERS.
R  INDICATES RECORD WAS SET OR TIED.
MM INDICATES DATA IS MISSING.
T  INDICATES TRACE AMOUNT.
...................................

$$
