000
CXUS53 KFGF 011232 CCA
CLAFAR

CLIMATE REPORT
NATIONAL WEATHER SERVICE EASTERN NORTH DAKOTA/GRAND FORKS
517 AM CST SUN JAN 1 2017

...................................

...THE FARGO HECTOR INTL AP ND CLIMATE SUMMARY FOR THE YEAR OF 2016...

CLIMATE NORMAL PERIOD 1981 TO 2010
CLIMATE RECORD PERIOD 1881 TO 2016

WEATHER         OBSERVED          NORMAL  DEPART  LAST YEAR`S
                 VALUE   DATE(S)  VALUE   FROM    VALUE  DATE(S)
                                          NORMAL
................................................................
TEMPERATURE (F)
RECORD
 HIGH             114   07/06/1936
 LOW              -48   01/08/1887
HIGHEST            92   07/22        52      40       97  10/11
LOWEST            -23   01/17        31     -54      -19  02/22
                                                          02/19
AVG. MAXIMUM     56.5              52.7     3.8     56.2
AVG. MINIMUM     36.8              32.0     4.8     34.5
MEAN             46.7              42.4     4.3     45.4
DAYS MAX >= 90      9              11.6    -2.6       13
DAYS MAX <= 32     67              88.3   -21.3       71
DAYS MIN <= 32    149             172.0   -23.0      157
DAYS MIN <= 0      24              41.7   -17.7       38

PRECIPITATION (INCHES)
RECORD
 MAXIMUM        34.76   2000
 MINIMUM         8.53   1976
TOTALS          23.53             22.58    0.95    21.32
DAILY AVG.       0.06              0.06    0.00     0.06
DAYS >= .01       114             105.8     8.2       99
DAYS >= .10        48              48.6    -0.6       45
DAYS >= .50        14              12.4     1.6       13
DAYS >= 1.00        5               4.1     0.9        1
GREATEST
 24 HR. TOTAL    2.11   MM                       12/31 TO 12/31


 STORM TOTAL       MM                                 MM
 (MM/DD(HH))            MM                    12/31(00) TO 12/31(00)


SNOWFALL (INCHES)
RECORDS
 TOTAL           98.1   1996
 24 HR TOTAL     12.6   MM
 SNOW DEPTH        21   01/23/2011
                        01/22/2011
                        01/21/2011
TOTALS           28.8              50.1   -21.3     22.1
 LIQUID EQUIV    2.88                MM      MM     2.21
SINCE 7/1        12.0              19.8    -7.8     10.6
 LIQUID 7/1      1.20              2.00   -0.80     1.06
SNOWDEPTH AVG.      1                MM      MM        1
DAYS >= TRACE      79              38.4    40.6       67
DAYS >= 1.0         9              14.2    -5.2        5
GREATEST
 SNOW DEPTH         9   01/15                          5  12/17
                                                          02/18
                                                          02/16
 24 HR TOTAL      3.4   MM                       12/31 TO 12/31


 STORM TOTAL       MM                                 MM
 (MM/DD(HH))            MM                    12/31(00) TO 12/31(00)



DEGREE_DAYS
HEATING TOTAL    7256              8800   -1544     7677
 SINCE 7/1         MM              3540      MM       MM

FREEZE DATES
RECORD
 EARLIEST     MM
 LATEST       MM
EARLIEST                        MM
LATEST                          MM
..................................................

WIND (MPH)
AVERAGE WIND SPEED              11.3
RESULTANT WIND SPEED/DIRECTION   1/222
HIGHEST WIND SPEED/DIRECTION    53/310    DATE  07/26
HIGHEST GUST SPEED/DIRECTION    69/360    DATE  07/20

SKY COVER
POSSIBLE SUNSHINE (PERCENT)   MM
AVERAGE SKY COVER           0.40
NUMBER OF DAYS FAIR          171
NUMBER OF DAYS PC            117
NUMBER OF DAYS CLOUDY         77

AVERAGE RH (PERCENT)     68

WEATHER CONDITIONS. NUMBER OF DAYS WITH
THUNDERSTORM              0     MIXED PRECIP               0
HEAVY RAIN               19     RAIN                      35
LIGHT RAIN              102     FREEZING RAIN              1
LT FREEZING RAIN          2     HAIL                       1
HEAVY SNOW                3     SNOW                      10
LIGHT SNOW               70     SLEET                      1
FOG                     143     FOG W/VIS <= 1/4 MILE     20
HAZE                     53

-  INDICATES NEGATIVE NUMBERS.
R  INDICATES RECORD WAS SET OR TIED.
MM INDICATES DATA IS MISSING.
T  INDICATES TRACE AMOUNT.

&&

REMARKS...

2016 AT THE FARGO (HECTOR INTL AIRPORT) SITE WAS MUCH WARMER THAN
AVERAGE. IN FACT, THE AVERAGE TEMPERATURE OF 46.7 DEGREES WAS THE
HIGHEST RECORDED SINCE MEASUREMENTS BEGAN IN 1881. THE PREVIOUS
HIGH WAS ONLY 4 YEARS AGO IN 2012, WITH A MARK OF 46.3 DEGREES.

DURING 2016 23.53 INCHES OF PRECIPITATION FELL, ABOUT AN INCH HIGHER
THAN AVERAGE. ANNUAL SNOWFALL WAS 28.8 INCHES, FAR SHORT OF THE
AVERAGE OF 50 INCHES.

REMEMBER...THIS DATA IS PROVISIONAL AND SUBJECT TO CHANGE. THE FINAL
AND OFFICIAL RECORDS WILL BE AVAILABLE FROM THE FROM THE NATIONAL
CENTERS FOR ENVIRONMENTAL INFORMATION (FORMERLY THE NATIONAL CLIMATE
DATA CENTER).

$$
