000
CXUS52 KRAH 251400
CLAFAY

CLIMATE REPORT
NATIONAL WEATHER SERVICE RALEIGH NC
440 AM EST WED JAN 25 2017

...................................

...THE FAYETTEVILLE REGL AIRPORT NC CLIMATE SUMMARY FOR THE YEAR OF 2016...

CLIMATE NORMAL PERIOD 1981 TO 2010
CLIMATE RECORD PERIOD 1910 TO 2017

WEATHER         OBSERVED          NORMAL  DEPART
                 VALUE   DATE(S)  VALUE   FROM
                                          NORMAL
................................................
TEMPERATURE (F)
RECORD
 HIGH             107   08/09/2007
                        07/22/1932
 LOW                    01/22/1985
                        01/21/1985
HIGHEST           101   07/30
                        07/27
                        07/28
LOWEST             19   02/14
AVG. MINIMUM     54.1              52.0     2.1
MEAN             64.7              63.0     1.7
DAYS MAX >= 90     93              57.1    35.9
DAYS MAX <= 32      1               0.6     0.4
DAYS MIN <= 32     49              46.0     3.0
DAYS MIN <= 0       0               0.0     0.0

PRECIPITATION (INCHES)
RECORD
 MAXIMUM        69.12   1936
 MINIMUM        29.47   2007
TOTALS          56.25             44.46   11.79
DAYS >= .01       115
DAYS >= .10        71
DAYS >= .50        25
DAYS >= 1.00        8
GREATEST
 24 HR. TOTAL   14.81   10/07 TO 10/08

DEGREE_DAYS
HEATING TOTAL    2525              2732    -207
COOLING TOTAL    2527              1993     534
.................................................

WIND (MPH)
AVERAGE WIND SPEED              7.5
RESULTANT WIND SPEED/DIRECTION   1/271
HIGHEST WIND SPEED/DIRECTION    40/MM     DATE   MM
HIGHEST GUST SPEED/DIRECTION    62/MM     DATE   MM

SKY COVER
POSSIBLE SUNSHINE (PERCENT)    0
AVERAGE SKY COVER           0.30
NUMBER OF DAYS FAIR          226
NUMBER OF DAYS PC             98
NUMBER OF DAYS CLOUDY         42

AVERAGE RH (PERCENT)     67

WEATHER CONDITIONS. NUMBER OF DAYS WITH
THUNDERSTORM             66     MIXED PRECIP               0
HEAVY RAIN               36     RAIN                      50
LIGHT RAIN              120     FREEZING RAIN              2
LT FREEZING RAIN          2     HAIL                       0
HEAVY SNOW                0     SNOW                       0
LIGHT SNOW                2     SLEET                      0
FOG                     174     FOG W/VIS <= 1/4 MILE     26
HAZE                     29

-  INDICATES NEGATIVE NUMBERS.
R  INDICATES RECORD WAS SET OR TIED.
MM INDICATES DATA IS MISSING.
T  INDICATES TRACE AMOUNT.

$$
