000
CXUS52 KRAH 011347
CLAFAY

CLIMATE REPORT - PRELIMINARY...CORRECTED
NATIONAL WEATHER SERVICE RALEIGH NC
846 AM EST MON JAN 1 2018

...................................

...THE FAYETTEVILLE REGL AIRPORT NC CLIMATE SUMMARY FOR THE YEAR OF 2017...

CLIMATE NORMAL PERIOD 1981 TO 2010
CLIMATE RECORD PERIOD 1910 TO 2017

WEATHER         OBSERVED          NORMAL  DEPART
                 VALUE   DATE(S)  VALUE   FROM
                                          NORMAL
................................................
TEMPERATURE (F)
RECORD
 HIGH             107   08/09/2007
                        07/22/1932
 LOW                    01/22/1985
                        01/21/1985
HIGHEST           102   07/23        MM      MM
LOWEST             14   01/09        MM      MM
AVG. MINIMUM     56.4              52.0     4.4
MEAN             67.5              63.0     4.5
DAYS MAX >= 90     80              57.1    22.9
DAYS MAX <= 32      1               0.6     0.4
DAYS MIN <= 32     26              46.0   -20.0
DAYS MIN <= 0       0               0.0     0.0

PRECIPITATION (INCHES)
RECORD
 MAXIMUM        69.12   1936
 MINIMUM        29.47   2007
TOTALS          38.83             44.46   -5.63
DAYS >= .01        91                MM      MM
DAYS >= .10        55                MM      MM
DAYS >= .50        29                MM      MM
DAYS >= 1.00       11                MM      MM
GREATEST
 24 HR. TOTAL    2.79   4/23-4/24

DEGREE_DAYS
HEATING TOTAL    1552              2732   -1180
COOLING TOTAL    2469              1993     476
.................................................

WIND (MPH)
AVERAGE WIND SPEED              7.4
RESULTANT WIND SPEED/DIRECTION   1/243
HIGHEST WIND SPEED/DIRECTION    40/010    DATE  07/23
HIGHEST GUST SPEED/DIRECTION    55/360    DATE  07/23

SKY COVER
POSSIBLE SUNSHINE (PERCENT)    0
AVERAGE SKY COVER           0.30
NUMBER OF DAYS FAIR          211
NUMBER OF DAYS PC             93
NUMBER OF DAYS CLOUDY         30

AVERAGE RH (PERCENT)     68

WEATHER CONDITIONS. NUMBER OF DAYS WITH
THUNDERSTORM              0     MIXED PRECIP               0
HEAVY RAIN               31     RAIN                      39
LIGHT RAIN               99     FREEZING RAIN              1
LT FREEZING RAIN          1     HAIL                       0
HEAVY SNOW                0     SNOW                       0
LIGHT SNOW                2     SLEET                      0
FOG                     120     FOG W/VIS <= 1/4 MILE     14
HAZE                     14

-  INDICATES NEGATIVE NUMBERS.
R  INDICATES RECORD WAS SET OR TIED.
MM INDICATES DATA IS MISSING.
T  INDICATES TRACE AMOUNT.

$$
