739
CXUS53 KFGF 011554 CCB
CLAGFK

CLIMATE REPORT
NATIONAL WEATHER SERVICE EASTERN NORTH DAKOTA/GRAND FORKS
954 AM CST SUN JAN 1 2017

...................................

...THE GRAND FORKS INTL AP ND CLIMATE SUMMARY FOR THE YEAR OF 2016...

CLIMATE NORMAL PERIOD 1981 TO 2010
CLIMATE RECORD PERIOD 1941 TO 2016

WEATHER         OBSERVED          NORMAL  DEPART  LAST YEAR`S
                 VALUE   DATE(S)  VALUE   FROM    VALUE  DATE(S)
                                          NORMAL
................................................................
TEMPERATURE (F)
RECORD
 HIGH             104   07/05/1988
                        08/07/1983
 LOW              -43   01/30/2004
HIGHEST            93   05/05        51      42       96  08/14
LOWEST            -24   12/18        29     -53      -28  02/19
AVG. MAXIMUM     54.5              51.1     3.4     54.2
AVG. MINIMUM     34.2              28.9     5.3     31.1
MEAN             44.4              40.0     4.4     42.7
DAYS MAX >= 90      4               8.9    -4.9        9
DAYS MAX <= 32     70              97.3   -27.3       80
DAYS MIN <= 32    159             187.2   -28.2      181
DAYS MIN <= 0      29              51.2   -22.2       45

PRECIPITATION (INCHES)
RECORD
 MAXIMUM        27.77   2010
 MINIMUM        12.61   1989
TOTALS          26.72             20.81    5.91    21.31
DAILY AVG.       0.07              0.06    0.01     0.06
DAYS >= .01       108             103.2     4.8       87
DAYS >= .10        49              44.7     4.3       45
DAYS >= .50        16              11.4     4.6       13
DAYS >= 1.00        5               3.6     1.4        5
GREATEST
 24 HR. TOTAL    2.99   MM                       12/31 TO 12/31


 STORM TOTAL       MM                                 MM
 (MM/DD(HH))            MM                    12/31(00) TO 12/31(00)



SNOWFALL (INCHES)
RECORDS
 TOTAL           96.4   1997
 24 HR TOTAL     11.5   MM
 SNOW DEPTH        15   02/17/2014
                        01/26/2014
TOTALS           36.6              47.1   -10.5     29.2
 LIQUID EQUIV    3.66                MM      MM     2.92
SINCE 7/1        26.2              19.9     6.3     18.0
 LIQUID 7/1      2.62                MM      MM     1.80
SNOWDEPTH AVG.      1                MM      MM        1
DAYS >= TRACE      77              41.5    35.5       67
DAYS >= 1.0         9              14.3    -5.3        9
GREATEST
 SNOW DEPTH        10   12/07                          6  12/16
 24 HR TOTAL      8.8   12/06 TO 12/06           12/31 TO 12/31


 STORM TOTAL       MM                                 MM
 (MM/DD(HH))            MM                    12/31(00) TO 12/31(00)



DEGREE_DAYS
HEATING TOTAL    7886              9516   -1630     8463
 SINCE 7/1         MM              3859      MM       MM
COOLING TOTAL     434               379      55      476
 SINCE 1/1        434               379      55      476

FREEZE DATES
RECORD
 EARLIEST     MM
 LATEST       MM
EARLIEST                        MM
LATEST                          MM
..................................................

WIND (MPH)
AVERAGE WIND SPEED              11.0
HIGHEST WIND SPEED/DIRECTION    49/330    DATE  08/03
HIGHEST GUST SPEED/DIRECTION    58/330    DATE  08/03

SKY COVER
POSSIBLE SUNSHINE (PERCENT)   MM
AVERAGE SKY COVER           0.60
NUMBER OF DAYS FAIR           91
NUMBER OF DAYS PC            159
NUMBER OF DAYS CLOUDY        115

AVERAGE RH (PERCENT)     70

WEATHER CONDITIONS. NUMBER OF DAYS WITH
THUNDERSTORM              0     MIXED PRECIP               0
HEAVY RAIN               25     RAIN                      34
LIGHT RAIN              109     FREEZING RAIN              2
LT FREEZING RAIN          2     HAIL                       0
HEAVY SNOW                3     SNOW                      12
LIGHT SNOW               70     SLEET                      4
FOG                     129     FOG W/VIS <= 1/4 MILE     15
HAZE                     48

-  INDICATES NEGATIVE NUMBERS.
R  INDICATES RECORD WAS SET OR TIED.
MM INDICATES DATA IS MISSING.
T  INDICATES TRACE AMOUNT.

&&

REMARKS...

2016 AT THE GRAND FORKS INTERNATIONAL AIRPORT SITE WAS MUCH WARMER
AND WETTER THAN AVERAGE. THE AVERAGE TEMPERATURE OF 44.4 DEGREES
TURNED OUT TO BE THE HIGHEST RECORDED SINCE MEASUREMENTS BEGAN IN
1941.

DURING 2016 26.73 INCHES OF PRECIPITATION FELL, A GOOD 6 INCHES
ABOVE AVERAGE AND GOOD ENOUGH TO RANK 2ND ON THE LIST. THE HIGHEST
TOTAL OF 27.77 INCHES WAS RECORDED IN 2010.

SNOWFALL WAS RELATIVELY LOW, THE HIGHER DECEMBER AMOUNTS SOMEWHAT
OFFSET BY THE DEARTH OF SNOWFALL DURING THE EARLY PART OF THE YEAR.
THE 36.6 INCHES WAS ABOUT 10 INCHES BELOW AVERAGE.

REMEMBER...THIS DATA IS PROVISIONAL AND SUBJECT TO CHANGE. THE FINAL
AND OFFICIAL RECORDS WILL BE AVAILABLE FROM THE FROM THE NATIONAL
CENTERS FOR ENVIRONMENTAL INFORMATION (FORMERLY THE NATIONAL CLIMATE
DATA CENTER).

$$
