000
CXUS51 KPHI 061848 RRA
CLAILG

CLIMATE REPORT
NATIONAL WEATHER SERVICE MOUNT HOLLY NJ
144 PM EST WED JAN 6 2016

...................................

...THE WILMINGTON DE CLIMATE SUMMARY FOR THE YEAR OF 2015...

CLIMATE NORMAL PERIOD 1981 TO 2010
CLIMATE RECORD PERIOD 1894 TO 2016

WEATHER         OBSERVED          NORMAL  DEPART  LAST YEAR`S
                 VALUE   DATE(S)  VALUE   FROM    VALUE  DATE(S)
                                          NORMAL
................................................................
TEMPERATURE (F)
RECORD
 HIGH             107   08/07/1918
 LOW              -15   02/09/1934
HIGHEST            96   09/03        MM      MM       MM  MM
LOWEST              2   02/20        MM      MM       MM  MM
                        02/16
AVG. MAXIMUM     65.2              64.2     1.0       MM
AVG. MINIMUM     46.5              45.7     0.8       MM
MEAN             55.8              54.9     0.9       MM
DAYS MAX >= 90     19              17.6     1.4       MM
DAYS MAX <= 32     21              13.1     7.9       MM
DAYS MIN <= 32     95              89.4     5.6       MM
DAYS MIN <= 0       0               0.5    -0.5       MM

PRECIPITATION (INCHES)
RECORD
 MAXIMUM        48.74   2015
 MINIMUM        43.53   2015
TOTALS          48.74             43.08    5.66       MM
DAILY AVG.       0.13              0.12    0.01       MM
DAYS >= .01       119             117.7     1.3       MM
DAYS >= .10        81              71.6     9.4       MM
DAYS >= .50        37              29.6     7.4       MM
DAYS >= 1.00       12              11.3     0.7       MM
GREATEST
 24 HR. TOTAL    3.84   MM                            MM
 STORM TOTAL       MM                                 MM
 (MM/DD(HH))            MM                                MM

SNOWFALL (INCHES)
RECORDS
 TOTAL           22.9   2015
 24 HR TOTAL      7.0   MM
 SNOW DEPTH         6   03/07/2015
                        03/06/2015
TOTALS           22.9R             20.2     2.7       MM
 LIQUID EQUIV    2.29              2.00    0.29       MM
SINCE 7/1           T               3.8    -3.8       MM
 LIQUID 7/1        MM              0.40      MM       MM
SNOWDEPTH AVG.      0                MM      MM       MM
DAYS >= TRACE      28              11.8    16.2       MM
DAYS >= 1.0         7               5.4     1.6       MM
GREATEST
 SNOW DEPTH         6R  03/07                         MM  MM
                        03/06
 24 HR TOTAL      7.0R  MM                            MM
 STORM TOTAL       MM                                 MM
 (MM/DD(HH))            MM                                MM

DEGREE_DAYS
HEATING TOTAL    4602              4819    -217       MM
 SINCE 7/1         MM              1777      MM       MM
COOLING TOTAL    1389              1145     244       MM
 SINCE 1/1       1389              1145     244       MM

FREEZE DATES
RECORD
 EARLIEST     MM
 LATEST       MM
EARLIEST                        MM
LATEST                          MM
.................................................................

WIND (MPH)
AVERAGE WIND SPEED              8.4
RESULTANT WIND SPEED/DIRECTION   2/295
HIGHEST WIND SPEED/DIRECTION    53/300    DATE  06/23
HIGHEST GUST SPEED/DIRECTION    66/290    DATE  06/23

SKY COVER
POSSIBLE SUNSHINE (PERCENT)   MM
AVERAGE SKY COVER           0.40
NUMBER OF DAYS FAIR          193
NUMBER OF DAYS PC            111
NUMBER OF DAYS CLOUDY         59

AVERAGE RH (PERCENT)     68

WEATHER CONDITIONS. NUMBER OF DAYS WITH
THUNDERSTORM              0     MIXED PRECIP               0
HEAVY RAIN               49     RAIN                      71
LIGHT RAIN              144     FREEZING RAIN              3
LT FREEZING RAIN          5     HAIL                       1
HEAVY SNOW                4     SNOW                       7
LIGHT SNOW               29     SLEET                      1
FOG                     169     FOG W/VIS <= 1/4 MILE     35
HAZE                     54

-  INDICATES NEGATIVE NUMBERS.
R  INDICATES RECORD WAS SET OR TIED.
MM INDICATES DATA IS MISSING.
T  INDICATES TRACE AMOUNT.

$$
