000
CXUS51 KCTP 032146
CLAJST

CLIMATE REPORT
NATIONAL WEATHER SERVICE STATE COLLEGE PA
445 PM EST TUE JAN 3 2017

...................................

...THE JOHNSTOWN CLIMATE SUMMARY FOR THE YEAR OF 2016...

CLIMATE NORMAL PERIOD 1981 TO 2010
CLIMATE RECORD PERIOD 1892 TO 2017

WEATHER         OBSERVED          NORMAL  DEPART
                 VALUE   DATE(S)  VALUE   FROM
                                          NORMAL
................................................
TEMPERATURE (F)
RECORD
 HIGH             104   09/03/1953
                        07/09/1936
 LOW              -20   01/30/1977
HIGHEST            90   07/25        MM      MM
LOWEST                  02/14        MM      MM
                        01/05
AVG. MAXIMUM     58.8              55.9     2.9
AVG. MINIMUM     42.2              39.7     2.5
MEAN             50.5              47.8     2.7
DAYS MAX >= 90      1                MM      MM
DAYS MAX <= 32     42                MM      MM
DAYS MIN <= 32    116                MM      MM
DAYS MIN <= 0       2                MM      MM

PRECIPITATION (INCHES)
RECORD
 MAXIMUM        60.58   1927
 MINIMUM        28.63   2013
TOTALS          37.00             33.62    3.38
DAILY AVG.       0.10              0.11   -0.01
DAYS >= .01       151                MM      MM
DAYS >= .10        90                MM      MM
DAYS >= .50        24                MM      MM
DAYS >= 1.00        4                MM      MM
GREATEST
 24 HR. TOTAL    2.20   MM
 STORM TOTAL       MM
 (MM/DD(HH))            MM

DEGREE_DAYS
HEATING TOTAL    5880              6688    -808
 SINCE 7/1       2142              2584    -442
COOLING TOTAL     705               382     323
 SINCE 1/1        705               382     323

FREEZE DATES
RECORD
 EARLIEST     08/31/1894
 LATEST       05/27/1915
EARLIEST                        MM
LATEST                          MM
.................................................

WIND (MPH)
AVERAGE WIND SPEED              9.1
HIGHEST WIND SPEED/DIRECTION    40/240    DATE  03/01
HIGHEST GUST SPEED/DIRECTION    54/260    DATE  03/02

SKY COVER
POSSIBLE SUNSHINE (PERCENT)   MM
AVERAGE SKY COVER           0.50
NUMBER OF DAYS FAIR          129
NUMBER OF DAYS PC            132
NUMBER OF DAYS CLOUDY        105

AVERAGE RH (PERCENT)     68

WEATHER CONDITIONS. NUMBER OF DAYS WITH
THUNDERSTORM             38     MIXED PRECIP               0
HEAVY RAIN               44     RAIN                      73
LIGHT RAIN              151     FREEZING RAIN              9
LT FREEZING RAIN         14     HAIL                       0
HEAVY SNOW               12     SNOW                      25
LIGHT SNOW               71     SLEET                      0
FOG                     188     FOG W/VIS <= 1/4 MILE     66
HAZE                     95

-  INDICATES NEGATIVE NUMBERS.
R  INDICATES RECORD WAS SET OR TIED.
MM INDICATES DATA IS MISSING.
T  INDICATES TRACE AMOUNT.

$$
