000
CXUS51 KRNK 011927 RRB
CLALWB

CLIMATE REPORT
NATIONAL WEATHER SERVICE BLACKSBURG VA
621 AM EST THU JAN 1 2015

...................................

...THE LEWISBURG WV CLIMATE SUMMARY FOR THE YEAR OF 2014...

CLIMATE NORMAL PERIOD 1981 TO 2010
CLIMATE RECORD PERIOD 1973 TO 2014

WEATHER         OBSERVED          NORMAL  DEPART
                 VALUE   DATE(S)  VALUE   FROM
                                          NORMAL
................................................
TEMPERATURE (F)
RECORD
 HIGH              98   07/16/1988
 LOW              -24   12/23/1989
HIGHEST            89   09/02
                        07/13
                        07/02
LOWEST            -12   01/30
AVG. MAXIMUM     61.3              61.9    -0.6
AVG. MINIMUM     39.8              38.2     1.6
MEAN             50.5              50.1     0.4
DAYS MAX >= 90      0               3.4    -3.4
DAYS MAX <= 32     32              24.7     7.3
DAYS MIN <= 32    135             143.6    -8.6
DAYS MIN <= 0       9               3.3     5.7

SNOWFALL (INCHES)
TOTALS           40.1
SINCE 7/1         2.0
SNOWDEPTH AVG.      0
DAYS >= 1.0        10
GREATEST
 SNOW DEPTH        12

DEGREE_DAYS
HEATING TOTAL    5766              5935    -169
 SINCE 7/1       2025              2362    -337
COOLING TOTAL     619               499     120
 SINCE 1/1        619               499     120
.................................................

WIND (MPH)
AVERAGE WIND SPEED              3.9
HIGHEST WIND SPEED/DIRECTION    30/230    DATE  11/24
HIGHEST GUST SPEED/DIRECTION    48/260    DATE  03/12



-  INDICATES NEGATIVE NUMBERS.
R  INDICATES RECORD WAS SET OR TIED.
MM INDICATES DATA IS MISSING.
T  INDICATES TRACE AMOUNT.


REMARKS:
DUE TO HIGHLY SUSPECT PRECIPITATION VALUES FROM THE AUTOMATED RAIN
GAUGE...ALL LIQUID PRECIPITATION DATA WILL BE CODED AS MISSING.


$$
