000
CXUS42 KFFC 030139 CCA
CLAMCN

CLIMATE REPORT
NATIONAL WEATHER SERVICE PEACHTREE CITY GA
959 AM EST FRI JAN 2 2015

...................................

...THE MACON CLIMATE SUMMARY FOR THE YEAR OF 2014...

CLIMATE NORMAL PERIOD 1981 TO 2010
CLIMATE RECORD PERIOD 1899 TO 2015

WEATHER         OBSERVED          NORMAL  DEPART
                 VALUE   DATE(S)  VALUE   FROM
                                          NORMAL
................................................
TEMPERATURE (F)
RECORD
 HIGH             108   07/01/2012
                        06/30/2012
                        07/13/1980
 LOW               -6   01/21/1985
HIGHEST            99   08/22        MM      MM
LOWEST             11   01/30        MM      MM
                        01/07
AVG. MAXIMUM     75.5              76.5    -1.0
AVG. MINIMUM     50.2              52.6    -2.4
MEAN             62.9              64.6    -1.7
DAYS MAX >= 90     84              75.7     8.3
DAYS MAX <= 32      2               0.3     1.7
DAYS MIN <= 32     65              42.1    22.9
DAYS MIN <= 0       0               0.0     0.0

PRECIPITATION (INCHES)
RECORD
 MAXIMUM        53.11   2003
 MINIMUM        32.41   2012
TOTALS          48.49             45.68    2.81
DAILY AVG.       0.13              0.13    0.00
DAYS >= .01       107             105.8     1.2
DAYS >= .10        67              68.9    -1.9
DAYS >= .50        34              29.7     4.3
DAYS >= 1.00       16              13.7     2.3
GREATEST
 24 HR. TOTAL    3.75   MM
 STORM TOTAL       MM
 (MM/DD(HH))            MM

SNOWFALL (INCHES)
RECORDS
 TOTAL              T   2012
 24 HR TOTAL      2.1   MM
TOTALS            2.1R              0.7     1.4
 LIQUID EQUIV    0.21                MM      MM
SINCE 7/1         0.0               0.1    -0.1
 LIQUID 7/1      0.00
DAYS >= TRACE       3               0.7     2.3
DAYS >= 1.0         1               0.5     0.5
GREATEST
 SNOW DEPTH         0   MM
 24 HR TOTAL      2.1R  MM
 STORM TOTAL       MM
 (MM/DD(HH))            MM

DEGREE_DAYS
HEATING TOTAL    2707              2323     384
 SINCE 7/1        987               925      62

FREEZE DATES
RECORD
 EARLIEST     MM
 LATEST       MM
EARLIEST                        MM
LATEST                          MM
.................................................

WIND (MPH)
AVERAGE WIND SPEED              5.0
HIGHEST WIND SPEED/DIRECTION    40/040    DATE  09/02
HIGHEST GUST SPEED/DIRECTION    59/330    DATE  06/05

SKY COVER
POSSIBLE SUNSHINE (PERCENT)    0
AVERAGE SKY COVER           0.30
NUMBER OF DAYS FAIR          242
NUMBER OF DAYS PC             71
NUMBER OF DAYS CLOUDY         52

AVERAGE RH (PERCENT)     71

WEATHER CONDITIONS. NUMBER OF DAYS WITH
THUNDERSTORM              0     MIXED PRECIP               0
HEAVY RAIN               33     RAIN                      52
LIGHT RAIN              101     FREEZING RAIN              1
LT FREEZING RAIN          4     HAIL                       0
HEAVY SNOW                0     SNOW                       0
LIGHT SNOW                3     SLEET                      0
FOG                     213     FOG W/VIS <= 1/4 MILE     26
HAZE                     34

-  INDICATES NEGATIVE NUMBERS.
R  INDICATES RECORD WAS SET OR TIED.
MM INDICATES DATA IS MISSING.
T  INDICATES TRACE AMOUNT.

$$
