000
CXUS52 KCAE 011711
CLAOGB


CLIMATE REPORT
NATIONAL WEATHER SERVICE COLUMBIA SC
1206 PM EST SUN JAN 1 2017

...................................

...THE ORANGEBURG AIRPORT SC CLIMATE SUMMARY FOR THE YEAR OF 2016...

CLIMATE NORMAL PERIOD 1981 TO 2010
CLIMATE RECORD PERIOD 9999 TO 9999

WEATHER         OBSERVED          NORMAL  DEPART  LAST YEAR`S
                 VALUE   DATE(S)  VALUE   FROM    VALUE  DATE(S)
                                          NORMAL
................................................................
TEMPERATURE (F)
HIGHEST           101   07/08        MM      MM      102  06/17
LOWEST             24   01/20        MM      MM       16  02/20
AVG. MAXIMUM     77.1              75.6     1.5     76.9
AVG. MINIMUM     55.6              53.1     2.5     56.1
MEAN             66.4              64.4     2.0     66.5
DAYS MAX >= 90     95              63.2    31.8       82
DAYS MAX <= 32      0               0.2    -0.2        1
DAYS MIN <= 32     29              35.9    -6.9       29
DAYS MIN <= 0       0               0.0     0.0        0

PRECIPITATION (INCHES)
TOTALS          45.80             46.73   -0.93    55.50
DAILY AVG.       0.13              0.13    0.00     0.15
DAYS >= .01        97                MM      MM      127
DAYS >= .10        57                MM      MM       81
DAYS >= .50        25                MM      MM       35
DAYS >= 1.00       10                MM      MM       13
GREATEST
 24 HR. TOTAL    5.91   09/01 TO 09/02           12/31 TO 12/31
                                                          12/31 TO 12/31
                                                          12/31 TO 12/31
 STORM TOTAL       MM                                 MM
 (MM/DD(HH))            MM                    12/31(00) TO 12/31(00)
                                                 12/31(00) TO 12/31(00)1
                                                 12/31(00) TO 12/31(00)1

SNOWFALL (INCHES)
TOTALS             MM                MM      MM      0.0
 LIQUID EQUIV      MM                MM      MM     0.00
SINCE 7/1          MM                MM      MM       MM
 LIQUID 7/1        MM                MM      MM       MM
SNOWDEPTH AVG.     MM                MM      MM        0
DAYS >= TRACE      MM                MM      MM        0
DAYS >= 1.0        MM                MM      MM        0
GREATEST
 SNOW DEPTH        MM                                  0  MM
 24 HR TOTAL       MM                            12/31 TO 12/31
                                                          12/31 TO 12/31
                                                          12/31 TO 12/31
 STORM TOTAL       MM                                 MM
 (MM/DD(HH))            MM                    12/31(00) TO 12/31(00)
                                                 12/31(00) TO 12/31(00)1
                                                 12/31(00) TO 12/31(00)1

DEGREE_DAYS
HEATING TOTAL    2009              2334    -325     1801
 SINCE 7/1        752               904    -152      372
COOLING TOTAL    2562              2106     456     2501
 SINCE 1/1       2562              2106     456     2501

FREEZE DATES
RECORD
 EARLIEST     MM
 LATEST       MM
EARLIEST                        MM
LATEST                          MM
..................................................

WIND (MPH)
AVERAGE WIND SPEED              5.8
RESULTANT WIND SPEED/DIRECTION   1/240
HIGHEST WIND SPEED/DIRECTION    41/010    DATE  10/08
HIGHEST GUST SPEED/DIRECTION    64/MM     DATE   MM

SKY COVER
POSSIBLE SUNSHINE (PERCENT)   MM
AVERAGE SKY COVER           0.30
NUMBER OF DAYS FAIR          245
NUMBER OF DAYS PC             78
NUMBER OF DAYS CLOUDY         43

AVERAGE RH (PERCENT)     69

WEATHER CONDITIONS. NUMBER OF DAYS WITH
THUNDERSTORM             56     MIXED PRECIP               0
HEAVY RAIN               52     RAIN                      52
LIGHT RAIN              132     FREEZING RAIN              0
LT FREEZING RAIN          0     HAIL                       0
HEAVY SNOW                0     SNOW                       0
LIGHT SNOW                1     SLEET                      0
FOG                     183     FOG W/VIS <= 1/4 MILE     33
HAZE                     26

-  INDICATES NEGATIVE NUMBERS.
R  INDICATES RECORD WAS SET OR TIED.
MM INDICATES DATA IS MISSING.
T  INDICATES TRACE AMOUNT.

$$
