000
CXUS51 KPHI 061847
CLAPHL

CLIMATE REPORT
NATIONAL WEATHER SERVICE MOUNT HOLLY NJ
144 PM EST WED JAN 6 2016

...................................

...THE PHILADELPHIA PA CLIMATE SUMMARY FOR THE YEAR OF 2015...

CLIMATE NORMAL PERIOD 1981 TO 2010
CLIMATE RECORD PERIOD 1872 TO 2016

WEATHER         OBSERVED          NORMAL  DEPART  LAST YEAR`S
                 VALUE   DATE(S)  VALUE   FROM    VALUE  DATE(S)
                                          NORMAL
................................................................
TEMPERATURE (F)
RECORD
 HIGH             106   08/07/1918
 LOW              -11   02/09/1934
HIGHEST            96   09/03        MM      MM       MM  MM
LOWEST              2   02/20        MM      MM       MM  MM
AVG. MAXIMUM     66.2              64.7     1.5       MM
AVG. MINIMUM     49.1              47.2     1.9       MM
MEAN             57.6              55.9     1.7       MM
DAYS MAX >= 90     37              24.0    13.0       MM
DAYS MAX <= 32     22              13.2     8.8       MM
DAYS MIN <= 32     74              79.9    -5.9       MM
DAYS MIN <= 0       0               0.2    -0.2       MM

PRECIPITATION (INCHES)
RECORD
 MAXIMUM        47.00   2015
 MINIMUM        41.86   2015
TOTALS          47.00             41.53    5.47       MM
DAILY AVG.       0.13              0.11    0.02       MM
DAYS >= .01       113             118.2    -5.2       MM
DAYS >= .10        70              71.5    -1.5       MM
DAYS >= .50        37              28.4     8.6       MM
DAYS >= 1.00        9              10.6    -1.6       MM
GREATEST
 24 HR. TOTAL    4.77   MM                            MM
 STORM TOTAL       MM                                 MM
 (MM/DD(HH))            MM                                MM

SNOWFALL (INCHES)
RECORDS
 TOTAL           26.9   2015
 24 HR TOTAL      7.5   MM
 SNOW DEPTH         8   03/06/2015
TOTALS           26.9R             22.4     4.5       MM
 LIQUID EQUIV    2.69              2.20    0.49       MM
SINCE 7/1         0.0               3.7    -3.7       MM
 LIQUID 7/1      0.00              0.40   -0.40       MM
SNOWDEPTH AVG.      0                MM      MM       MM
DAYS >= TRACE      33              12.2    20.8       MM
DAYS >= 1.0         6               5.1     0.9       MM
GREATEST
 SNOW DEPTH         8R  03/06                         MM  MM
 24 HR TOTAL      7.5R  MM                            MM
 STORM TOTAL       MM                                 MM
 (MM/DD(HH))            MM                                MM

DEGREE_DAYS
HEATING TOTAL    4245              4613    -368       MM
 SINCE 7/1         MM              1670      MM       MM
COOLING TOTAL    1720              1301     419       MM
 SINCE 1/1       1720              1301     419       MM

FREEZE DATES
RECORD
 EARLIEST     MM
 LATEST       MM
EARLIEST                        MM
LATEST                          MM
.................................................................

WIND (MPH)
AVERAGE WIND SPEED              9.0
RESULTANT WIND SPEED/DIRECTION   3/279
HIGHEST WIND SPEED/DIRECTION    52/300    DATE  06/23
HIGHEST GUST SPEED/DIRECTION    72/280    DATE  06/23

SKY COVER
POSSIBLE SUNSHINE (PERCENT)    0
AVERAGE SKY COVER           0.60
NUMBER OF DAYS FAIR           65
NUMBER OF DAYS PC            161
NUMBER OF DAYS CLOUDY        139

AVERAGE RH (PERCENT)     61

WEATHER CONDITIONS. NUMBER OF DAYS WITH
THUNDERSTORM              0     MIXED PRECIP               0
HEAVY RAIN               33     RAIN                      58
LIGHT RAIN              136     FREEZING RAIN              1
LT FREEZING RAIN          6     HAIL                       2
HEAVY SNOW                5     SNOW                       9
LIGHT SNOW               31     SLEET                      9
FOG                     125     FOG W/VIS <= 1/4 MILE     13
HAZE                     56

-  INDICATES NEGATIVE NUMBERS.
R  INDICATES RECORD WAS SET OR TIED.
MM INDICATES DATA IS MISSING.
T  INDICATES TRACE AMOUNT.

$$
