987
CXUS51 KRLX 011131
CLAPKB

CLIMATE REPORT
NATIONAL WEATHER SERVICE CHARLESTON WV
555 AM EST MON JAN 1 2018

...................................

...THE PARKERSBURG WV CLIMATE SUMMARY FOR THE YEAR OF 2017...

CLIMATE NORMAL PERIOD 1981 TO 2010
CLIMATE RECORD PERIOD 1889 TO 2017

WEATHER         OBSERVED          NORMAL  DEPART  LAST YEAR`S
                 VALUE   DATE(S)  VALUE   FROM    VALUE
                                          NORMAL
.............................................................
TEMPERATURE (F)
RECORD
 HIGH             106   08/06/1918
 LOW              -27   02/10/1899
HIGHEST            91   09/27
LOWEST              0   12/31
AVG. MAXIMUM     66.0              64.4     1.6
AVG. MINIMUM     45.3              43.6     1.7
MEAN             55.7              54.0     1.7     56.1
DAYS MAX >= 90      6              14.5    -8.5       35
DAYS MAX <= 32     16              19.2    -3.2       20
DAYS MIN <= 32     91             101.4   -10.4      101
DAYS MIN <= 0       1               1.8    -0.8        2

PRECIPITATION (INCHES)
RECORD
 MAXIMUM        62.67   1890
 MINIMUM        19.70   1930
TOTALS          50.55             41.19    9.36    36.82
DAILY AVG.       0.14              0.11    0.03     0.10
DAYS >= .01       148             141.2     6.8      142
DAYS >= .10        89              84.4     4.6       82
DAYS >= .50        40              26.9    13.1       20
DAYS >= 1.00       10               8.2     1.8        6
GREATEST
 24 HR. TOTAL    2.71   MM                          2.79

DEGREE_DAYS
HEATING TOTAL    4273              4972    -699     4457
 SINCE 7/1       1893              1910     -17     1614
COOLING TOTAL     975               956      19     1352
 SINCE 1/1        975               955      20     1352
..............................................................

WIND (MPH)
AVERAGE WIND SPEED              5.5
HIGHEST WIND SPEED/DIRECTION    37/270    DATE  03/02
HIGHEST GUST SPEED/DIRECTION    54/260    DATE  03/02

SKY COVER
POSSIBLE SUNSHINE (PERCENT)    0
AVERAGE SKY COVER           0.50
NUMBER OF DAYS FAIR          146
NUMBER OF DAYS PC            132
NUMBER OF DAYS CLOUDY         87

AVERAGE RH (PERCENT)     70

WEATHER CONDITIONS. NUMBER OF DAYS WITH
THUNDERSTORM              0     MIXED PRECIP               0
HEAVY RAIN               50     RAIN                      73
LIGHT RAIN              152     FREEZING RAIN              0
LT FREEZING RAIN          0     HAIL                       0
HEAVY SNOW                3     SNOW                      10
LIGHT SNOW               29     SLEET                      0
FOG                     258     FOG W/VIS <= 1/4 MILE     69
HAZE                    107

-  INDICATES NEGATIVE NUMBERS.
R  INDICATES RECORD WAS SET OR TIED.
MM INDICATES DATA IS MISSING.
T  INDICATES TRACE AMOUNT.

$$
