000
CXUS55 KREV 011805
CLATVL


CLIMATE REPORT
NATIONAL WEATHER SERVICE RENO NV
1005 AM PST MON JAN 1 2018

...................................

...THE SOUTH LAKE TAHOE CA CLIMATE SUMMARY FOR THE YEAR OF 2017...

CLIMATE NORMAL PERIOD 1981 TO 2010
CLIMATE RECORD PERIOD 1968 TO 2017

WEATHER         OBSERVED          NORMAL  DEPART
                 VALUE   DATE(S)  VALUE   FROM
                                          NORMAL
................................................
TEMPERATURE (F)
RECORD
 HIGH              99   07/22/1988
 LOW              -29   02/07/1989
                        12/09/1972
HIGHEST            90   06/19
LOWEST             -1   01/27
AVG. MAXIMUM     59.6              59.8    -0.2
AVG. MINIMUM     31.0              28.0     3.0
MEAN             45.3              43.9     1.4
DAYS MAX >= 90      1               2.2    -1.2
DAYS MAX <= 32     11               9.1     1.9
DAYS MIN <= 32    205             226.8   -21.8
DAYS MIN <= 0       1               5.7    -4.7

PRECIPITATION (INCHES)
TOTALS          42.13
DAILY AVG.       0.12

SNOWFALL (INCHES)
TOTALS          148.4
SINCE 7/1         1.5
DAYS >= TRACE      73
DAYS >= 1.0        27
GREATEST
 SNOW DEPTH        60   01/24
 24 HR TOTAL     17.4   MM

DEGREE_DAYS
HEATING TOTAL    7153              7731    -578
 SINCE 7/1         MM              3183      MM
COOLING TOTAL      81                31      50
.................................................

WIND (MPH)
AVERAGE WIND SPEED              5.6
HIGHEST WIND SPEED/DIRECTION    43/180    DATE  04/06
HIGHEST GUST SPEED/DIRECTION    62/MM     DATE   MM


WEATHER CONDITIONS. NUMBER OF DAYS WITH
THUNDERSTORM              0     MIXED PRECIP               0
HEAVY RAIN               17     RAIN                      32
LIGHT RAIN               77     FREEZING RAIN              0
LT FREEZING RAIN          1     HAIL                       0
HEAVY SNOW               16     SNOW                      38
LIGHT SNOW               74     SLEET                      0
FOG                     100     FOG W/VIS <= 1/4 MILE     24
HAZE                     35

-  INDICATES NEGATIVE NUMBERS.
R  INDICATES RECORD WAS SET OR TIED.
MM INDICATES DATA IS MISSING.
T  INDICATES TRACE AMOUNT.

$$
