000
CXUS55 KREV 061939
CLATVL


CLIMATE REPORT
NATIONAL WEATHER SERVICE RENO NV
1238 PM PDT THU APR 6 2017

...................................

...THE SOUTH LAKE TAHOE CA CLIMATE SUMMARY FOR THE YEAR OF 2016...

CLIMATE NORMAL PERIOD 1981 TO 2010
CLIMATE RECORD PERIOD 1968 TO 2017

WEATHER         OBSERVED          NORMAL  DEPART
                 VALUE   DATE(S)  VALUE   FROM
                                          NORMAL
................................................
TEMPERATURE (F)
RECORD
 HIGH              99   07/22/1988
 LOW              -29   02/07/1989
                        12/09/1972
HIGHEST            91   07/27
LOWEST             -8   01/01
AVG. MAXIMUM     60.4              59.8     0.6
AVG. MINIMUM     30.7              28.0     2.7
MEAN             45.5              43.9     1.6
DAYS MAX >= 90      2               2.2    -0.2
DAYS MAX <= 32      6               9.1    -3.1
DAYS MIN <= 32    199             226.8   -27.8
DAYS MIN <= 0       4               5.7    -1.7

PRECIPITATION (INCHES)
TOTALS          28.06
DAILY AVG.       0.08

SNOWFALL (INCHES)
TOTALS           91.9
SINCE 7/1        18.7
DAYS >= TRACE      70
DAYS >= 1.0        22
GREATEST
 SNOW DEPTH        18   01/15
 24 HR TOTAL     10.9   MM

DEGREE_DAYS
HEATING TOTAL    7049              7731    -682
 SINCE 7/1         MM              3183      MM
COOLING TOTAL      21                31     -10
.................................................

WIND (MPH)
AVERAGE WIND SPEED              5.7
HIGHEST WIND SPEED/DIRECTION    36/200    DATE  10/16
HIGHEST GUST SPEED/DIRECTION    58/190    DATE  10/15


WEATHER CONDITIONS. NUMBER OF DAYS WITH
THUNDERSTORM              0     MIXED PRECIP               0
HEAVY RAIN               13     RAIN                      31
LIGHT RAIN               82     FREEZING RAIN              0
LT FREEZING RAIN          0     HAIL                       0
HEAVY SNOW               16     SNOW                      31
LIGHT SNOW               70     SLEET                      0
FOG                      83     FOG W/VIS <= 1/4 MILE     23
HAZE                     35

-  INDICATES NEGATIVE NUMBERS.
R  INDICATES RECORD WAS SET OR TIED.
MM INDICATES DATA IS MISSING.
T  INDICATES TRACE AMOUNT.

$$
