000
CDUS41 KBTV 180533
CLI1V4


CLIMATE REPORT
NATIONAL WEATHER SERVICE BURLINGTON VT
133 AM EDT WED JUL 18 2018


...................................

...THE ST. JOHNSBURY VT CLIMATE SUMMARY FOR JULY 17 2018...

CLIMATE NORMAL PERIOD 1981 TO 2010
CLIMATE RECORD PERIOD 1998 TO 2018


WEATHER ITEM   OBSERVED TIME   RECORD YEAR NORMAL DEPARTURE LAST
                VALUE   (LST)  VALUE       VALUE  FROM      YEAR
                                                  NORMAL
..................................................................
TEMPERATURE (F)
 YESTERDAY
  MAXIMUM         80        MM  92    2013  82     -2       85
  MINIMUM         65        MM  47    2015  59      6       59
  AVERAGE         73                        70      3       72

PRECIPITATION (IN)
  YESTERDAY        0.44          1.73 2002   0.13   0.31     0.64
  MONTH TO DATE    1.73                      2.17  -0.44     3.40
  SINCE JUN 1      5.43                      6.18  -0.75     9.50
  SINCE JAN 1     19.70                     19.59   0.11    26.40

DEGREE DAYS
 HEATING
  YESTERDAY        0                         0      0        0
  MONTH TO DATE    4                        10     -6       11
  SINCE JUN 1    135                        82     53      116
  SINCE JUL 1      4                        10     -6       11

 COOLING
  YESTERDAY        8                         6      2        7
  MONTH TO DATE  113                        96     17       65
  SINCE JUN 1    158                       186    -28      137
  SINCE JAN 1    162                       204    -42      150
..................................................................


WIND (MPH)
  HIGHEST WIND SPEED    MM   HIGHEST WIND DIRECTION    MM
  HIGHEST GUST SPEED    MM   HIGHEST GUST DIRECTION    MM
  AVERAGE WIND SPEED    MM


SKY COVER
  AVERAGE SKY COVER 0.0


WEATHER CONDITIONS
 THE FOLLOWING WEATHER WAS RECORDED YESTERDAY.
  NO SIGNIFICANT WEATHER WAS OBSERVED.


RELATIVE HUMIDITY (PERCENT)
 HIGHEST   100           500 PM
 LOWEST     74           200 PM
 AVERAGE    87

..........................................................


THE ST. JOHNSBURY VT CLIMATE NORMALS FOR TODAY
                         NORMAL    RECORD    YEAR
 MAXIMUM TEMPERATURE (F)   82        88      2013
 MINIMUM TEMPERATURE (F)   59        51      2014


SUNRISE AND SUNSET
JULY 18 2018..........SUNRISE   521 AM EDT   SUNSET   828 PM EDT
JULY 19 2018..........SUNRISE   521 AM EDT   SUNSET   827 PM EDT


-  INDICATES NEGATIVE NUMBERS.
R  INDICATES RECORD WAS SET OR TIED.
MM INDICATES DATA IS MISSING.
T  INDICATES TRACE AMOUNT.




$$
