000
CDUS41 KBTV 160540
CLI1V4


CLIMATE REPORT
NATIONAL WEATHER SERVICE BURLINGTON VT
139 AM EDT TUE OCT 16 2018


...................................

...THE ST. JOHNSBURY VT CLIMATE SUMMARY FOR OCTOBER 15 2018...

CLIMATE NORMAL PERIOD 1981 TO 2010
CLIMATE RECORD PERIOD 1998 TO 2018


WEATHER ITEM   OBSERVED TIME   RECORD YEAR NORMAL DEPARTURE LAST
                VALUE   (LST)  VALUE       VALUE  FROM      YEAR
                                                  NORMAL
..................................................................
TEMPERATURE (F)
 YESTERDAY
  MAXIMUM         54        MM  77    2014  58     -4       75
  MINIMUM         30        MM  24    2002  37     -7       53
  AVERAGE         42                        47     -5       64

PRECIPITATION (IN)
  YESTERDAY        0.29          1.54 2010   0.13   0.16     0.32
  MONTH TO DATE    2.64                      1.93   0.71     1.55
  SINCE SEP 1      6.12                      5.32   0.80     4.76
  SINCE JAN 1     33.71                     31.08   2.63    34.30

DEGREE DAYS
 HEATING
  YESTERDAY       23                        18      5        1
  MONTH TO DATE  194                       223    -29      135
  SINCE SEP 1    363                       407    -44      265
  SINCE JUL 1    386                       457    -71      356

 COOLING
  YESTERDAY        0                         0      0        0
  MONTH TO DATE    4                         0      4        1
  SINCE SEP 1     73                        34     39       68
  SINCE JAN 1    468                       432     36      330
..................................................................


WIND (MPH)
  HIGHEST WIND SPEED    MM   HIGHEST WIND DIRECTION    MM
  HIGHEST GUST SPEED    MM   HIGHEST GUST DIRECTION    MM
  AVERAGE WIND SPEED    MM


SKY COVER
  AVERAGE SKY COVER 0.0


WEATHER CONDITIONS
 THE FOLLOWING WEATHER WAS RECORDED YESTERDAY.
  NO SIGNIFICANT WEATHER WAS OBSERVED.


RELATIVE HUMIDITY (PERCENT)
 HIGHEST   100          1200 AM
 LOWEST     85          1000 AM
 AVERAGE    93

..........................................................


THE ST. JOHNSBURY VT CLIMATE NORMALS FOR TODAY
                         NORMAL    RECORD    YEAR
 MAXIMUM TEMPERATURE (F)   58        72      2014
 MINIMUM TEMPERATURE (F)   36        24      2009


SUNRISE AND SUNSET
OCTOBER 16 2018.......SUNRISE   704 AM EDT   SUNSET   602 PM EDT
OCTOBER 17 2018.......SUNRISE   706 AM EDT   SUNSET   600 PM EDT


-  INDICATES NEGATIVE NUMBERS.
R  INDICATES RECORD WAS SET OR TIED.
MM INDICATES DATA IS MISSING.
T  INDICATES TRACE AMOUNT.




$$
