000
CDUS43 KUNR 160839
CLI2WX


CLIMATE REPORT
NATIONAL WEATHER SERVICE RAPID CITY SD
235 AM MDT MON JUL 16 2018


...................................

...THE BUFFALO SD CLIMATE SUMMARY FOR JULY 15 2018...

CLIMATE NORMAL PERIOD 1981 TO 2010
CLIMATE RECORD PERIOD 9999 TO 9999


WEATHER ITEM   OBSERVED TIME   NORMAL DEPARTURE LAST
                VALUE   (LST)  VALUE  FROM      YEAR
                                      NORMAL
......................................................
TEMPERATURE (F)
 YESTERDAY
  MAXIMUM         84    242 PM  85     -1       92
  MINIMUM         59    439 AM  58      1       63
  AVERAGE         72            71      1       78

PRECIPITATION (IN)
  YESTERDAY        0.00          0.08  -0.08     0.00
  MONTH TO DATE    0.24          1.09  -0.85     1.50
  SINCE JUN 1      1.88          3.72  -1.84     2.37
  SINCE JAN 1      9.11          9.76  -0.65     9.04

DEGREE DAYS
 HEATING
  YESTERDAY        0             1     -1        0
  MONTH TO DATE    0            15    -15        0
  SINCE JUN 1     39           129    -90       33
  SINCE JUL 1      0            15    -15        0

 COOLING
  YESTERDAY        7             7      0       13
  MONTH TO DATE  159            86     73      195
  SINCE JUN 1    265           148    117      292
  SINCE JAN 1    319           154    165      305
......................................................


WIND (MPH)
  HIGHEST WIND SPEED    22   HIGHEST WIND DIRECTION     N (10)
  HIGHEST GUST SPEED    26   HIGHEST GUST DIRECTION     N (10)
  AVERAGE WIND SPEED     7.9




RELATIVE HUMIDITY (PERCENT)
 HIGHEST    78          1000 PM
 LOWEST     23           100 PM
 AVERAGE    51

..........................................................




SUNRISE AND SUNSET
JULY 16 2018..........SUNRISE   521 AM MDT   SUNSET   839 PM MDT
JULY 17 2018..........SUNRISE   522 AM MDT   SUNSET   839 PM MDT


-  INDICATES NEGATIVE NUMBERS.
R  INDICATES RECORD WAS SET OR TIED.
MM INDICATES DATA IS MISSING.
T  INDICATES TRACE AMOUNT.




$$
