000
CDUS43 KUNR 150853
CLI2WX


CLIMATE REPORT
NATIONAL WEATHER SERVICE RAPID CITY SD
153 AM MST FRI DEC 15 2017


...................................

...THE BUFFALO SD CLIMATE SUMMARY FOR DECEMBER 14 2017...

CLIMATE NORMAL PERIOD 1981 TO 2010
CLIMATE RECORD PERIOD 9999 TO 9999


WEATHER ITEM   OBSERVED TIME   NORMAL DEPARTURE LAST
                VALUE   (LST)  VALUE  FROM      YEAR
                                      NORMAL
......................................................
TEMPERATURE (F)
 YESTERDAY
  MAXIMUM         38    108 AM  31      7       13
  MINIMUM         19    922 PM  10      9       -3
  AVERAGE         29            21      8        5

PRECIPITATION (IN)
  YESTERDAY        0.00          0.01  -0.01     0.00
  MONTH TO DATE    0.05          0.09  -0.04     0.09
  SINCE DEC 1      0.05          0.09  -0.04     0.09
  SINCE JAN 1     14.56         14.32   0.24    10.07

DEGREE DAYS
 HEATING
  YESTERDAY       36            44     -8       60
  MONTH TO DATE  437           599   -162      735
  SINCE DEC 1    437           599   -162      735
  SINCE JUL 1   2105          2497   -392     2025

 COOLING
  YESTERDAY        0             0      0        0
  MONTH TO DATE    0             0      0        0
  SINCE DEC 1      0             0      0        0
  SINCE JAN 1    743           513    230      734
......................................................


WIND (MPH)
  HIGHEST WIND SPEED    38   HIGHEST WIND DIRECTION    NW (310)
  HIGHEST GUST SPEED    46   HIGHEST GUST DIRECTION    NW (310)
  AVERAGE WIND SPEED    20.0




RELATIVE HUMIDITY (PERCENT)
 HIGHEST    92           900 AM
 LOWEST     64           100 AM
 AVERAGE    78

..........................................................




SUNRISE AND SUNSET
DECEMBER 15 2017......SUNRISE   728 AM MST   SUNSET   411 PM MST
DECEMBER 16 2017......SUNRISE   729 AM MST   SUNSET   411 PM MST


-  INDICATES NEGATIVE NUMBERS.
R  INDICATES RECORD WAS SET OR TIED.
MM INDICATES DATA IS MISSING.
T  INDICATES TRACE AMOUNT.




$$
