000
CDUS43 KUNR 160832
CLI2WX


CLIMATE REPORT
NATIONAL WEATHER SERVICE RAPID CITY SD
232 AM MDT TUE OCT 16 2018


...................................

...THE BUFFALO SD CLIMATE SUMMARY FOR OCTOBER 15 2018...

CLIMATE NORMAL PERIOD 1981 TO 2010
CLIMATE RECORD PERIOD 9999 TO 9999


WEATHER ITEM   OBSERVED TIME   NORMAL DEPARTURE LAST
                VALUE   (LST)  VALUE  FROM      YEAR
                                      NORMAL
......................................................
TEMPERATURE (F)
 YESTERDAY
  MAXIMUM         58    256 PM  58      0       59
  MINIMUM         18    148 AM  34    -16       30
  AVERAGE         38            46     -8       45

PRECIPITATION (IN)
  YESTERDAY        0.00          0.02  -0.02     0.00
  MONTH TO DATE    0.60          0.14   0.46     0.09
  SINCE SEP 1      1.76          1.22   0.54     2.79
  SINCE JAN 1     13.23         13.36  -0.13    14.31

DEGREE DAYS
 HEATING
  YESTERDAY       27            19      8       20
  MONTH TO DATE  399           252    147      272
  SINCE SEP 1    616           491    125      477
  SINCE JUL 1    651           543    108      488

 COOLING
  YESTERDAY        0             0      0        0
  MONTH TO DATE    0             0      0        0
  SINCE SEP 1     50            41      9       91
  SINCE JAN 1    688           512    176      741
......................................................


WIND (MPH)
  HIGHEST WIND SPEED    35   HIGHEST WIND DIRECTION     W (280)
  HIGHEST GUST SPEED    43   HIGHEST GUST DIRECTION     W (290)
  AVERAGE WIND SPEED    17.3




RELATIVE HUMIDITY (PERCENT)
 HIGHEST    84           300 AM
 LOWEST     28           200 PM
 AVERAGE    56

..........................................................




SUNRISE AND SUNSET
OCTOBER 16 2018.......SUNRISE   712 AM MDT   SUNSET   607 PM MDT
OCTOBER 17 2018.......SUNRISE   713 AM MDT   SUNSET   605 PM MDT


-  INDICATES NEGATIVE NUMBERS.
R  INDICATES RECORD WAS SET OR TIED.
MM INDICATES DATA IS MISSING.
T  INDICATES TRACE AMOUNT.




$$
