000
CDUS41 KPHI 130554
CLI55N


CLIMATE REPORT
NATIONAL WEATHER SERVICE MOUNT HOLLY NJ
152 AM EDT MON AUG 13 2018


...................................

...THE ATLANTIC CITY MARINA CLIMATE SUMMARY FOR AUGUST 12 2018...

CLIMATE NORMAL PERIOD 1981 TO 2010
CLIMATE RECORD PERIOD 1873 TO 2018


WEATHER ITEM   OBSERVED TIME   NORMAL DEPARTURE LAST
                VALUE   (LST)  VALUE  FROM      YEAR
                                      NORMAL
......................................................
TEMPERATURE (F)
 YESTERDAY
  MAXIMUM         80    954 AM  81     -1       76
  MINIMUM         72    524 AM  70      2       72
  AVERAGE         76            75      1       74

PRECIPITATION (IN)
  YESTERDAY        0.00          0.13  -0.13     0.54
  MONTH TO DATE    0.56          1.68  -1.12     2.02
  SINCE JUN 1      6.73          7.67  -0.94    11.16
  SINCE JAN 1     30.30         24.25   6.05    33.80

DEGREE DAYS
 HEATING
  YESTERDAY        0             0      0        0
  MONTH TO DATE    0             0      0        0
  SINCE JUN 1     20            21     -1       19
  SINCE JUL 1      0             0      0        0

 COOLING
  YESTERDAY       11            10      1        9
  MONTH TO DATE  177           130     47      109
  SINCE JUN 1    691           631     60      642
  SINCE JAN 1    723           668     55      687
......................................................


WIND (MPH)
  HIGHEST WIND SPEED    11   HIGHEST WIND DIRECTION     E (110)
  HIGHEST GUST SPEED    14   HIGHEST GUST DIRECTION     E (100)
  AVERAGE WIND SPEED     4.6




..........................................................


THE ATLANTIC CITY MARINA CLIMATE NORMALS FOR TODAY
                         NORMAL
 MAXIMUM TEMPERATURE (F)   81
 MINIMUM TEMPERATURE (F)   70


SUNRISE AND SUNSET
AUGUST 13 2018........SUNRISE   609 AM EDT   SUNSET   756 PM EDT
AUGUST 14 2018........SUNRISE   609 AM EDT   SUNSET   755 PM EDT


-  INDICATES NEGATIVE NUMBERS.
R  INDICATES RECORD WAS SET OR TIED.
MM INDICATES DATA IS MISSING.
T  INDICATES TRACE AMOUNT.




$$
