000
CDUS41 KPHI 190601
CLI55N


CLIMATE REPORT
NATIONAL WEATHER SERVICE MOUNT HOLLY NJ
1259 AM EST MON FEB 19 2018


...................................

...THE ATLANTIC CITY MARINA CLIMATE SUMMARY FOR FEBRUARY 18 2018...

CLIMATE NORMAL PERIOD 1981 TO 2010
CLIMATE RECORD PERIOD 9999 TO 9999


WEATHER ITEM   OBSERVED TIME   NORMAL DEPARTURE LAST
                VALUE   (LST)  VALUE  FROM      YEAR
                                      NORMAL
......................................................
TEMPERATURE (F)
 YESTERDAY
  MAXIMUM         48    418 PM  44      4       55
  MINIMUM         35    200 AM  31      4       36
  AVERAGE         42            38      4       46

PRECIPITATION (IN)
  YESTERDAY        0.00          0.10  -0.10     0.00
  MONTH TO DATE    5.67          1.81   3.86     1.50
  SINCE DEC 1      9.11          8.51   0.60     9.51
  SINCE JAN 1      8.08          4.89   3.19     6.52

DEGREE DAYS
 HEATING
  YESTERDAY       23            27     -4       19
  MONTH TO DATE  449           513    -64      447
  SINCE DEC 1   2276          2205     71     1965
  SINCE JUL 1   2851          2918    -67     2562

 COOLING
  YESTERDAY        0             0      0        0
  MONTH TO DATE    0             0      0        0
  SINCE DEC 1      0             0      0        0
  SINCE JAN 1      0             0      0        0
......................................................


WIND (MPH)
  HIGHEST WIND SPEED    15   HIGHEST WIND DIRECTION     W (290)
  HIGHEST GUST SPEED    25   HIGHEST GUST DIRECTION    NW (310)
  AVERAGE WIND SPEED     6.6




..........................................................


THE ATLANTIC CITY MARINA CLIMATE NORMALS FOR TODAY
                         NORMAL
 MAXIMUM TEMPERATURE (F)   44
 MINIMUM TEMPERATURE (F)   31


SUNRISE AND SUNSET
FEBRUARY 19 2018......SUNRISE   644 AM EST   SUNSET   539 PM EST
FEBRUARY 20 2018......SUNRISE   643 AM EST   SUNSET   540 PM EST


-  INDICATES NEGATIVE NUMBERS.
R  INDICATES RECORD WAS SET OR TIED.
MM INDICATES DATA IS MISSING.
T  INDICATES TRACE AMOUNT.




$$
