000
CDUS41 KPHI 200556
CLI55N


CLIMATE REPORT
NATIONAL WEATHER SERVICE MOUNT HOLLY NJ
1255 AM EST TUE NOV 20 2018


...................................

...THE ATLANTIC CITY MARINA CLIMATE SUMMARY FOR NOVEMBER 19 2018...

CLIMATE NORMAL PERIOD 1981 TO 2010
CLIMATE RECORD PERIOD 1873 TO 2018


WEATHER ITEM   OBSERVED TIME   NORMAL DEPARTURE LAST
                VALUE   (LST)  VALUE  FROM      YEAR
                                      NORMAL
......................................................
TEMPERATURE (F)
 YESTERDAY
  MAXIMUM         54    113 PM  55     -1       60
  MINIMUM         52   1123 PM  42     10       42
  AVERAGE         53            48      5       51

PRECIPITATION (IN)
  YESTERDAY        0.00          0.11  -0.11     0.09
  MONTH TO DATE    5.10          2.08   3.02     2.31
  SINCE SEP 1     15.33          8.63   6.70     9.48
  SINCE JAN 1     46.59         35.12  11.47    44.96

DEGREE DAYS
 HEATING
  YESTERDAY       12            17     -5       14
  MONTH TO DATE  253           263    -10      275
  SINCE SEP 1    443           505    -62      379
  SINCE JUL 1    443           506    -63      379

 COOLING
  YESTERDAY        0             0      0        0
  MONTH TO DATE    0             0      0        3
  SINCE SEP 1    307           173    134      229
  SINCE JAN 1   1278          1020    258     1099
......................................................


WIND (MPH)
  HIGHEST WIND SPEED    10   HIGHEST WIND DIRECTION    SW (240)
  HIGHEST GUST SPEED    MM   HIGHEST GUST DIRECTION    MM
  AVERAGE WIND SPEED     6.9




..........................................................


THE ATLANTIC CITY MARINA CLIMATE NORMALS FOR TODAY
                         NORMAL
 MAXIMUM TEMPERATURE (F)   54
 MINIMUM TEMPERATURE (F)   42


SUNRISE AND SUNSET
NOVEMBER 20 2018......SUNRISE   647 AM EST   SUNSET   439 PM EST
NOVEMBER 21 2018......SUNRISE   648 AM EST   SUNSET   439 PM EST


-  INDICATES NEGATIVE NUMBERS.
R  INDICATES RECORD WAS SET OR TIED.
MM INDICATES DATA IS MISSING.
T  INDICATES TRACE AMOUNT.




$$
