000
CDUS41 KPHI 130553
CLI55N


CLIMATE REPORT
NATIONAL WEATHER SERVICE MOUNT HOLLY NJ
1252 AM EST WED DEC 13 2017


...................................

...THE ATLANTIC CITY MARINA CLIMATE SUMMARY FOR DECEMBER 12 2017...

CLIMATE NORMAL PERIOD 1981 TO 2010
CLIMATE RECORD PERIOD 9999 TO 9999


WEATHER ITEM   OBSERVED TIME   NORMAL DEPARTURE LAST
                VALUE   (LST)  VALUE  FROM      YEAR
                                      NORMAL
......................................................
TEMPERATURE (F)
 YESTERDAY
  MAXIMUM         51   1012 AM  47      4       53
  MINIMUM         28   1154 PM  34     -6       40
  AVERAGE         40            41     -1       47

PRECIPITATION (IN)
  YESTERDAY        0.00          0.13  -0.13     0.17
  MONTH TO DATE    0.76          1.46  -0.70     1.51
  SINCE DEC 1      0.76          1.46  -0.70     1.51
  SINCE JAN 1     46.35         37.85   8.50    27.48

DEGREE DAYS
 HEATING
  YESTERDAY       25            24      1       18
  MONTH TO DATE  253           270    -17      264
  SINCE DEC 1    253           270    -17      264
  SINCE JUL 1    828           983   -155      861

 COOLING
  YESTERDAY        0             0      0        0
  MONTH TO DATE    0             0      0        0
  SINCE DEC 1      0             0      0        0
  SINCE JAN 1   1099          1020     79     1227
......................................................


WIND (MPH)
  HIGHEST WIND SPEED    19   HIGHEST WIND DIRECTION     W (270)
  HIGHEST GUST SPEED    30   HIGHEST GUST DIRECTION    NW (320)
  AVERAGE WIND SPEED    10.2




..........................................................


THE ATLANTIC CITY MARINA CLIMATE NORMALS FOR TODAY
                         NORMAL
 MAXIMUM TEMPERATURE (F)   47
 MINIMUM TEMPERATURE (F)   34


SUNRISE AND SUNSET
DECEMBER 13 2017......SUNRISE   709 AM EST   SUNSET   435 PM EST
DECEMBER 14 2017......SUNRISE   710 AM EST   SUNSET   435 PM EST


-  INDICATES NEGATIVE NUMBERS.
R  INDICATES RECORD WAS SET OR TIED.
MM INDICATES DATA IS MISSING.
T  INDICATES TRACE AMOUNT.




$$
