000
CDUS43 KABR 222236
CLI8D3


CLIMATE REPORT
NATIONAL WEATHER SERVICE ABERDEEN SD
534 PM CDT SUN JUL 22 2018


...................................

...THE SISSETON SD CLIMATE SUMMARY FOR JULY 22 2018...
VALID TODAY AS OF 0500 PM LOCAL TIME.

CLIMATE NORMAL PERIOD 1981 TO 2010
CLIMATE RECORD PERIOD 1900 TO 2018


WEATHER ITEM   OBSERVED TIME   RECORD YEAR NORMAL DEPARTURE LAST
                VALUE   (LST)  VALUE       VALUE  FROM      YEAR
                                                  NORMAL
..................................................................
TEMPERATURE (F)
 TODAY
  MAXIMUM         81    359 PM 112    1934  84     -3       89
  MINIMUM         62    546 AM  45    1947  60              63
  AVERAGE         72                        72      0       76

PRECIPITATION (IN)
  TODAY            0.00          1.06 1991   0.12  -0.12     0.15
  MONTH TO DATE    5.57                      2.65   2.92     0.64
  SINCE JUN 1      8.55                      6.39   2.16     3.20
  SINCE JAN 1     13.73                     13.37   0.36     7.37

DEGREE DAYS
 COOLING
  TODAY            7                         7      0       11
  MONTH TO DATE  190                       143     47      187
  SINCE JUN 1    388                       237    151      333
  SINCE JAN 1    529                       260    269      349
..................................................................


WIND (MPH)
  HIGHEST WIND SPEED    17   HIGHEST WIND DIRECTION    SE (150)
  HIGHEST GUST SPEED    24   HIGHEST GUST DIRECTION    SE (140)
  AVERAGE WIND SPEED     9.1


SKY COVER
  POSSIBLE SUNSHINE  MM
  AVERAGE SKY COVER 0.0


WEATHER CONDITIONS
 THE FOLLOWING WEATHER WAS RECORDED TODAY.
  NO SIGNIFICANT WEATHER WAS OBSERVED.


RELATIVE HUMIDITY (PERCENT)
 HIGHEST   100           500 AM
 LOWEST     62           200 PM
 AVERAGE    81

..........................................................


THE SISSETON SD CLIMATE NORMALS FOR TOMORROW
                         NORMAL    RECORD    YEAR
 MAXIMUM TEMPERATURE (F)   84       101      1934
 MINIMUM TEMPERATURE (F)   60        43      1992


SUNRISE AND SUNSET
JULY 22 2018..........SUNRISE   600 AM CDT   SUNSET   908 PM CDT
JULY 23 2018..........SUNRISE   601 AM CDT   SUNSET   907 PM CDT


-  INDICATES NEGATIVE NUMBERS.
R  INDICATES RECORD WAS SET OR TIED.
MM INDICATES DATA IS MISSING.
T  INDICATES TRACE AMOUNT.




$$
