000
CDUS43 KABR 222237
CLI8D3


CLIMATE REPORT
NATIONAL WEATHER SERVICE ABERDEEN SD
536 PM CDT MON OCT 22 2018


...................................

...THE SISSETON SD CLIMATE SUMMARY FOR OCTOBER 22 2018...
VALID TODAY AS OF 0500 PM LOCAL TIME.

CLIMATE NORMAL PERIOD 1981 TO 2010
CLIMATE RECORD PERIOD 1900 TO 2018


WEATHER ITEM   OBSERVED TIME   RECORD YEAR NORMAL DEPARTURE LAST
                VALUE   (LST)  VALUE       VALUE  FROM      YEAR
                                                  NORMAL
..................................................................
TEMPERATURE (F)
 TODAY
  MAXIMUM         59    119 PM  80    1992  54      5       67
  MINIMUM         34   1232 AM  13    1936  34              41
  AVERAGE         47                        44      3       54

PRECIPITATION (IN)
  TODAY            0.00          0.54 2008   0.05  -0.05     0.00
  MONTH TO DATE    2.71                      1.66   1.05     1.48
  SINCE SEP 1      4.59                      4.20   0.39     5.69
  SINCE JAN 1     20.53                     20.94  -0.41    18.41

SNOWFALL (IN)
  TODAY            0.0
  MONTH TO DATE    3.4
  SINCE OCT 1      3.4
  SINCE JUL 1      3.4
  SNOW DEPTH       0

DEGREE DAYS
 HEATING
  TODAY           18                        21     -3       11
  MONTH TO DATE  542                       369    173      259
  SINCE SEP 1    755                       571    184      398
  SINCE JUL 1    786                       614    172      412

 COOLING
  TODAY            0                         0      0        0
  MONTH TO DATE    0                         0      0        5
  SINCE SEP 1     59                        44     15       86
  SINCE JAN 1    754                       523    231      554
..................................................................


WIND (MPH)
  HIGHEST WIND SPEED    26   HIGHEST WIND DIRECTION    NW (330)
  HIGHEST GUST SPEED    33   HIGHEST GUST DIRECTION     N (340)
  AVERAGE WIND SPEED    13.3


SKY COVER
  POSSIBLE SUNSHINE  MM
  AVERAGE SKY COVER 0.0


WEATHER CONDITIONS
 THE FOLLOWING WEATHER WAS RECORDED TODAY.
  NO SIGNIFICANT WEATHER WAS OBSERVED.


RELATIVE HUMIDITY (PERCENT)
 HIGHEST    64           100 AM
 LOWEST     26           400 PM
 AVERAGE    45

..........................................................


THE SISSETON SD CLIMATE NORMALS FOR TOMORROW
                         NORMAL    RECORD    YEAR
 MAXIMUM TEMPERATURE (F)   54        82      1963
 MINIMUM TEMPERATURE (F)   33        10      1936


SUNRISE AND SUNSET
OCTOBER 22 2018.......SUNRISE   754 AM CDT   SUNSET   630 PM CDT
OCTOBER 23 2018.......SUNRISE   755 AM CDT   SUNSET   628 PM CDT


-  INDICATES NEGATIVE NUMBERS.
R  INDICATES RECORD WAS SET OR TIED.
MM INDICATES DATA IS MISSING.
T  INDICATES TRACE AMOUNT.




$$
