000
CDUS46 KMFR 190843
CLIAAT


CLIMATE REPORT
NATIONAL WEATHER SERVICE MEDFORD, OR
142 AM PDT THU JUL 19 2018


...................................

...THE ALTURAS CA CLIMATE SUMMARY FOR JULY 18 2018...

CLIMATE NORMAL PERIOD 1981 TO 2010
CLIMATE RECORD PERIOD 1905 TO 2018


WEATHER ITEM   OBSERVED TIME   RECORD YEAR NORMAL DEPARTURE LAST
                VALUE   (LST)  VALUE       VALUE  FROM      YEAR
                                                  NORMAL
..................................................................
TEMPERATURE (F)
 YESTERDAY
  MAXIMUM         97    310 PM 103    1960  89      8       88
  MINIMUM         49    517 AM  28    1993  45      4       49
  AVERAGE         73                        67      6       69

PRECIPITATION (IN)
  YESTERDAY        0.00          0.73 1987   0.01  -0.01     0.00
  MONTH TO DATE    0.13                      0.14  -0.01     0.00
  SINCE OCT 1     11.69                     13.09  -1.40    14.28
  SINCE JAN 1      8.69                      8.58   0.11    10.53

SNOWFALL (IN)
  YESTERDAY       MM                        MM     MM       MM
  MONTH TO DATE   MM                        MM     MM       MM
  SINCE JUL 1     MM                        MM     MM       MM
  SNOW DEPTH      MM

DEGREE DAYS
 HEATING
  YESTERDAY        0                         1     -1        0
  MONTH TO DATE    6                        28    -22        0
  SINCE JUN 1    128                       208    -80      109
  SINCE JUL 1      6                        28    -22        0

 COOLING
  YESTERDAY        8                         3      5        4
  MONTH TO DATE   77                        40     37       96
  SINCE JUN 1     86                        51     35      178
  SINCE JAN 1     87                        51     36      178
..................................................................


WIND (MPH)
  HIGHEST WIND SPEED    17   HIGHEST WIND DIRECTION     W (260)
  HIGHEST GUST SPEED    23   HIGHEST GUST DIRECTION     W (290)
  AVERAGE WIND SPEED     4.9


SKY COVER
  POSSIBLE SUNSHINE  MM
  AVERAGE SKY COVER 0.0


WEATHER CONDITIONS
 THE FOLLOWING WEATHER WAS RECORDED YESTERDAY.
  NO SIGNIFICANT WEATHER WAS OBSERVED.


RELATIVE HUMIDITY (PERCENT)
 HIGHEST    77           400 AM
 LOWEST      9           300 PM
 AVERAGE    43

..........................................................


THE ALTURAS CA CLIMATE NORMALS FOR TODAY
                         NORMAL    RECORD    YEAR
 MAXIMUM TEMPERATURE (F)   89       107      1960
 MINIMUM TEMPERATURE (F)   45        31      1983


SUNRISE AND SUNSET
JULY 19 2018..........SUNRISE   545 AM PDT   SUNSET   832 PM PDT
JULY 20 2018..........SUNRISE   546 AM PDT   SUNSET   831 PM PDT


-  INDICATES NEGATIVE NUMBERS.
R  INDICATES RECORD WAS SET OR TIED.
MM INDICATES DATA IS MISSING.
T  INDICATES TRACE AMOUNT.




$$
