000
CDUS46 KMFR 180839
CLIAAT


CLIMATE REPORT
NATIONAL WEATHER SERVICE MEDFORD, OR
139 AM PDT THU OCT 18 2018


...................................

...THE ALTURAS CA CLIMATE SUMMARY FOR OCTOBER 17 2018...

CLIMATE NORMAL PERIOD 1981 TO 2010
CLIMATE RECORD PERIOD 1905 TO 2018


WEATHER ITEM   OBSERVED TIME   RECORD YEAR NORMAL DEPARTURE LAST
                VALUE   (LST)  VALUE       VALUE  FROM      YEAR
                                                  NORMAL
..................................................................
TEMPERATURE (F)
 YESTERDAY
  MAXIMUM         71    228 PM  85    1961  65      6       74
  MINIMUM         22    612 AM  10    1905  28     -6       25
  AVERAGE         47                        46      1       50

PRECIPITATION (IN)
  YESTERDAY        0.00          0.63 2015   0.03  -0.03     0.00
  MONTH TO DATE    1.26                      0.42   0.84      T
  SINCE OCT 1      1.26                      0.42   0.84      T
  SINCE JAN 1      9.96                     10.08  -0.12    12.19

SNOWFALL (IN)
  YESTERDAY       MM                        MM     MM       MM
  MONTH TO DATE   MM                        MM     MM       MM
  SINCE JUL 1     MM                        MM     MM       MM
  SNOW DEPTH      MM

DEGREE DAYS
 HEATING
  YESTERDAY       18                        18      0       15
  MONTH TO DATE  309                       271     38      351
  SINCE SEP 1    560                       537     23      594
  SINCE JUL 1    607                       648    -41      595

 COOLING
  YESTERDAY        0                         0      0        0
  MONTH TO DATE    0                         0      0        0
  SINCE SEP 1      1                         5     -4       75
  SINCE JAN 1    260                       156    104      516
..................................................................


WIND (MPH)
  HIGHEST WIND SPEED     7   HIGHEST WIND DIRECTION     E (100)
  HIGHEST GUST SPEED     8   HIGHEST GUST DIRECTION    NE (60)
  AVERAGE WIND SPEED     1.0


SKY COVER
  POSSIBLE SUNSHINE  MM
  AVERAGE SKY COVER 0.0


WEATHER CONDITIONS
 THE FOLLOWING WEATHER WAS RECORDED YESTERDAY.
  HAZE


RELATIVE HUMIDITY (PERCENT)
 HIGHEST    92           500 AM
 LOWEST     16           300 PM
 AVERAGE    54

..........................................................


THE ALTURAS CA CLIMATE NORMALS FOR TODAY
                         NORMAL    RECORD    YEAR
 MAXIMUM TEMPERATURE (F)   64        84      1977
 MINIMUM TEMPERATURE (F)   28        12      1917


SUNRISE AND SUNSET
OCTOBER 18 2018.......SUNRISE   718 AM PDT   SUNSET   616 PM PDT
OCTOBER 19 2018.......SUNRISE   719 AM PDT   SUNSET   615 PM PDT


-  INDICATES NEGATIVE NUMBERS.
R  INDICATES RECORD WAS SET OR TIED.
MM INDICATES DATA IS MISSING.
T  INDICATES TRACE AMOUNT.




$$
