000
CDUS41 KPHI 210555
CLIABE


CLIMATE REPORT
NATIONAL WEATHER SERVICE MOUNT HOLLY NJ
152 AM EDT SAT JUL 21 2018


...................................

...THE ALLENTOWN PA CLIMATE SUMMARY FOR JULY 20 2018...

CLIMATE NORMAL PERIOD 1981 TO 2010
CLIMATE RECORD PERIOD 1922 TO 2018


WEATHER ITEM   OBSERVED TIME   RECORD YEAR NORMAL DEPARTURE LAST
                VALUE   (LST)  VALUE       VALUE  FROM      YEAR
                                                  NORMAL
..................................................................
TEMPERATURE (F)
 YESTERDAY
  MAXIMUM         87    142 PM 101    1980  84      3       94
  MINIMUM         59    450 AM  48    1997  63     -4       71
  AVERAGE         73                        74     -1       83

PRECIPITATION (IN)
  YESTERDAY        0.00          1.98 1970   0.16  -0.16     0.21
  MONTH TO DATE    1.84                      3.20  -1.36     5.17
  SINCE JUN 1      4.44                      7.51  -3.07    10.47
  SINCE JAN 1     24.92                     24.33   0.59    27.65

SNOWFALL (IN)
  YESTERDAY        0.0           0.0  2002   0.0    0.0      0.0
                                      2001
  MONTH TO DATE    0.0                       0.0    0.0      0.0
  SINCE JUN 1      0.0                       0.0    0.0      0.0
  SINCE JUL 1      0.0                       0.0    0.0      0.0
  SNOW DEPTH       0

DEGREE DAYS
 HEATING
  YESTERDAY        0                         0      0        0
  MONTH TO DATE    0                         0      0        0
  SINCE JUN 1      7                        33    -26       27
  SINCE JUL 1      0                         0      0        0

 COOLING
  YESTERDAY        8                         9     -1       18
  MONTH TO DATE  254                       172     82      229
  SINCE JUN 1    454                       327    127      437
  SINCE JAN 1    548                       372    176      497
..................................................................


WIND (MPH)
  HIGHEST WIND SPEED    15   HIGHEST WIND DIRECTION    SE (140)
  HIGHEST GUST SPEED    21   HIGHEST GUST DIRECTION     E (110)
  AVERAGE WIND SPEED     6.5


SKY COVER
  POSSIBLE SUNSHINE  MM
  AVERAGE SKY COVER 0.1


WEATHER CONDITIONS
 THE FOLLOWING WEATHER WAS RECORDED YESTERDAY.
  NO SIGNIFICANT WEATHER WAS OBSERVED.


RELATIVE HUMIDITY (PERCENT)
 HIGHEST    84           300 AM
 LOWEST     37           200 PM
 AVERAGE    61

..........................................................


THE ALLENTOWN PA CLIMATE NORMALS FOR TODAY
                         NORMAL    RECORD    YEAR
 MAXIMUM TEMPERATURE (F)   84       101      1980
                                             1930
 MINIMUM TEMPERATURE (F)   63        49      1966
                                             1965


SUNRISE AND SUNSET
JULY 21 2018..........SUNRISE   549 AM EDT   SUNSET   827 PM EDT
JULY 22 2018..........SUNRISE   549 AM EDT   SUNSET   826 PM EDT


-  INDICATES NEGATIVE NUMBERS.
R  INDICATES RECORD WAS SET OR TIED.
MM INDICATES DATA IS MISSING.
T  INDICATES TRACE AMOUNT.




$$
