000
CDUS41 KPHI 212153
CLIABE


CLIMATE REPORT
NATIONAL WEATHER SERVICE MOUNT HOLLY NJ
551 PM EDT SUN OCT 21 2018


...................................

...THE ALLENTOWN PA CLIMATE SUMMARY FOR OCTOBER 21 2018...
VALID TODAY AS OF 0500 PM LOCAL TIME.

CLIMATE NORMAL PERIOD 1981 TO 2010
CLIMATE RECORD PERIOD 1922 TO 2018


WEATHER ITEM   OBSERVED TIME   RECORD YEAR NORMAL DEPARTURE LAST
                VALUE   (LST)  VALUE       VALUE  FROM      YEAR
                                                  NORMAL
..................................................................
TEMPERATURE (F)
 TODAY
  MAXIMUM         49    301 PM  85    1947  62    -13       77
  MINIMUM         43   1027 AM  23    1972  40      3       40
  AVERAGE         46                        51     -5       59

PRECIPITATION (IN)
  TODAY            T             2.04 1995   0.12  -0.12     0.00
  MONTH TO DATE    2.24                      2.79  -0.55     1.33
  SINCE SEP 1      8.89                      7.41   1.48     5.13
  SINCE JAN 1     49.98                     37.18  12.80    44.27

SNOWFALL (IN)
  TODAY            0.0           0.0    MM   0.0    0.0      0.0
  MONTH TO DATE    0.0                       0.0    0.0      0.0
  SINCE SEP 1      0.0                       0.0    0.0      0.0
  SINCE JUL 1      0.0                       0.0    0.0      0.0
  SNOW DEPTH       0

DEGREE DAYS
 HEATING
  TODAY           19                        14      5        6
  MONTH TO DATE  138                       236    -98       96
  SINCE SEP 1    169                       340   -171      152
  SINCE JUL 1    169                       351   -182      156

 COOLING
  TODAY            0                         0      0        0
  MONTH TO DATE   54                         3     51       51
  SINCE SEP 1    248                        74    174      195
  SINCE JAN 1   1287                       753    534     1003
..................................................................


WIND (MPH)
  HIGHEST WIND SPEED    25   HIGHEST WIND DIRECTION     N (340)
  HIGHEST GUST SPEED    35   HIGHEST GUST DIRECTION    NW (330)
  AVERAGE WIND SPEED    13.1


SKY COVER
  POSSIBLE SUNSHINE  MM
  AVERAGE SKY COVER 0.7


WEATHER CONDITIONS
 THE FOLLOWING WEATHER WAS RECORDED TODAY.
  LIGHT RAIN


RELATIVE HUMIDITY (PERCENT)
 HIGHEST    77          1200 AM
 LOWEST     36           400 PM
 AVERAGE    57

..........................................................


THE ALLENTOWN PA CLIMATE NORMALS FOR TOMORROW
                         NORMAL    RECORD    YEAR
 MAXIMUM TEMPERATURE (F)   62        84      1979
 MINIMUM TEMPERATURE (F)   39        21      1940


SUNRISE AND SUNSET
OCTOBER 21 2018.......SUNRISE   719 AM EDT   SUNSET   613 PM EDT
OCTOBER 22 2018.......SUNRISE   721 AM EDT   SUNSET   611 PM EDT


-  INDICATES NEGATIVE NUMBERS.
R  INDICATES RECORD WAS SET OR TIED.
MM INDICATES DATA IS MISSING.
T  INDICATES TRACE AMOUNT.




$$
