007
CDUS44 KSJT 152232
CLIABI


CLIMATE REPORT
NATIONAL WEATHER SERVICE SAN ANGELO TX
532 PM CDT MON OCT 15 2018


...................................

...THE ABILENE CLIMATE SUMMARY FOR OCTOBER 15 2018...
VALID TODAY AS OF 0500 PM LOCAL TIME.

CLIMATE NORMAL PERIOD 1981 TO 2010
CLIMATE RECORD PERIOD 1886 TO 2018


WEATHER ITEM   OBSERVED TIME   RECORD YEAR NORMAL DEPARTURE LAST
                VALUE   (LST)  VALUE       VALUE  FROM      YEAR
                                                  NORMAL
..................................................................
TEMPERATURE (F)
 TODAY
  MAXIMUM         45    430 PM  97    1917  78    -33       75
  MINIMUM         36R   955 AM  38    1914  55    -19       43
  AVERAGE         41                        66    -25       59

PRECIPITATION (IN)
  TODAY            0.75          2.79 1941   0.11   0.64     0.00
  MONTH TO DATE    6.16                      1.42   4.74     0.02
  SINCE SEP 1     11.91                      3.66   8.25     4.45
  SINCE JAN 1     24.07                     20.62   3.45    18.90

SNOWFALL (IN)
  TODAY           MM             0.0  2002   0.0   MM        0.0
  MONTH TO DATE    0.0                       0.0    0.0      0.0
  SINCE NOV 1      0.5                       4.7   -4.2       T
  SINCE JUL 1      0.0                       0.0    0.0      0.0

DEGREE DAYS
 HEATING
  TODAY           24                         3     21        6
  MONTH TO DATE   41                        27     14       19
  SINCE SEP 1     46                        38      8       25
  SINCE JUL 1     46                        38      8       25

 COOLING
  TODAY            0                         4     -4        0
  MONTH TO DATE   97                        76     21      112
  SINCE SEP 1    382                       402    -20      445
  SINCE JAN 1   2721                      2347    374     2361
..................................................................


WIND (MPH)
  HIGHEST WIND SPEED    27   HIGHEST WIND DIRECTION     N (360)
  HIGHEST GUST SPEED    38   HIGHEST GUST DIRECTION     N (360)
  AVERAGE WIND SPEED    20.8


SKY COVER
  POSSIBLE SUNSHINE  MM
  AVERAGE SKY COVER 0.9


WEATHER CONDITIONS
 THE FOLLOWING WEATHER WAS RECORDED TODAY.
  HEAVY RAIN
  RAIN
  LIGHT RAIN
  FOG


RELATIVE HUMIDITY (PERCENT)
 HIGHEST   100           100 AM
 LOWEST     70           400 PM
 AVERAGE    85

..........................................................


THE ABILENE CLIMATE NORMALS FOR TOMORROW
                         NORMAL    RECORD    YEAR
 MAXIMUM TEMPERATURE (F)   77        94      1917
 MINIMUM TEMPERATURE (F)   54        34      2001
                                             1977


SUNRISE AND SUNSET
OCTOBER 15 2018.......SUNRISE   743 AM CDT   SUNSET   706 PM CDT
OCTOBER 16 2018.......SUNRISE   743 AM CDT   SUNSET   705 PM CDT


-  INDICATES NEGATIVE NUMBERS.
R  INDICATES RECORD WAS SET OR TIED.
MM INDICATES DATA IS MISSING.
T  INDICATES TRACE AMOUNT.




$$
