000
CDUS44 KSJT 180747
CLIABI


CLIMATE REPORT
NATIONAL WEATHER SERVICE SAN ANGELO TX
246 AM CDT WED JUL 18 2018


...................................

...THE ABILENE CLIMATE SUMMARY FOR JULY 17 2018...

CLIMATE NORMAL PERIOD 1981 TO 2010
CLIMATE RECORD PERIOD 1886 TO 2018


WEATHER ITEM   OBSERVED TIME   RECORD YEAR NORMAL DEPARTURE LAST
                VALUE   (LST)  VALUE       VALUE  FROM      YEAR
                                                  NORMAL
..................................................................
TEMPERATURE (F)
 YESTERDAY
  MAXIMUM        101    447 PM 110    1978  94      7       95
  MINIMUM         76    620 AM  65    1900  72      4       72
  AVERAGE         89                        83      6       84

PRECIPITATION (IN)
  YESTERDAY        0.00          2.85 1953   0.06  -0.06     0.00
  MONTH TO DATE    1.05                      1.07  -0.02     1.04
  SINCE JUN 1      4.02                      4.63  -0.61     2.71
  SINCE JAN 1     10.13                     13.57  -3.44    10.58

DEGREE DAYS
 HEATING
  YESTERDAY        0                         0      0        0
  MONTH TO DATE    0                         0      0        0
  SINCE JUN 1      0                         1     -1        0
  SINCE JUL 1      0                         0      0        0

 COOLING
  YESTERDAY       24                        18      6       19
  MONTH TO DATE  320                       299     21      289
  SINCE JUN 1    892                       734    158      735
  SINCE JAN 1   1423                      1131    292     1154
..................................................................


WIND (MPH)
  HIGHEST WIND SPEED    18   HIGHEST WIND DIRECTION    SW (220)
  HIGHEST GUST SPEED    23   HIGHEST GUST DIRECTION    SW (210)
  AVERAGE WIND SPEED     8.5


SKY COVER
  POSSIBLE SUNSHINE  MM
  AVERAGE SKY COVER 0.0


WEATHER CONDITIONS
 THE FOLLOWING WEATHER WAS RECORDED YESTERDAY.
  NO SIGNIFICANT WEATHER WAS OBSERVED.


RELATIVE HUMIDITY (PERCENT)
 HIGHEST    60           600 AM
 LOWEST     17           500 PM
 AVERAGE    39

..........................................................


THE ABILENE CLIMATE NORMALS FOR TODAY
                         NORMAL    RECORD    YEAR
 MAXIMUM TEMPERATURE (F)   95       110      1886
 MINIMUM TEMPERATURE (F)   72        66      2014
                                             1960
                                             1917


SUNRISE AND SUNSET
JULY 18 2018..........SUNRISE   644 AM CDT   SUNSET   845 PM CDT
JULY 19 2018..........SUNRISE   645 AM CDT   SUNSET   845 PM CDT


-  INDICATES NEGATIVE NUMBERS.
R  INDICATES RECORD WAS SET OR TIED.
MM INDICATES DATA IS MISSING.
T  INDICATES TRACE AMOUNT.




$$
