000
CDUS44 KSJT 170758
CLIABI


CLIMATE REPORT
NATIONAL WEATHER SERVICE SAN ANGELO TX
158 AM CST SUN DEC 17 2017


...................................

...THE ABILENE CLIMATE SUMMARY FOR DECEMBER 16 2017...

CLIMATE NORMAL PERIOD 1981 TO 2010
CLIMATE RECORD PERIOD 1886 TO 2017


WEATHER ITEM   OBSERVED TIME   RECORD YEAR NORMAL DEPARTURE LAST
                VALUE   (LST)  VALUE       VALUE  FROM      YEAR
                                                  NORMAL
..................................................................
TEMPERATURE (F)
 YESTERDAY
  MAXIMUM         55   1122 AM  83    1908  56     -1       74
  MINIMUM         33    214 AM   9    1989  33      0       50
  AVERAGE         44                        45     -1       62

PRECIPITATION (IN)
  YESTERDAY        T             0.98 2001   0.04  -0.04      T
  MONTH TO DATE    T                         0.64  -0.64     1.39
  SINCE DEC 1      T                         0.64  -0.64     1.39
  SINCE JAN 1     19.89                     24.23  -4.34    37.00

SNOWFALL (IN)
  YESTERDAY        0.0           3.0  1983   0.0    0.0      0.0
  MONTH TO DATE    0.0                       0.4   -0.4       T
  SINCE NOV 1      0.0                       1.1   -1.1       T
  SINCE JUL 1      T                         1.1   -1.1       T

DEGREE DAYS
 HEATING
  YESTERDAY       21                        20      1        3
  MONTH TO DATE  258                       299    -41      315
  SINCE DEC 1    258                       299    -41      315
  SINCE JUL 1    653                       732    -79      506

 COOLING
  YESTERDAY        0                         0      0        0
  MONTH TO DATE    1                         0      1        0
  SINCE DEC 1      1                         0      1        0
  SINCE JAN 1   2425                      2408     17     2601
..................................................................


WIND (MPH)
  HIGHEST WIND SPEED    25   HIGHEST WIND DIRECTION     S (200)
  HIGHEST GUST SPEED    32   HIGHEST GUST DIRECTION     S (180)
  AVERAGE WIND SPEED    12.4


SKY COVER
  POSSIBLE SUNSHINE  MM
  AVERAGE SKY COVER 0.5


WEATHER CONDITIONS
 THE FOLLOWING WEATHER WAS RECORDED YESTERDAY.
  LIGHT RAIN


RELATIVE HUMIDITY (PERCENT)
 HIGHEST    96           900 PM
 LOWEST     38           100 PM
 AVERAGE    67

..........................................................


THE ABILENE CLIMATE NORMALS FOR TODAY
                         NORMAL    RECORD    YEAR
 MAXIMUM TEMPERATURE (F)   56        78      1962
 MINIMUM TEMPERATURE (F)   33        16      2016
                                             1887


SUNRISE AND SUNSET
DECEMBER 17 2017......SUNRISE   734 AM CST   SUNSET   536 PM CST
DECEMBER 18 2017......SUNRISE   735 AM CST   SUNSET   536 PM CST


-  INDICATES NEGATIVE NUMBERS.
R  INDICATES RECORD WAS SET OR TIED.
MM INDICATES DATA IS MISSING.
T  INDICATES TRACE AMOUNT.




$$
