000
CDUS45 KABQ 220016
CLIABQ


CLIMATE REPORT
NATIONAL WEATHER SERVICE ALBUQUERQUE NM
616 PM MDT SUN OCT 21 2018


...................................

...THE ALBUQUERQUE  NM CLIMATE SUMMARY FOR OCTOBER 21 2018...
VALID TODAY AS OF 0500 PM LOCAL TIME.

CLIMATE NORMAL PERIOD 1981 TO 2010
CLIMATE RECORD PERIOD 1891 TO 2018


WEATHER ITEM   OBSERVED TIME   RECORD YEAR NORMAL DEPARTURE LAST
                VALUE   (LST)  VALUE       VALUE  FROM      YEAR
                                                  NORMAL
..................................................................
TEMPERATURE (F)
 TODAY
  MAXIMUM         67    412 PM  81    2003  67      0       66
                                      1954
                                      1915
  MINIMUM         47    649 AM  20    1910  44      3       50
  AVERAGE         57                        56      1       58

PRECIPITATION (IN)
  TODAY            0.00          0.60 1978   0.03  -0.03
  MONTH TO DATE    0.28                      0.77  -0.49
  SINCE SEP 1      1.12                      1.85  -0.73
  SINCE JAN 1      6.52                      8.13  -1.61

SNOWFALL (IN)
  TODAY            0.0
  MONTH TO DATE    T
  SINCE SEP 1      T
  SINCE JUL 1      T
  SNOW DEPTH       0

DEGREE DAYS
 HEATING
  TODAY            8                         9     -1        7
  MONTH TO DATE  171                       125     46       82
  SINCE SEP 1    173                       151     22      103
  SINCE JUL 1    173                       151     22      103

 COOLING
  TODAY            0                         0      0        0
  MONTH TO DATE   23                         7     16       27
  SINCE SEP 1    246                       162     84      247
  SINCE JAN 1   1732                      1319    413     1557
..................................................................


WIND (MPH)
  HIGHEST WIND SPEED    15   HIGHEST WIND DIRECTION    SW (220)
  HIGHEST GUST SPEED    20   HIGHEST GUST DIRECTION    SW (210)
  AVERAGE WIND SPEED     7.8


SKY COVER
  POSSIBLE SUNSHINE  MM
  AVERAGE SKY COVER 0.4



RELATIVE HUMIDITY (PERCENT)
 HIGHEST    56           400 AM
 LOWEST     39          1000 AM
 AVERAGE    48

..........................................................


THE ALBUQUERQUE  NM CLIMATE NORMALS FOR TOMORROW
                         NORMAL    RECORD    YEAR
 MAXIMUM TEMPERATURE (F)   67        82      1915
 MINIMUM TEMPERATURE (F)   44        21      1911


SUNRISE AND SUNSET
OCTOBER 21 2018.......SUNRISE   718 AM MDT   SUNSET   624 PM MDT
OCTOBER 22 2018.......SUNRISE   719 AM MDT   SUNSET   623 PM MDT


-  INDICATES NEGATIVE NUMBERS.
R  INDICATES RECORD WAS SET OR TIED.
MM INDICATES DATA IS MISSING.
T  INDICATES TRACE AMOUNT.




$$
