000
CDUS43 KABR 152232
CLIABR


CLIMATE REPORT
NATIONAL WEATHER SERVICE ABERDEEN SD
531 PM CDT SUN JUL 15 2018


...................................

...THE ABERDEEN SD CLIMATE SUMMARY FOR JULY 15 2018...
VALID TODAY AS OF 0500 PM LOCAL TIME.

CLIMATE NORMAL PERIOD 1981 TO 2010
CLIMATE RECORD PERIOD 1893 TO 2018


WEATHER ITEM   OBSERVED TIME   RECORD YEAR NORMAL DEPARTURE LAST
                VALUE   (LST)  VALUE       VALUE  FROM      YEAR
                                                  NORMAL
..................................................................
TEMPERATURE (F)
 TODAY
  MAXIMUM         79    359 PM 114    1931  84     -5       87
  MINIMUM         63    758 AM  41    1912  59      4       63
  AVERAGE         71                        72     -1       75

PRECIPITATION (IN)
  TODAY            0.58          1.26 1983   0.10   0.48     0.00
  MONTH TO DATE    2.62                      1.59   1.03     0.11
  SINCE JUN 1      5.34                      5.29   0.05     4.05
  SINCE JAN 1      9.30                     12.43  -3.13     7.43

DEGREE DAYS
 COOLING
  TODAY            6                         7     -1       10
  MONTH TO DATE  171                        96     75      134
  SINCE JUN 1    396                       188    208      267
  SINCE JAN 1    519                       211    308      279
..................................................................


WIND (MPH)
  HIGHEST WIND SPEED    22   HIGHEST WIND DIRECTION     N (10)
  HIGHEST GUST SPEED    33   HIGHEST GUST DIRECTION    NE (30)
  AVERAGE WIND SPEED    10.0


SKY COVER
  POSSIBLE SUNSHINE  MM
  AVERAGE SKY COVER 0.2


WEATHER CONDITIONS
 THE FOLLOWING WEATHER WAS RECORDED TODAY.
  THUNDERSTORM
  HEAVY RAIN
  RAIN
  LIGHT RAIN
  FOG


RELATIVE HUMIDITY (PERCENT)
 HIGHEST    84           100 AM
 LOWEST     39           400 PM
 AVERAGE    62

..........................................................


THE ABERDEEN SD CLIMATE NORMALS FOR TOMORROW
                         NORMAL    RECORD    YEAR
 MAXIMUM TEMPERATURE (F)   84       112      1936
 MINIMUM TEMPERATURE (F)   59        42      1976


SUNRISE AND SUNSET
JULY 15 2018..........SUNRISE   600 AM CDT   SUNSET   919 PM CDT
JULY 16 2018..........SUNRISE   601 AM CDT   SUNSET   918 PM CDT


-  INDICATES NEGATIVE NUMBERS.
R  INDICATES RECORD WAS SET OR TIED.
MM INDICATES DATA IS MISSING.
T  INDICATES TRACE AMOUNT.

$$

PEAK WIND WAS 33 MPH OUT OF THE NORTHEAST AT 636 AM CDT

$$
