000
CDUS43 KABR 160724
CLIABR


CLIMATE REPORT
NATIONAL WEATHER SERVICE ABERDEEN SD
223 AM CDT TUE OCT 16 2018


...................................

...THE ABERDEEN SD CLIMATE SUMMARY FOR OCTOBER 15 2018...

CLIMATE NORMAL PERIOD 1981 TO 2010
CLIMATE RECORD PERIOD 1893 TO 2018


WEATHER ITEM   OBSERVED TIME   RECORD YEAR NORMAL DEPARTURE LAST
                VALUE   (LST)  VALUE       VALUE  FROM      YEAR
                                                  NORMAL
..................................................................
TEMPERATURE (F)
 YESTERDAY
  MAXIMUM         55    357 PM  88    1958  58     -3       60
  MINIMUM         15R   643 AM  18    1992  33    -18       26
  AVERAGE         35                        46    -11       43

PRECIPITATION (IN)
  YESTERDAY        0.00          1.61 1957   0.08  -0.08     0.00
  MONTH TO DATE    2.39                      1.09   1.30     0.68
  SINCE SEP 1      4.77                      3.28   1.49     2.57
  SINCE JAN 1     15.93                     19.57  -3.64    14.63

SNOWFALL (IN)
  YESTERDAY        0.0           1.2  1992
  MONTH TO DATE    2.2
  SINCE OCT 1      2.2
  SINCE JUL 1      2.2
  SNOW DEPTH       0

DEGREE DAYS
 HEATING
  YESTERDAY       30                        19     11       22
  MONTH TO DATE  404                       244    160      232
  SINCE SEP 1    600                       467    133      386
  SINCE JUL 1    631                       518    113      405

 COOLING
  YESTERDAY        0                         0      0        0
  MONTH TO DATE    0                         0      0        2
  SINCE SEP 1     75                        40     35       65
  SINCE JAN 1    849                       523    326      550
..................................................................


WIND (MPH)
  HIGHEST WIND SPEED    22   HIGHEST WIND DIRECTION    SW (220)
  HIGHEST GUST SPEED    32   HIGHEST GUST DIRECTION    SW (210)
  AVERAGE WIND SPEED    11.0


SKY COVER
  POSSIBLE SUNSHINE  MM
  AVERAGE SKY COVER 0.1


WEATHER CONDITIONS
 THE FOLLOWING WEATHER WAS RECORDED YESTERDAY.
  NO SIGNIFICANT WEATHER WAS OBSERVED.


RELATIVE HUMIDITY (PERCENT)
 HIGHEST    88           500 AM
 LOWEST     30           400 PM
 AVERAGE    59

..........................................................


THE ABERDEEN SD CLIMATE NORMALS FOR TODAY
                         NORMAL    RECORD    YEAR
 MAXIMUM TEMPERATURE (F)   58        90      1991
 MINIMUM TEMPERATURE (F)   33        19      1976


SUNRISE AND SUNSET
OCTOBER 16 2018.......SUNRISE   751 AM CDT   SUNSET   646 PM CDT
OCTOBER 17 2018.......SUNRISE   753 AM CDT   SUNSET   645 PM CDT


-  INDICATES NEGATIVE NUMBERS.
R  INDICATES RECORD WAS SET OR TIED.
MM INDICATES DATA IS MISSING.
T  INDICATES TRACE AMOUNT.




$$
